{"id":27093,"date":"2016-08-06T20:00:39","date_gmt":"2016-08-06T18:00:39","guid":{"rendered":"https:\/\/www.temporada-alta.com\/event\/psicosi-de-les-448\/"},"modified":"2019-03-26T12:45:56","modified_gmt":"2019-03-26T11:45:56","slug":"psicosi-de-les-448","status":"publish","type":"tribe_events","link":"https:\/\/temporada-alta.com\/es\/espectaculo\/psicosi-de-les-448\/","title":{"rendered":"Psicosi de les 4:48"},"content":{"rendered":"<div id=\"modal-ready\"><h2>Anna Alarc\u00f3n protagoniza esta pieza clave de la obra de Sarah Kane<\/h2>\n<p>La autora de culto Sarah Kane retrata en este sobrecogedor texto, que ser\u00eda el \u00faltimo de su breve vida, un momento de lucidez en su angustiosa lucha por convivir con una depresi\u00f3n que se convirti\u00f3 en el centro de su obra dram\u00e1tica.<\/p>\n<\/div>","protected":false},"excerpt":{"rendered":"<p>Anna Alarc\u00f3n protagoniza esta pieza clave de la obra de Sarah Kane La autora de culto Sarah Kane&#8230;<\/p>\n","protected":false},"author":4,"featured_media":27056,"template":"","meta":{"_acf_changed":false,"_tribe_events_status":"","_tribe_events_status_reason":"","footnotes":""},"tags":[],"tribe_events_cat":[153],"class_list":["post-27093","tribe_events","type-tribe_events","status-publish","has-post-thumbnail","hentry","tribe_events_cat-153","cat_2016"],"acf":{"photo_gallery":{"gallery":[[]]}},"yoast_head":"<!-- This site is optimized with the Yoast SEO plugin v27.0 - https:\/\/yoast.com\/product\/yoast-seo-wordpress\/ -->\n<title>Psicosi de les 4:48 - Temporada Alta<\/title>\n<meta name=\"robots\" content=\"index, follow, max-snippet:-1, max-image-preview:large, max-video-preview:-1\" \/>\n<link rel=\"canonical\" href=\"https:\/\/temporada-alta.com\/es\/espectaculo\/psicosi-de-les-448\/\" \/>\n<meta property=\"og:locale\" content=\"es_ES\" \/>\n<meta property=\"og:type\" content=\"article\" \/>\n<meta property=\"og:title\" content=\"Psicosi de les 4:48 - Temporada Alta\" \/>\n<meta property=\"og:description\" content=\"Anna Alarc\u00f3n protagoniza esta pieza clave de la obra de Sarah Kane La autora de culto Sarah Kane...\" \/>\n<meta property=\"og:url\" content=\"https:\/\/temporada-alta.com\/es\/espectaculo\/psicosi-de-les-448\/\" \/>\n<meta property=\"og:site_name\" content=\"Temporada Alta\" \/>\n<meta property=\"article:modified_time\" content=\"2019-03-26T11:45:56+00:00\" \/>\n<meta property=\"og:image\" content=\"https:\/\/temporada-alta.com\/wp-content\/uploads\/psicosi4.48_bn.jpg\" \/>\n\t<meta property=\"og:image:width\" content=\"2048\" \/>\n\t<meta property=\"og:image:height\" content=\"1361\" \/>\n\t<meta property=\"og:image:type\" content=\"image\/jpeg\" \/>\n<meta name=\"twitter:card\" content=\"summary_large_image\" \/>\n<script type=\"application\/ld+json\" class=\"yoast-schema-graph\">{\"@context\":\"https:\/\/schema.org\",\"@graph\":[{\"@type\":\"WebPage\",\"@id\":\"https:\/\/temporada-alta.com\/es\/espectaculo\/psicosi-de-les-448\/\",\"url\":\"https:\/\/temporada-alta.com\/es\/espectaculo\/psicosi-de-les-448\/\",\"name\":\"Psicosi de les 4:48 - Temporada Alta\",\"isPartOf\":{\"@id\":\"https:\/\/temporada-alta.com\/es\/#website\"},\"primaryImageOfPage\":{\"@id\":\"https:\/\/temporada-alta.com\/es\/espectaculo\/psicosi-de-les-448\/#primaryimage\"},\"image\":{\"@id\":\"https:\/\/temporada-alta.com\/es\/espectaculo\/psicosi-de-les-448\/#primaryimage\"},\"thumbnailUrl\":\"https:\/\/temporada-alta.com\/wp-content\/uploads\/psicosi4.48_bn.jpg\",\"datePublished\":\"2016-08-06T18:00:39+00:00\",\"dateModified\":\"2019-03-26T11:45:56+00:00\",\"breadcrumb\":{\"@id\":\"https:\/\/temporada-alta.com\/es\/espectaculo\/psicosi-de-les-448\/#breadcrumb\"},\"inLanguage\":\"es\",\"potentialAction\":[{\"@type\":\"ReadAction\",\"target\":[\"https:\/\/temporada-alta.com\/es\/espectaculo\/psicosi-de-les-448\/\"]}]},{\"@type\":\"ImageObject\",\"inLanguage\":\"es\",\"@id\":\"https:\/\/temporada-alta.com\/es\/espectaculo\/psicosi-de-les-448\/#primaryimage\",\"url\":\"https:\/\/temporada-alta.com\/wp-content\/uploads\/psicosi4.48_bn.jpg\",\"contentUrl\":\"https:\/\/temporada-alta.com\/wp-content\/uploads\/psicosi4.48_bn.jpg\",\"width\":2048,\"height\":1361},{\"@type\":\"BreadcrumbList\",\"@id\":\"https:\/\/temporada-alta.com\/es\/espectaculo\/psicosi-de-les-448\/#breadcrumb\",\"itemListElement\":[{\"@type\":\"ListItem\",\"position\":1,\"name\":\"Inici\",\"item\":\"https:\/\/temporada-alta.com\/es\/\"},{\"@type\":\"ListItem\",\"position\":2,\"name\":\"Eventos\",\"item\":\"https:\/\/temporada-alta.com\/es\/events\/\"},{\"@type\":\"ListItem\",\"position\":3,\"name\":\"Psicosi de les 4:48\"}]},{\"@type\":\"WebSite\",\"@id\":\"https:\/\/temporada-alta.com\/es\/#website\",\"url\":\"https:\/\/temporada-alta.com\/es\/\",\"name\":\"Temporada Alta\",\"description\":\"Festival d&#039;Arts Esc\u00e8niques\",\"publisher\":{\"@id\":\"https:\/\/temporada-alta.com\/es\/#organization\"},\"potentialAction\":[{\"@type\":\"SearchAction\",\"target\":{\"@type\":\"EntryPoint\",\"urlTemplate\":\"https:\/\/temporada-alta.com\/es\/?s={search_term_string}\"},\"query-input\":{\"@type\":\"PropertyValueSpecification\",\"valueRequired\":true,\"valueName\":\"search_term_string\"}}],\"inLanguage\":\"es\"},{\"@type\":\"Organization\",\"@id\":\"https:\/\/temporada-alta.com\/es\/#organization\",\"name\":\"Temporada Alta\",\"url\":\"https:\/\/temporada-alta.com\/es\/\",\"logo\":{\"@type\":\"ImageObject\",\"inLanguage\":\"es\",\"@id\":\"https:\/\/temporada-alta.com\/es\/#\/schema\/logo\/image\/\",\"url\":\"https:\/\/temporada-alta.com\/wp-content\/uploads\/TA21-Logotip-pos.png\",\"contentUrl\":\"https:\/\/temporada-alta.com\/wp-content\/uploads\/TA21-Logotip-pos.png\",\"width\":800,\"height\":267,\"caption\":\"Temporada Alta\"},\"image\":{\"@id\":\"https:\/\/temporada-alta.com\/es\/#\/schema\/logo\/image\/\"}}]}<\/script>\n<!-- \/ Yoast SEO plugin. -->","yoast_head_json":{"title":"Psicosi de les 4:48 - Temporada Alta","robots":{"index":"index","follow":"follow","max-snippet":"max-snippet:-1","max-image-preview":"max-image-preview:large","max-video-preview":"max-video-preview:-1"},"canonical":"https:\/\/temporada-alta.com\/es\/espectaculo\/psicosi-de-les-448\/","og_locale":"es_ES","og_type":"article","og_title":"Psicosi de les 4:48 - Temporada Alta","og_description":"Anna Alarc\u00f3n protagoniza esta pieza clave de la obra de Sarah Kane La autora de culto Sarah Kane...","og_url":"https:\/\/temporada-alta.com\/es\/espectaculo\/psicosi-de-les-448\/","og_site_name":"Temporada Alta","article_modified_time":"2019-03-26T11:45:56+00:00","og_image":[{"width":2048,"height":1361,"url":"https:\/\/temporada-alta.com\/wp-content\/uploads\/psicosi4.48_bn.jpg","type":"image\/jpeg"}],"twitter_card":"summary_large_image","schema":{"@context":"https:\/\/schema.org","@graph":[{"@type":"WebPage","@id":"https:\/\/temporada-alta.com\/es\/espectaculo\/psicosi-de-les-448\/","url":"https:\/\/temporada-alta.com\/es\/espectaculo\/psicosi-de-les-448\/","name":"Psicosi de les 4:48 - Temporada Alta","isPartOf":{"@id":"https:\/\/temporada-alta.com\/es\/#website"},"primaryImageOfPage":{"@id":"https:\/\/temporada-alta.com\/es\/espectaculo\/psicosi-de-les-448\/#primaryimage"},"image":{"@id":"https:\/\/temporada-alta.com\/es\/espectaculo\/psicosi-de-les-448\/#primaryimage"},"thumbnailUrl":"https:\/\/temporada-alta.com\/wp-content\/uploads\/psicosi4.48_bn.jpg","datePublished":"2016-08-06T18:00:39+00:00","dateModified":"2019-03-26T11:45:56+00:00","breadcrumb":{"@id":"https:\/\/temporada-alta.com\/es\/espectaculo\/psicosi-de-les-448\/#breadcrumb"},"inLanguage":"es","potentialAction":[{"@type":"ReadAction","target":["https:\/\/temporada-alta.com\/es\/espectaculo\/psicosi-de-les-448\/"]}]},{"@type":"ImageObject","inLanguage":"es","@id":"https:\/\/temporada-alta.com\/es\/espectaculo\/psicosi-de-les-448\/#primaryimage","url":"https:\/\/temporada-alta.com\/wp-content\/uploads\/psicosi4.48_bn.jpg","contentUrl":"https:\/\/temporada-alta.com\/wp-content\/uploads\/psicosi4.48_bn.jpg","width":2048,"height":1361},{"@type":"BreadcrumbList","@id":"https:\/\/temporada-alta.com\/es\/espectaculo\/psicosi-de-les-448\/#breadcrumb","itemListElement":[{"@type":"ListItem","position":1,"name":"Inici","item":"https:\/\/temporada-alta.com\/es\/"},{"@type":"ListItem","position":2,"name":"Eventos","item":"https:\/\/temporada-alta.com\/es\/events\/"},{"@type":"ListItem","position":3,"name":"Psicosi de les 4:48"}]},{"@type":"WebSite","@id":"https:\/\/temporada-alta.com\/es\/#website","url":"https:\/\/temporada-alta.com\/es\/","name":"Temporada Alta","description":"Festival d&#039;Arts Esc\u00e8niques","publisher":{"@id":"https:\/\/temporada-alta.com\/es\/#organization"},"potentialAction":[{"@type":"SearchAction","target":{"@type":"EntryPoint","urlTemplate":"https:\/\/temporada-alta.com\/es\/?s={search_term_string}"},"query-input":{"@type":"PropertyValueSpecification","valueRequired":true,"valueName":"search_term_string"}}],"inLanguage":"es"},{"@type":"Organization","@id":"https:\/\/temporada-alta.com\/es\/#organization","name":"Temporada Alta","url":"https:\/\/temporada-alta.com\/es\/","logo":{"@type":"ImageObject","inLanguage":"es","@id":"https:\/\/temporada-alta.com\/es\/#\/schema\/logo\/image\/","url":"https:\/\/temporada-alta.com\/wp-content\/uploads\/TA21-Logotip-pos.png","contentUrl":"https:\/\/temporada-alta.com\/wp-content\/uploads\/TA21-Logotip-pos.png","width":800,"height":267,"caption":"Temporada Alta"},"image":{"@id":"https:\/\/temporada-alta.com\/es\/#\/schema\/logo\/image\/"}}]}},"_links":{"self":[{"href":"https:\/\/temporada-alta.com\/es\/wp-json\/wp\/v2\/tribe_events\/27093","targetHints":{"allow":["GET"]}}],"collection":[{"href":"https:\/\/temporada-alta.com\/es\/wp-json\/wp\/v2\/tribe_events"}],"about":[{"href":"https:\/\/temporada-alta.com\/es\/wp-json\/wp\/v2\/types\/tribe_events"}],"author":[{"embeddable":true,"href":"https:\/\/temporada-alta.com\/es\/wp-json\/wp\/v2\/users\/4"}],"version-history":[{"count":0,"href":"https:\/\/temporada-alta.com\/es\/wp-json\/wp\/v2\/tribe_events\/27093\/revisions"}],"wp:featuredmedia":[{"embeddable":true,"href":"https:\/\/temporada-alta.com\/es\/wp-json\/wp\/v2\/media\/27056"}],"wp:attachment":[{"href":"https:\/\/temporada-alta.com\/es\/wp-json\/wp\/v2\/media?parent=27093"}],"wp:term":[{"taxonomy":"post_tag","embeddable":true,"href":"https:\/\/temporada-alta.com\/es\/wp-json\/wp\/v2\/tags?post=27093"},{"taxonomy":"tribe_events_cat","embeddable":true,"href":"https:\/\/temporada-alta.com\/es\/wp-json\/wp\/v2\/tribe_events_cat?post=27093"}],"curies":[{"name":"wp","href":"https:\/\/api.w.org\/{rel}","templated":true}]}}

<div id="modal-ready"><h2>Anna Alarcón protagoniza esta pieza clave de la obra de Sarah Kane</h2>
<p>La autora de culto Sarah Kane retrata en este sobrecogedor texto, que sería el último de su breve vida, un momento de lucidez en su angustiosa lucha por convivir con una depresión que se convirtió en el centro de su obra dramática.</p>
</div>

<p>Anna Alarcón protagoniza esta pieza clave de la obra de Sarah Kane La autora de culto Sarah Kane&#8230;</p>

<!-- This site is optimized with the Yoast SEO plugin v27.0 - https://yoast.com/product/yoast-seo-wordpress/ -->
<title>Psicosi de les 4:48 - Temporada Alta</title>
<meta name="robots" content="index, follow, max-snippet:-1, max-image-preview:large, max-video-preview:-1" />
<link rel="canonical" href="https://temporada-alta.com/es/espectaculo/psicosi-de-les-448/" />
<meta property="og:locale" content="es_ES" />
<meta property="og:type" content="article" />
<meta property="og:title" content="Psicosi de les 4:48 - Temporada Alta" />
<meta property="og:description" content="Anna Alarcón protagoniza esta pieza clave de la obra de Sarah Kane La autora de culto Sarah Kane..." />
<meta property="og:url" content="https://temporada-alta.com/es/espectaculo/psicosi-de-les-448/" />
<meta property="og:site_name" content="Temporada Alta" />
<meta property="article:modified_time" content="2019-03-26T11:45:56+00:00" />
<meta property="og:image" content="https://temporada-alta.com/wp-content/uploads/psicosi4.48_bn.jpg" />
	<meta property="og:image:width" content="2048" />
	<meta property="og:image:height" content="1361" />
	<meta property="og:image:type" content="image/jpeg" />
<meta name="twitter:card" content="summary_large_image" />
<script type="application/ld+json" class="yoast-schema-graph">{"@context":"https://schema.org","@graph":[{"@type":"WebPage","@id":"https://temporada-alta.com/es/espectaculo/psicosi-de-les-448/","url":"https://temporada-alta.com/es/espectaculo/psicosi-de-les-448/","name":"Psicosi de les 4:48 - Temporada Alta","isPartOf":{"@id":"https://temporada-alta.com/es/#website"},"primaryImageOfPage":{"@id":"https://temporada-alta.com/es/espectaculo/psicosi-de-les-448/#primaryimage"},"image":{"@id":"https://temporada-alta.com/es/espectaculo/psicosi-de-les-448/#primaryimage"},"thumbnailUrl":"https://temporada-alta.com/wp-content/uploads/psicosi4.48_bn.jpg","datePublished":"2016-08-06T18:00:39+00:00","dateModified":"2019-03-26T11:45:56+00:00","breadcrumb":{"@id":"https://temporada-alta.com/es/espectaculo/psicosi-de-les-448/#breadcrumb"},"inLanguage":"es","potentialAction":[{"@type":"ReadAction","target":["https://temporada-alta.com/es/espectaculo/psicosi-de-les-448/"]}]},{"@type":"ImageObject","inLanguage":"es","@id":"https://temporada-alta.com/es/espectaculo/psicosi-de-les-448/#primaryimage","url":"https://temporada-alta.com/wp-content/uploads/psicosi4.48_bn.jpg","contentUrl":"https://temporada-alta.com/wp-content/uploads/psicosi4.48_bn.jpg","width":2048,"height":1361},{"@type":"BreadcrumbList","@id":"https://temporada-alta.com/es/espectaculo/psicosi-de-les-448/#breadcrumb","itemListElement":[{"@type":"ListItem","position":1,"name":"Inici","item":"https://temporada-alta.com/es/"},{"@type":"ListItem","position":2,"name":"Eventos","item":"https://temporada-alta.com/es/events/"},{"@type":"ListItem","position":3,"name":"Psicosi de les 4:48"}]},{"@type":"WebSite","@id":"https://temporada-alta.com/es/#website","url":"https://temporada-alta.com/es/","name":"Temporada Alta","description":"Festival d&#039;Arts Escèniques","publisher":{"@id":"https://temporada-alta.com/es/#organization"},"potentialAction":[{"@type":"SearchAction","target":{"@type":"EntryPoint","urlTemplate":"https://temporada-alta.com/es/?s={search_term_string}"},"query-input":{"@type":"PropertyValueSpecification","valueRequired":true,"valueName":"search_term_string"}}],"inLanguage":"es"},{"@type":"Organization","@id":"https://temporada-alta.com/es/#organization","name":"Temporada Alta","url":"https://temporada-alta.com/es/","logo":{"@type":"ImageObject","inLanguage":"es","@id":"https://temporada-alta.com/es/#/schema/logo/image/","url":"https://temporada-alta.com/wp-content/uploads/TA21-Logotip-pos.png","contentUrl":"https://temporada-alta.com/wp-content/uploads/TA21-Logotip-pos.png","width":800,"height":267,"caption":"Temporada Alta"},"image":{"@id":"https://temporada-alta.com/es/#/schema/logo/image/"}}]}</script>
<!-- / Yoast SEO plugin. -->

Anna Alarcón protagoniza esta pieza clave de la obra de Sarah Kane La autora de culto Sarah Kane...

Festival d&#039;Arts Escèniques
