{"id":26796,"date":"2016-01-11T11:15:35","date_gmt":"2016-01-11T10:15:35","guid":{"rendered":"https:\/\/www.temporada-alta.com\/event\/mi-gran-obra-un-proyecto-ambicioso\/"},"modified":"2019-03-27T09:27:48","modified_gmt":"2019-03-27T08:27:48","slug":"mi-gran-obra-un-proyecto-ambicioso","status":"publish","type":"tribe_events","link":"https:\/\/temporada-alta.com\/es\/espectaculo\/mi-gran-obra-un-proyecto-ambicioso\/","title":{"rendered":"Mi gran obra (un proyecto ambicioso)"},"content":{"rendered":"<div id=\"modal-ready\"><h2>Un delicado espect\u00e1culo a escala peque\u00f1a con ganas de ser una gran superproducci\u00f3n nos acerca al particular universo de David Espinosa<\/h2>\n<p style=\"font-family: Boomer;\">\n<strong><em>\u201c<\/em><\/strong><strong><em>Mi gran obra<\/em><\/strong>\u00a0es lo que har\u00eda yo si tuviera un presupuesto ilimitado: el teatro m\u00e1s grande del planeta, trescientos actores en escena, una orquestra militar, una banda de rock, animales, coches y un helic\u00f3ptero.\u00a0<em>Mi gran obra<\/em>\u00a0es una utop\u00eda\u201d.<\/p>\n<p>&nbsp;<\/p>\n<p style=\"font-family: Boomer;\">\n<strong>David Espinosa<\/strong>\u00a0nos presenta un espect\u00e1culo de gran formato a escala peque\u00f1a. Utiliza figuras en miniatura para cuestionarse el sentido de los grandes proyectos de creaciones art\u00edsticas. El resultado es un juego de donde surgen diferentes narrativas no lineales que son un retrato de la sociedad en la que vivimos, y que esconden met\u00e1foras que cada espectador interpreta a su manera. Una tragicomeida visual que habla de la vida y de la muerte, del amor y del sexo, de aquello transcendental y de lo absurdo.<\/p>\n<\/div>","protected":false},"excerpt":{"rendered":"<p>Un delicado espect\u00e1culo a escala peque\u00f1a con ganas de ser una gran superproducci\u00f3n nos acerca al particular universo&#8230;<\/p>\n","protected":false},"author":4,"featured_media":26738,"template":"","meta":{"_acf_changed":false,"_tribe_events_status":"","_tribe_events_status_reason":"","footnotes":""},"tags":[],"tribe_events_cat":[153],"class_list":["post-26796","tribe_events","type-tribe_events","status-publish","has-post-thumbnail","hentry","tribe_events_cat-153","cat_2016"],"acf":{"photo_gallery":{"gallery":[[]]}},"yoast_head":"<!-- This site is optimized with the Yoast SEO plugin v27.0 - https:\/\/yoast.com\/product\/yoast-seo-wordpress\/ -->\n<title>Mi gran obra (un proyecto ambicioso) - Temporada Alta<\/title>\n<meta name=\"robots\" content=\"index, follow, max-snippet:-1, max-image-preview:large, max-video-preview:-1\" \/>\n<link rel=\"canonical\" href=\"https:\/\/temporada-alta.com\/es\/espectaculo\/mi-gran-obra-un-proyecto-ambicioso\/\" \/>\n<meta property=\"og:locale\" content=\"es_ES\" \/>\n<meta property=\"og:type\" content=\"article\" \/>\n<meta property=\"og:title\" content=\"Mi gran obra (un proyecto ambicioso) - Temporada Alta\" \/>\n<meta property=\"og:description\" content=\"Un delicado espect\u00e1culo a escala peque\u00f1a con ganas de ser una gran superproducci\u00f3n nos acerca al particular universo...\" \/>\n<meta property=\"og:url\" content=\"https:\/\/temporada-alta.com\/es\/espectaculo\/mi-gran-obra-un-proyecto-ambicioso\/\" \/>\n<meta property=\"og:site_name\" content=\"Temporada Alta\" \/>\n<meta property=\"article:modified_time\" content=\"2019-03-27T08:27:48+00:00\" \/>\n<meta property=\"og:image\" content=\"https:\/\/temporada-alta.com\/wp-content\/uploads\/foto-prensa-mi-gran-obra-cataluYAa-ph-david-espinosa.jpg\" \/>\n\t<meta property=\"og:image:width\" content=\"1280\" \/>\n\t<meta property=\"og:image:height\" content=\"923\" \/>\n\t<meta property=\"og:image:type\" content=\"image\/jpeg\" \/>\n<meta name=\"twitter:card\" content=\"summary_large_image\" \/>\n<script type=\"application\/ld+json\" class=\"yoast-schema-graph\">{\"@context\":\"https:\/\/schema.org\",\"@graph\":[{\"@type\":\"WebPage\",\"@id\":\"https:\/\/temporada-alta.com\/es\/espectaculo\/mi-gran-obra-un-proyecto-ambicioso\/\",\"url\":\"https:\/\/temporada-alta.com\/es\/espectaculo\/mi-gran-obra-un-proyecto-ambicioso\/\",\"name\":\"Mi gran obra (un proyecto ambicioso) - Temporada Alta\",\"isPartOf\":{\"@id\":\"https:\/\/temporada-alta.com\/es\/#website\"},\"primaryImageOfPage\":{\"@id\":\"https:\/\/temporada-alta.com\/es\/espectaculo\/mi-gran-obra-un-proyecto-ambicioso\/#primaryimage\"},\"image\":{\"@id\":\"https:\/\/temporada-alta.com\/es\/espectaculo\/mi-gran-obra-un-proyecto-ambicioso\/#primaryimage\"},\"thumbnailUrl\":\"https:\/\/temporada-alta.com\/wp-content\/uploads\/foto-prensa-mi-gran-obra-cataluYAa-ph-david-espinosa.jpg\",\"datePublished\":\"2016-01-11T10:15:35+00:00\",\"dateModified\":\"2019-03-27T08:27:48+00:00\",\"breadcrumb\":{\"@id\":\"https:\/\/temporada-alta.com\/es\/espectaculo\/mi-gran-obra-un-proyecto-ambicioso\/#breadcrumb\"},\"inLanguage\":\"es\",\"potentialAction\":[{\"@type\":\"ReadAction\",\"target\":[\"https:\/\/temporada-alta.com\/es\/espectaculo\/mi-gran-obra-un-proyecto-ambicioso\/\"]}]},{\"@type\":\"ImageObject\",\"inLanguage\":\"es\",\"@id\":\"https:\/\/temporada-alta.com\/es\/espectaculo\/mi-gran-obra-un-proyecto-ambicioso\/#primaryimage\",\"url\":\"https:\/\/temporada-alta.com\/wp-content\/uploads\/foto-prensa-mi-gran-obra-cataluYAa-ph-david-espinosa.jpg\",\"contentUrl\":\"https:\/\/temporada-alta.com\/wp-content\/uploads\/foto-prensa-mi-gran-obra-cataluYAa-ph-david-espinosa.jpg\",\"width\":1280,\"height\":923},{\"@type\":\"BreadcrumbList\",\"@id\":\"https:\/\/temporada-alta.com\/es\/espectaculo\/mi-gran-obra-un-proyecto-ambicioso\/#breadcrumb\",\"itemListElement\":[{\"@type\":\"ListItem\",\"position\":1,\"name\":\"Inici\",\"item\":\"https:\/\/temporada-alta.com\/es\/\"},{\"@type\":\"ListItem\",\"position\":2,\"name\":\"Eventos\",\"item\":\"https:\/\/temporada-alta.com\/es\/events\/\"},{\"@type\":\"ListItem\",\"position\":3,\"name\":\"Mi gran obra (un proyecto ambicioso)\"}]},{\"@type\":\"WebSite\",\"@id\":\"https:\/\/temporada-alta.com\/es\/#website\",\"url\":\"https:\/\/temporada-alta.com\/es\/\",\"name\":\"Temporada Alta\",\"description\":\"Festival d&#039;Arts Esc\u00e8niques\",\"publisher\":{\"@id\":\"https:\/\/temporada-alta.com\/es\/#organization\"},\"potentialAction\":[{\"@type\":\"SearchAction\",\"target\":{\"@type\":\"EntryPoint\",\"urlTemplate\":\"https:\/\/temporada-alta.com\/es\/?s={search_term_string}\"},\"query-input\":{\"@type\":\"PropertyValueSpecification\",\"valueRequired\":true,\"valueName\":\"search_term_string\"}}],\"inLanguage\":\"es\"},{\"@type\":\"Organization\",\"@id\":\"https:\/\/temporada-alta.com\/es\/#organization\",\"name\":\"Temporada Alta\",\"url\":\"https:\/\/temporada-alta.com\/es\/\",\"logo\":{\"@type\":\"ImageObject\",\"inLanguage\":\"es\",\"@id\":\"https:\/\/temporada-alta.com\/es\/#\/schema\/logo\/image\/\",\"url\":\"https:\/\/temporada-alta.com\/wp-content\/uploads\/TA21-Logotip-pos.png\",\"contentUrl\":\"https:\/\/temporada-alta.com\/wp-content\/uploads\/TA21-Logotip-pos.png\",\"width\":800,\"height\":267,\"caption\":\"Temporada Alta\"},\"image\":{\"@id\":\"https:\/\/temporada-alta.com\/es\/#\/schema\/logo\/image\/\"}}]}<\/script>\n<!-- \/ Yoast SEO plugin. -->","yoast_head_json":{"title":"Mi gran obra (un proyecto ambicioso) - Temporada Alta","robots":{"index":"index","follow":"follow","max-snippet":"max-snippet:-1","max-image-preview":"max-image-preview:large","max-video-preview":"max-video-preview:-1"},"canonical":"https:\/\/temporada-alta.com\/es\/espectaculo\/mi-gran-obra-un-proyecto-ambicioso\/","og_locale":"es_ES","og_type":"article","og_title":"Mi gran obra (un proyecto ambicioso) - Temporada Alta","og_description":"Un delicado espect\u00e1culo a escala peque\u00f1a con ganas de ser una gran superproducci\u00f3n nos acerca al particular universo...","og_url":"https:\/\/temporada-alta.com\/es\/espectaculo\/mi-gran-obra-un-proyecto-ambicioso\/","og_site_name":"Temporada Alta","article_modified_time":"2019-03-27T08:27:48+00:00","og_image":[{"width":1280,"height":923,"url":"https:\/\/temporada-alta.com\/wp-content\/uploads\/foto-prensa-mi-gran-obra-cataluYAa-ph-david-espinosa.jpg","type":"image\/jpeg"}],"twitter_card":"summary_large_image","schema":{"@context":"https:\/\/schema.org","@graph":[{"@type":"WebPage","@id":"https:\/\/temporada-alta.com\/es\/espectaculo\/mi-gran-obra-un-proyecto-ambicioso\/","url":"https:\/\/temporada-alta.com\/es\/espectaculo\/mi-gran-obra-un-proyecto-ambicioso\/","name":"Mi gran obra (un proyecto ambicioso) - Temporada Alta","isPartOf":{"@id":"https:\/\/temporada-alta.com\/es\/#website"},"primaryImageOfPage":{"@id":"https:\/\/temporada-alta.com\/es\/espectaculo\/mi-gran-obra-un-proyecto-ambicioso\/#primaryimage"},"image":{"@id":"https:\/\/temporada-alta.com\/es\/espectaculo\/mi-gran-obra-un-proyecto-ambicioso\/#primaryimage"},"thumbnailUrl":"https:\/\/temporada-alta.com\/wp-content\/uploads\/foto-prensa-mi-gran-obra-cataluYAa-ph-david-espinosa.jpg","datePublished":"2016-01-11T10:15:35+00:00","dateModified":"2019-03-27T08:27:48+00:00","breadcrumb":{"@id":"https:\/\/temporada-alta.com\/es\/espectaculo\/mi-gran-obra-un-proyecto-ambicioso\/#breadcrumb"},"inLanguage":"es","potentialAction":[{"@type":"ReadAction","target":["https:\/\/temporada-alta.com\/es\/espectaculo\/mi-gran-obra-un-proyecto-ambicioso\/"]}]},{"@type":"ImageObject","inLanguage":"es","@id":"https:\/\/temporada-alta.com\/es\/espectaculo\/mi-gran-obra-un-proyecto-ambicioso\/#primaryimage","url":"https:\/\/temporada-alta.com\/wp-content\/uploads\/foto-prensa-mi-gran-obra-cataluYAa-ph-david-espinosa.jpg","contentUrl":"https:\/\/temporada-alta.com\/wp-content\/uploads\/foto-prensa-mi-gran-obra-cataluYAa-ph-david-espinosa.jpg","width":1280,"height":923},{"@type":"BreadcrumbList","@id":"https:\/\/temporada-alta.com\/es\/espectaculo\/mi-gran-obra-un-proyecto-ambicioso\/#breadcrumb","itemListElement":[{"@type":"ListItem","position":1,"name":"Inici","item":"https:\/\/temporada-alta.com\/es\/"},{"@type":"ListItem","position":2,"name":"Eventos","item":"https:\/\/temporada-alta.com\/es\/events\/"},{"@type":"ListItem","position":3,"name":"Mi gran obra (un proyecto ambicioso)"}]},{"@type":"WebSite","@id":"https:\/\/temporada-alta.com\/es\/#website","url":"https:\/\/temporada-alta.com\/es\/","name":"Temporada Alta","description":"Festival d&#039;Arts Esc\u00e8niques","publisher":{"@id":"https:\/\/temporada-alta.com\/es\/#organization"},"potentialAction":[{"@type":"SearchAction","target":{"@type":"EntryPoint","urlTemplate":"https:\/\/temporada-alta.com\/es\/?s={search_term_string}"},"query-input":{"@type":"PropertyValueSpecification","valueRequired":true,"valueName":"search_term_string"}}],"inLanguage":"es"},{"@type":"Organization","@id":"https:\/\/temporada-alta.com\/es\/#organization","name":"Temporada Alta","url":"https:\/\/temporada-alta.com\/es\/","logo":{"@type":"ImageObject","inLanguage":"es","@id":"https:\/\/temporada-alta.com\/es\/#\/schema\/logo\/image\/","url":"https:\/\/temporada-alta.com\/wp-content\/uploads\/TA21-Logotip-pos.png","contentUrl":"https:\/\/temporada-alta.com\/wp-content\/uploads\/TA21-Logotip-pos.png","width":800,"height":267,"caption":"Temporada Alta"},"image":{"@id":"https:\/\/temporada-alta.com\/es\/#\/schema\/logo\/image\/"}}]}},"_links":{"self":[{"href":"https:\/\/temporada-alta.com\/es\/wp-json\/wp\/v2\/tribe_events\/26796","targetHints":{"allow":["GET"]}}],"collection":[{"href":"https:\/\/temporada-alta.com\/es\/wp-json\/wp\/v2\/tribe_events"}],"about":[{"href":"https:\/\/temporada-alta.com\/es\/wp-json\/wp\/v2\/types\/tribe_events"}],"author":[{"embeddable":true,"href":"https:\/\/temporada-alta.com\/es\/wp-json\/wp\/v2\/users\/4"}],"version-history":[{"count":0,"href":"https:\/\/temporada-alta.com\/es\/wp-json\/wp\/v2\/tribe_events\/26796\/revisions"}],"wp:featuredmedia":[{"embeddable":true,"href":"https:\/\/temporada-alta.com\/es\/wp-json\/wp\/v2\/media\/26738"}],"wp:attachment":[{"href":"https:\/\/temporada-alta.com\/es\/wp-json\/wp\/v2\/media?parent=26796"}],"wp:term":[{"taxonomy":"post_tag","embeddable":true,"href":"https:\/\/temporada-alta.com\/es\/wp-json\/wp\/v2\/tags?post=26796"},{"taxonomy":"tribe_events_cat","embeddable":true,"href":"https:\/\/temporada-alta.com\/es\/wp-json\/wp\/v2\/tribe_events_cat?post=26796"}],"curies":[{"name":"wp","href":"https:\/\/api.w.org\/{rel}","templated":true}]}}

<div id="modal-ready"><h2>Un delicado espectáculo a escala pequeña con ganas de ser una gran superproducción nos acerca al particular universo de David Espinosa</h2>
<p style="font-family: Boomer;">
<strong><em>“</em></strong><strong><em>Mi gran obra</em></strong> es lo que haría yo si tuviera un presupuesto ilimitado: el teatro más grande del planeta, trescientos actores en escena, una orquestra militar, una banda de rock, animales, coches y un helicóptero. <em>Mi gran obra</em> es una utopía”.</p>
<p>&nbsp;</p>
<p style="font-family: Boomer;">
<strong>David Espinosa</strong> nos presenta un espectáculo de gran formato a escala pequeña. Utiliza figuras en miniatura para cuestionarse el sentido de los grandes proyectos de creaciones artísticas. El resultado es un juego de donde surgen diferentes narrativas no lineales que son un retrato de la sociedad en la que vivimos, y que esconden metáforas que cada espectador interpreta a su manera. Una tragicomeida visual que habla de la vida y de la muerte, del amor y del sexo, de aquello transcendental y de lo absurdo.</p>
</div>

<p>Un delicado espectáculo a escala pequeña con ganas de ser una gran superproducción nos acerca al particular universo&#8230;</p>

<!-- This site is optimized with the Yoast SEO plugin v27.0 - https://yoast.com/product/yoast-seo-wordpress/ -->
<title>Mi gran obra (un proyecto ambicioso) - Temporada Alta</title>
<meta name="robots" content="index, follow, max-snippet:-1, max-image-preview:large, max-video-preview:-1" />
<link rel="canonical" href="https://temporada-alta.com/es/espectaculo/mi-gran-obra-un-proyecto-ambicioso/" />
<meta property="og:locale" content="es_ES" />
<meta property="og:type" content="article" />
<meta property="og:title" content="Mi gran obra (un proyecto ambicioso) - Temporada Alta" />
<meta property="og:description" content="Un delicado espectáculo a escala pequeña con ganas de ser una gran superproducción nos acerca al particular universo..." />
<meta property="og:url" content="https://temporada-alta.com/es/espectaculo/mi-gran-obra-un-proyecto-ambicioso/" />
<meta property="og:site_name" content="Temporada Alta" />
<meta property="article:modified_time" content="2019-03-27T08:27:48+00:00" />
<meta property="og:image" content="https://temporada-alta.com/wp-content/uploads/foto-prensa-mi-gran-obra-cataluYAa-ph-david-espinosa.jpg" />
	<meta property="og:image:width" content="1280" />
	<meta property="og:image:height" content="923" />
	<meta property="og:image:type" content="image/jpeg" />
<meta name="twitter:card" content="summary_large_image" />
<script type="application/ld+json" class="yoast-schema-graph">{"@context":"https://schema.org","@graph":[{"@type":"WebPage","@id":"https://temporada-alta.com/es/espectaculo/mi-gran-obra-un-proyecto-ambicioso/","url":"https://temporada-alta.com/es/espectaculo/mi-gran-obra-un-proyecto-ambicioso/","name":"Mi gran obra (un proyecto ambicioso) - Temporada Alta","isPartOf":{"@id":"https://temporada-alta.com/es/#website"},"primaryImageOfPage":{"@id":"https://temporada-alta.com/es/espectaculo/mi-gran-obra-un-proyecto-ambicioso/#primaryimage"},"image":{"@id":"https://temporada-alta.com/es/espectaculo/mi-gran-obra-un-proyecto-ambicioso/#primaryimage"},"thumbnailUrl":"https://temporada-alta.com/wp-content/uploads/foto-prensa-mi-gran-obra-cataluYAa-ph-david-espinosa.jpg","datePublished":"2016-01-11T10:15:35+00:00","dateModified":"2019-03-27T08:27:48+00:00","breadcrumb":{"@id":"https://temporada-alta.com/es/espectaculo/mi-gran-obra-un-proyecto-ambicioso/#breadcrumb"},"inLanguage":"es","potentialAction":[{"@type":"ReadAction","target":["https://temporada-alta.com/es/espectaculo/mi-gran-obra-un-proyecto-ambicioso/"]}]},{"@type":"ImageObject","inLanguage":"es","@id":"https://temporada-alta.com/es/espectaculo/mi-gran-obra-un-proyecto-ambicioso/#primaryimage","url":"https://temporada-alta.com/wp-content/uploads/foto-prensa-mi-gran-obra-cataluYAa-ph-david-espinosa.jpg","contentUrl":"https://temporada-alta.com/wp-content/uploads/foto-prensa-mi-gran-obra-cataluYAa-ph-david-espinosa.jpg","width":1280,"height":923},{"@type":"BreadcrumbList","@id":"https://temporada-alta.com/es/espectaculo/mi-gran-obra-un-proyecto-ambicioso/#breadcrumb","itemListElement":[{"@type":"ListItem","position":1,"name":"Inici","item":"https://temporada-alta.com/es/"},{"@type":"ListItem","position":2,"name":"Eventos","item":"https://temporada-alta.com/es/events/"},{"@type":"ListItem","position":3,"name":"Mi gran obra (un proyecto ambicioso)"}]},{"@type":"WebSite","@id":"https://temporada-alta.com/es/#website","url":"https://temporada-alta.com/es/","name":"Temporada Alta","description":"Festival d&#039;Arts Escèniques","publisher":{"@id":"https://temporada-alta.com/es/#organization"},"potentialAction":[{"@type":"SearchAction","target":{"@type":"EntryPoint","urlTemplate":"https://temporada-alta.com/es/?s={search_term_string}"},"query-input":{"@type":"PropertyValueSpecification","valueRequired":true,"valueName":"search_term_string"}}],"inLanguage":"es"},{"@type":"Organization","@id":"https://temporada-alta.com/es/#organization","name":"Temporada Alta","url":"https://temporada-alta.com/es/","logo":{"@type":"ImageObject","inLanguage":"es","@id":"https://temporada-alta.com/es/#/schema/logo/image/","url":"https://temporada-alta.com/wp-content/uploads/TA21-Logotip-pos.png","contentUrl":"https://temporada-alta.com/wp-content/uploads/TA21-Logotip-pos.png","width":800,"height":267,"caption":"Temporada Alta"},"image":{"@id":"https://temporada-alta.com/es/#/schema/logo/image/"}}]}</script>
<!-- / Yoast SEO plugin. -->

Un delicado espectáculo a escala pequeña con ganas de ser una gran superproducción nos acerca al particular universo...

Festival d&#039;Arts Escèniques
