{"id":26680,"date":"2015-10-28T10:52:08","date_gmt":"2015-10-28T09:52:08","guid":{"rendered":"https:\/\/www.temporada-alta.com\/event\/el-bon-pare\/"},"modified":"2019-03-28T13:04:10","modified_gmt":"2019-03-28T12:04:10","slug":"el-bon-pare","status":"publish","type":"tribe_events","link":"https:\/\/temporada-alta.com\/es\/espectaculo\/el-bon-pare\/","title":{"rendered":"El bon pare"},"content":{"rendered":"<div id=\"modal-ready\"><h2>Lectura en el marco de la II Semana de Dramaturgia Catalana<\/h2>\n<div>\n<span style=\"line-height: 22.4px;\">Un alcalde respetable de una pr\u00f3spera ciudad descubre que una grabaci\u00f3n protagonizada por su hija se ha filtrado en las redes. Este hecho provocar\u00e1 una crisis en su personalidad y en la relaci\u00f3n con su hija, su ex-mujer y el amigo de su hija.<\/span><\/div>\n<\/div>","protected":false},"excerpt":{"rendered":"<p>Lectura en el marco de la II Semana de Dramaturgia Catalana Un alcalde respetable de una pr\u00f3spera ciudad&#8230;<\/p>\n","protected":false},"author":4,"featured_media":26649,"template":"","meta":{"_acf_changed":false,"_tribe_events_status":"","_tribe_events_status_reason":"","footnotes":""},"tags":[],"tribe_events_cat":[151],"class_list":["post-26680","tribe_events","type-tribe_events","status-publish","has-post-thumbnail","hentry","tribe_events_cat-151","cat_2015"],"acf":{"photo_gallery":{"gallery":[[]]}},"yoast_head":"<!-- This site is optimized with the Yoast SEO plugin v27.0 - https:\/\/yoast.com\/product\/yoast-seo-wordpress\/ -->\n<title>El bon pare - Temporada Alta<\/title>\n<meta name=\"robots\" content=\"index, follow, max-snippet:-1, max-image-preview:large, max-video-preview:-1\" \/>\n<link rel=\"canonical\" href=\"https:\/\/temporada-alta.com\/es\/espectaculo\/el-bon-pare\/\" \/>\n<meta property=\"og:locale\" content=\"es_ES\" \/>\n<meta property=\"og:type\" content=\"article\" \/>\n<meta property=\"og:title\" content=\"El bon pare - Temporada Alta\" \/>\n<meta property=\"og:description\" content=\"Lectura en el marco de la II Semana de Dramaturgia Catalana Un alcalde respetable de una pr\u00f3spera ciudad...\" \/>\n<meta property=\"og:url\" content=\"https:\/\/temporada-alta.com\/es\/espectaculo\/el-bon-pare\/\" \/>\n<meta property=\"og:site_name\" content=\"Temporada Alta\" \/>\n<meta property=\"article:modified_time\" content=\"2019-03-28T12:04:10+00:00\" \/>\n<meta property=\"og:image\" content=\"https:\/\/temporada-alta.com\/wp-content\/uploads\/david-plana.jpg\" \/>\n\t<meta property=\"og:image:width\" content=\"640\" \/>\n\t<meta property=\"og:image:height\" content=\"545\" \/>\n\t<meta property=\"og:image:type\" content=\"image\/jpeg\" \/>\n<meta name=\"twitter:card\" content=\"summary_large_image\" \/>\n<script type=\"application\/ld+json\" class=\"yoast-schema-graph\">{\"@context\":\"https:\/\/schema.org\",\"@graph\":[{\"@type\":\"WebPage\",\"@id\":\"https:\/\/temporada-alta.com\/es\/espectaculo\/el-bon-pare\/\",\"url\":\"https:\/\/temporada-alta.com\/es\/espectaculo\/el-bon-pare\/\",\"name\":\"El bon pare - Temporada Alta\",\"isPartOf\":{\"@id\":\"https:\/\/temporada-alta.com\/es\/#website\"},\"primaryImageOfPage\":{\"@id\":\"https:\/\/temporada-alta.com\/es\/espectaculo\/el-bon-pare\/#primaryimage\"},\"image\":{\"@id\":\"https:\/\/temporada-alta.com\/es\/espectaculo\/el-bon-pare\/#primaryimage\"},\"thumbnailUrl\":\"https:\/\/temporada-alta.com\/wp-content\/uploads\/david-plana.jpg\",\"datePublished\":\"2015-10-28T09:52:08+00:00\",\"dateModified\":\"2019-03-28T12:04:10+00:00\",\"breadcrumb\":{\"@id\":\"https:\/\/temporada-alta.com\/es\/espectaculo\/el-bon-pare\/#breadcrumb\"},\"inLanguage\":\"es\",\"potentialAction\":[{\"@type\":\"ReadAction\",\"target\":[\"https:\/\/temporada-alta.com\/es\/espectaculo\/el-bon-pare\/\"]}]},{\"@type\":\"ImageObject\",\"inLanguage\":\"es\",\"@id\":\"https:\/\/temporada-alta.com\/es\/espectaculo\/el-bon-pare\/#primaryimage\",\"url\":\"https:\/\/temporada-alta.com\/wp-content\/uploads\/david-plana.jpg\",\"contentUrl\":\"https:\/\/temporada-alta.com\/wp-content\/uploads\/david-plana.jpg\",\"width\":640,\"height\":545},{\"@type\":\"BreadcrumbList\",\"@id\":\"https:\/\/temporada-alta.com\/es\/espectaculo\/el-bon-pare\/#breadcrumb\",\"itemListElement\":[{\"@type\":\"ListItem\",\"position\":1,\"name\":\"Inici\",\"item\":\"https:\/\/temporada-alta.com\/es\/\"},{\"@type\":\"ListItem\",\"position\":2,\"name\":\"Eventos\",\"item\":\"https:\/\/temporada-alta.com\/es\/events\/\"},{\"@type\":\"ListItem\",\"position\":3,\"name\":\"El bon pare\"}]},{\"@type\":\"WebSite\",\"@id\":\"https:\/\/temporada-alta.com\/es\/#website\",\"url\":\"https:\/\/temporada-alta.com\/es\/\",\"name\":\"Temporada Alta\",\"description\":\"Festival d&#039;Arts Esc\u00e8niques\",\"publisher\":{\"@id\":\"https:\/\/temporada-alta.com\/es\/#organization\"},\"potentialAction\":[{\"@type\":\"SearchAction\",\"target\":{\"@type\":\"EntryPoint\",\"urlTemplate\":\"https:\/\/temporada-alta.com\/es\/?s={search_term_string}\"},\"query-input\":{\"@type\":\"PropertyValueSpecification\",\"valueRequired\":true,\"valueName\":\"search_term_string\"}}],\"inLanguage\":\"es\"},{\"@type\":\"Organization\",\"@id\":\"https:\/\/temporada-alta.com\/es\/#organization\",\"name\":\"Temporada Alta\",\"url\":\"https:\/\/temporada-alta.com\/es\/\",\"logo\":{\"@type\":\"ImageObject\",\"inLanguage\":\"es\",\"@id\":\"https:\/\/temporada-alta.com\/es\/#\/schema\/logo\/image\/\",\"url\":\"https:\/\/temporada-alta.com\/wp-content\/uploads\/TA21-Logotip-pos.png\",\"contentUrl\":\"https:\/\/temporada-alta.com\/wp-content\/uploads\/TA21-Logotip-pos.png\",\"width\":800,\"height\":267,\"caption\":\"Temporada Alta\"},\"image\":{\"@id\":\"https:\/\/temporada-alta.com\/es\/#\/schema\/logo\/image\/\"}}]}<\/script>\n<!-- \/ Yoast SEO plugin. -->","yoast_head_json":{"title":"El bon pare - Temporada Alta","robots":{"index":"index","follow":"follow","max-snippet":"max-snippet:-1","max-image-preview":"max-image-preview:large","max-video-preview":"max-video-preview:-1"},"canonical":"https:\/\/temporada-alta.com\/es\/espectaculo\/el-bon-pare\/","og_locale":"es_ES","og_type":"article","og_title":"El bon pare - Temporada Alta","og_description":"Lectura en el marco de la II Semana de Dramaturgia Catalana Un alcalde respetable de una pr\u00f3spera ciudad...","og_url":"https:\/\/temporada-alta.com\/es\/espectaculo\/el-bon-pare\/","og_site_name":"Temporada Alta","article_modified_time":"2019-03-28T12:04:10+00:00","og_image":[{"width":640,"height":545,"url":"https:\/\/temporada-alta.com\/wp-content\/uploads\/david-plana.jpg","type":"image\/jpeg"}],"twitter_card":"summary_large_image","schema":{"@context":"https:\/\/schema.org","@graph":[{"@type":"WebPage","@id":"https:\/\/temporada-alta.com\/es\/espectaculo\/el-bon-pare\/","url":"https:\/\/temporada-alta.com\/es\/espectaculo\/el-bon-pare\/","name":"El bon pare - Temporada Alta","isPartOf":{"@id":"https:\/\/temporada-alta.com\/es\/#website"},"primaryImageOfPage":{"@id":"https:\/\/temporada-alta.com\/es\/espectaculo\/el-bon-pare\/#primaryimage"},"image":{"@id":"https:\/\/temporada-alta.com\/es\/espectaculo\/el-bon-pare\/#primaryimage"},"thumbnailUrl":"https:\/\/temporada-alta.com\/wp-content\/uploads\/david-plana.jpg","datePublished":"2015-10-28T09:52:08+00:00","dateModified":"2019-03-28T12:04:10+00:00","breadcrumb":{"@id":"https:\/\/temporada-alta.com\/es\/espectaculo\/el-bon-pare\/#breadcrumb"},"inLanguage":"es","potentialAction":[{"@type":"ReadAction","target":["https:\/\/temporada-alta.com\/es\/espectaculo\/el-bon-pare\/"]}]},{"@type":"ImageObject","inLanguage":"es","@id":"https:\/\/temporada-alta.com\/es\/espectaculo\/el-bon-pare\/#primaryimage","url":"https:\/\/temporada-alta.com\/wp-content\/uploads\/david-plana.jpg","contentUrl":"https:\/\/temporada-alta.com\/wp-content\/uploads\/david-plana.jpg","width":640,"height":545},{"@type":"BreadcrumbList","@id":"https:\/\/temporada-alta.com\/es\/espectaculo\/el-bon-pare\/#breadcrumb","itemListElement":[{"@type":"ListItem","position":1,"name":"Inici","item":"https:\/\/temporada-alta.com\/es\/"},{"@type":"ListItem","position":2,"name":"Eventos","item":"https:\/\/temporada-alta.com\/es\/events\/"},{"@type":"ListItem","position":3,"name":"El bon pare"}]},{"@type":"WebSite","@id":"https:\/\/temporada-alta.com\/es\/#website","url":"https:\/\/temporada-alta.com\/es\/","name":"Temporada Alta","description":"Festival d&#039;Arts Esc\u00e8niques","publisher":{"@id":"https:\/\/temporada-alta.com\/es\/#organization"},"potentialAction":[{"@type":"SearchAction","target":{"@type":"EntryPoint","urlTemplate":"https:\/\/temporada-alta.com\/es\/?s={search_term_string}"},"query-input":{"@type":"PropertyValueSpecification","valueRequired":true,"valueName":"search_term_string"}}],"inLanguage":"es"},{"@type":"Organization","@id":"https:\/\/temporada-alta.com\/es\/#organization","name":"Temporada Alta","url":"https:\/\/temporada-alta.com\/es\/","logo":{"@type":"ImageObject","inLanguage":"es","@id":"https:\/\/temporada-alta.com\/es\/#\/schema\/logo\/image\/","url":"https:\/\/temporada-alta.com\/wp-content\/uploads\/TA21-Logotip-pos.png","contentUrl":"https:\/\/temporada-alta.com\/wp-content\/uploads\/TA21-Logotip-pos.png","width":800,"height":267,"caption":"Temporada Alta"},"image":{"@id":"https:\/\/temporada-alta.com\/es\/#\/schema\/logo\/image\/"}}]}},"_links":{"self":[{"href":"https:\/\/temporada-alta.com\/es\/wp-json\/wp\/v2\/tribe_events\/26680","targetHints":{"allow":["GET"]}}],"collection":[{"href":"https:\/\/temporada-alta.com\/es\/wp-json\/wp\/v2\/tribe_events"}],"about":[{"href":"https:\/\/temporada-alta.com\/es\/wp-json\/wp\/v2\/types\/tribe_events"}],"author":[{"embeddable":true,"href":"https:\/\/temporada-alta.com\/es\/wp-json\/wp\/v2\/users\/4"}],"version-history":[{"count":0,"href":"https:\/\/temporada-alta.com\/es\/wp-json\/wp\/v2\/tribe_events\/26680\/revisions"}],"wp:featuredmedia":[{"embeddable":true,"href":"https:\/\/temporada-alta.com\/es\/wp-json\/wp\/v2\/media\/26649"}],"wp:attachment":[{"href":"https:\/\/temporada-alta.com\/es\/wp-json\/wp\/v2\/media?parent=26680"}],"wp:term":[{"taxonomy":"post_tag","embeddable":true,"href":"https:\/\/temporada-alta.com\/es\/wp-json\/wp\/v2\/tags?post=26680"},{"taxonomy":"tribe_events_cat","embeddable":true,"href":"https:\/\/temporada-alta.com\/es\/wp-json\/wp\/v2\/tribe_events_cat?post=26680"}],"curies":[{"name":"wp","href":"https:\/\/api.w.org\/{rel}","templated":true}]}}

<div id="modal-ready"><h2>Lectura en el marco de la II Semana de Dramaturgia Catalana</h2>
<div>
<span style="line-height: 22.4px;">Un alcalde respetable de una próspera ciudad descubre que una grabación protagonizada por su hija se ha filtrado en las redes. Este hecho provocará una crisis en su personalidad y en la relación con su hija, su ex-mujer y el amigo de su hija.</span></div>
</div>

<p>Lectura en el marco de la II Semana de Dramaturgia Catalana Un alcalde respetable de una próspera ciudad&#8230;</p>

<!-- This site is optimized with the Yoast SEO plugin v27.0 - https://yoast.com/product/yoast-seo-wordpress/ -->
<title>El bon pare - Temporada Alta</title>
<meta name="robots" content="index, follow, max-snippet:-1, max-image-preview:large, max-video-preview:-1" />
<link rel="canonical" href="https://temporada-alta.com/es/espectaculo/el-bon-pare/" />
<meta property="og:locale" content="es_ES" />
<meta property="og:type" content="article" />
<meta property="og:title" content="El bon pare - Temporada Alta" />
<meta property="og:description" content="Lectura en el marco de la II Semana de Dramaturgia Catalana Un alcalde respetable de una próspera ciudad..." />
<meta property="og:url" content="https://temporada-alta.com/es/espectaculo/el-bon-pare/" />
<meta property="og:site_name" content="Temporada Alta" />
<meta property="article:modified_time" content="2019-03-28T12:04:10+00:00" />
<meta property="og:image" content="https://temporada-alta.com/wp-content/uploads/david-plana.jpg" />
	<meta property="og:image:width" content="640" />
	<meta property="og:image:height" content="545" />
	<meta property="og:image:type" content="image/jpeg" />
<meta name="twitter:card" content="summary_large_image" />
<script type="application/ld+json" class="yoast-schema-graph">{"@context":"https://schema.org","@graph":[{"@type":"WebPage","@id":"https://temporada-alta.com/es/espectaculo/el-bon-pare/","url":"https://temporada-alta.com/es/espectaculo/el-bon-pare/","name":"El bon pare - Temporada Alta","isPartOf":{"@id":"https://temporada-alta.com/es/#website"},"primaryImageOfPage":{"@id":"https://temporada-alta.com/es/espectaculo/el-bon-pare/#primaryimage"},"image":{"@id":"https://temporada-alta.com/es/espectaculo/el-bon-pare/#primaryimage"},"thumbnailUrl":"https://temporada-alta.com/wp-content/uploads/david-plana.jpg","datePublished":"2015-10-28T09:52:08+00:00","dateModified":"2019-03-28T12:04:10+00:00","breadcrumb":{"@id":"https://temporada-alta.com/es/espectaculo/el-bon-pare/#breadcrumb"},"inLanguage":"es","potentialAction":[{"@type":"ReadAction","target":["https://temporada-alta.com/es/espectaculo/el-bon-pare/"]}]},{"@type":"ImageObject","inLanguage":"es","@id":"https://temporada-alta.com/es/espectaculo/el-bon-pare/#primaryimage","url":"https://temporada-alta.com/wp-content/uploads/david-plana.jpg","contentUrl":"https://temporada-alta.com/wp-content/uploads/david-plana.jpg","width":640,"height":545},{"@type":"BreadcrumbList","@id":"https://temporada-alta.com/es/espectaculo/el-bon-pare/#breadcrumb","itemListElement":[{"@type":"ListItem","position":1,"name":"Inici","item":"https://temporada-alta.com/es/"},{"@type":"ListItem","position":2,"name":"Eventos","item":"https://temporada-alta.com/es/events/"},{"@type":"ListItem","position":3,"name":"El bon pare"}]},{"@type":"WebSite","@id":"https://temporada-alta.com/es/#website","url":"https://temporada-alta.com/es/","name":"Temporada Alta","description":"Festival d&#039;Arts Escèniques","publisher":{"@id":"https://temporada-alta.com/es/#organization"},"potentialAction":[{"@type":"SearchAction","target":{"@type":"EntryPoint","urlTemplate":"https://temporada-alta.com/es/?s={search_term_string}"},"query-input":{"@type":"PropertyValueSpecification","valueRequired":true,"valueName":"search_term_string"}}],"inLanguage":"es"},{"@type":"Organization","@id":"https://temporada-alta.com/es/#organization","name":"Temporada Alta","url":"https://temporada-alta.com/es/","logo":{"@type":"ImageObject","inLanguage":"es","@id":"https://temporada-alta.com/es/#/schema/logo/image/","url":"https://temporada-alta.com/wp-content/uploads/TA21-Logotip-pos.png","contentUrl":"https://temporada-alta.com/wp-content/uploads/TA21-Logotip-pos.png","width":800,"height":267,"caption":"Temporada Alta"},"image":{"@id":"https://temporada-alta.com/es/#/schema/logo/image/"}}]}</script>
<!-- / Yoast SEO plugin. -->

Lectura en el marco de la II Semana de Dramaturgia Catalana Un alcalde respetable de una próspera ciudad...

Festival d&#039;Arts Escèniques
