{"id":26672,"date":"2015-08-26T11:59:30","date_gmt":"2015-08-26T09:59:30","guid":{"rendered":"https:\/\/www.temporada-alta.com\/event\/ii-semana-de-la-dramaturgia-catalana\/"},"modified":"2019-03-28T12:59:50","modified_gmt":"2019-03-28T11:59:50","slug":"ii-semana-de-la-dramaturgia-catalana","status":"publish","type":"tribe_events","link":"https:\/\/temporada-alta.com\/es\/espectaculo\/ii-semana-de-la-dramaturgia-catalana\/","title":{"rendered":"II Semana de la Dramaturgia Catalana"},"content":{"rendered":"<div id=\"modal-ready\"><h2>Lecturas de textos teatrales abiertas y gratuitas<\/h2>\n<h6>\nPor segundo a\u00f1o consecutivo, la asociaci\u00f3n de dramaturgos <strong>Barcelona Playwrights<\/strong>\u00a0(<strong>Marilia Samper, Pau Mir\u00f3, Guillem Clua, Marc Rosich,\u00a0Cristina Clemente, David Plana, Ll\u00e0tzer Garcia,\u00a0Marta Buchaca y Marc Angelet<\/strong>), bajo la coordinaci\u00f3n de <strong>Jordi Casanovas<\/strong>, organiza en Girona la <em>Semana de la dramaturgia<\/em>, una actividad de Temporada Alta que tiene como objetivo incentivar la escritura teatral en nuestro pa\u00eds.<\/h6>\n<p>&nbsp;<\/p>\n<h6>\nEl funcionamiento es sencillo: durante unos d\u00edas los profesionales se re\u00fanen y trabajan un aspecto concreto a puerta cerrada (este a\u00f1o, el teatro biogr\u00e1fico), pero al atardecer la actividad se abre al p\u00fablico general con lecturas gratuitas de algunas de las piezas trabajadas a lo largo de la jornada. Este a\u00f1o es el turno de <strong>David Plana<\/strong>, que presentar\u00e1 la lectura de <em>El bon pare<\/em>, y de <strong>Jordi Casanovas<\/strong>, que quiere dejar probar al p\u00fablico su pieza <em>Pujol president (primera parte).<\/em> Los espect\u00e1culos <em>Conillet<\/em>, de <strong>Marc Mart\u00ednez &#8211; Clara Segura<\/strong>,\u00a0<em>An old Monk<\/em>, de <strong>Josse De Pauw<\/strong>, <em>El matrimonio de Maria Braun<\/em>, de <strong>Thomas Ostermeier<\/strong>, la pel\u00edcula <em>Ciudadano Kane<\/em> d&#8217;<strong>Orson Welles<\/strong>, \u00a0y la charla <em>Welles antes de Kane<\/em> a cargo de <strong>Esteve Riambau<\/strong>, director de la Filmoteca de Catalunya, tambi\u00e9n forman parte de esta semana centrada en el teatro biogr\u00e1fico.<\/h6>\n<\/div>","protected":false},"excerpt":{"rendered":"<p>Lecturas de textos teatrales abiertas y gratuitas Por segundo a\u00f1o consecutivo, la asociaci\u00f3n de dramaturgos Barcelona Playwrights\u00a0(Marilia Samper,&#8230;<\/p>\n","protected":false},"author":4,"featured_media":26632,"template":"","meta":{"_acf_changed":false,"_tribe_events_status":"","_tribe_events_status_reason":"","footnotes":""},"tags":[],"tribe_events_cat":[151],"class_list":["post-26672","tribe_events","type-tribe_events","status-publish","has-post-thumbnail","hentry","tribe_events_cat-151","cat_2015"],"acf":{"photo_gallery":{"gallery":[[]]}},"yoast_head":"<!-- This site is optimized with the Yoast SEO plugin v27.0 - https:\/\/yoast.com\/product\/yoast-seo-wordpress\/ -->\n<title>II Semana de la Dramaturgia Catalana - Temporada Alta<\/title>\n<meta name=\"robots\" content=\"index, follow, max-snippet:-1, max-image-preview:large, max-video-preview:-1\" \/>\n<link rel=\"canonical\" href=\"https:\/\/temporada-alta.com\/es\/espectaculo\/ii-semana-de-la-dramaturgia-catalana\/\" \/>\n<meta property=\"og:locale\" content=\"es_ES\" \/>\n<meta property=\"og:type\" content=\"article\" \/>\n<meta property=\"og:title\" content=\"II Semana de la Dramaturgia Catalana - Temporada Alta\" \/>\n<meta property=\"og:description\" content=\"Lecturas de textos teatrales abiertas y gratuitas Por segundo a\u00f1o consecutivo, la asociaci\u00f3n de dramaturgos Barcelona Playwrights\u00a0(Marilia Samper,...\" \/>\n<meta property=\"og:url\" content=\"https:\/\/temporada-alta.com\/es\/espectaculo\/ii-semana-de-la-dramaturgia-catalana\/\" \/>\n<meta property=\"og:site_name\" content=\"Temporada Alta\" \/>\n<meta property=\"article:modified_time\" content=\"2019-03-28T11:59:50+00:00\" \/>\n<meta property=\"og:image\" content=\"https:\/\/temporada-alta.com\/wp-content\/uploads\/setmanadeladramaturgia.jpg\" \/>\n\t<meta property=\"og:image:width\" content=\"960\" \/>\n\t<meta property=\"og:image:height\" content=\"960\" \/>\n\t<meta property=\"og:image:type\" content=\"image\/jpeg\" \/>\n<meta name=\"twitter:card\" content=\"summary_large_image\" \/>\n<script type=\"application\/ld+json\" class=\"yoast-schema-graph\">{\"@context\":\"https:\/\/schema.org\",\"@graph\":[{\"@type\":\"WebPage\",\"@id\":\"https:\/\/temporada-alta.com\/es\/espectaculo\/ii-semana-de-la-dramaturgia-catalana\/\",\"url\":\"https:\/\/temporada-alta.com\/es\/espectaculo\/ii-semana-de-la-dramaturgia-catalana\/\",\"name\":\"II Semana de la Dramaturgia Catalana - Temporada Alta\",\"isPartOf\":{\"@id\":\"https:\/\/temporada-alta.com\/es\/#website\"},\"primaryImageOfPage\":{\"@id\":\"https:\/\/temporada-alta.com\/es\/espectaculo\/ii-semana-de-la-dramaturgia-catalana\/#primaryimage\"},\"image\":{\"@id\":\"https:\/\/temporada-alta.com\/es\/espectaculo\/ii-semana-de-la-dramaturgia-catalana\/#primaryimage\"},\"thumbnailUrl\":\"https:\/\/temporada-alta.com\/wp-content\/uploads\/setmanadeladramaturgia.jpg\",\"datePublished\":\"2015-08-26T09:59:30+00:00\",\"dateModified\":\"2019-03-28T11:59:50+00:00\",\"breadcrumb\":{\"@id\":\"https:\/\/temporada-alta.com\/es\/espectaculo\/ii-semana-de-la-dramaturgia-catalana\/#breadcrumb\"},\"inLanguage\":\"es\",\"potentialAction\":[{\"@type\":\"ReadAction\",\"target\":[\"https:\/\/temporada-alta.com\/es\/espectaculo\/ii-semana-de-la-dramaturgia-catalana\/\"]}]},{\"@type\":\"ImageObject\",\"inLanguage\":\"es\",\"@id\":\"https:\/\/temporada-alta.com\/es\/espectaculo\/ii-semana-de-la-dramaturgia-catalana\/#primaryimage\",\"url\":\"https:\/\/temporada-alta.com\/wp-content\/uploads\/setmanadeladramaturgia.jpg\",\"contentUrl\":\"https:\/\/temporada-alta.com\/wp-content\/uploads\/setmanadeladramaturgia.jpg\",\"width\":960,\"height\":960},{\"@type\":\"BreadcrumbList\",\"@id\":\"https:\/\/temporada-alta.com\/es\/espectaculo\/ii-semana-de-la-dramaturgia-catalana\/#breadcrumb\",\"itemListElement\":[{\"@type\":\"ListItem\",\"position\":1,\"name\":\"Inici\",\"item\":\"https:\/\/temporada-alta.com\/es\/\"},{\"@type\":\"ListItem\",\"position\":2,\"name\":\"Eventos\",\"item\":\"https:\/\/temporada-alta.com\/es\/events\/\"},{\"@type\":\"ListItem\",\"position\":3,\"name\":\"II Semana de la Dramaturgia Catalana\"}]},{\"@type\":\"WebSite\",\"@id\":\"https:\/\/temporada-alta.com\/es\/#website\",\"url\":\"https:\/\/temporada-alta.com\/es\/\",\"name\":\"Temporada Alta\",\"description\":\"Festival d&#039;Arts Esc\u00e8niques\",\"publisher\":{\"@id\":\"https:\/\/temporada-alta.com\/es\/#organization\"},\"potentialAction\":[{\"@type\":\"SearchAction\",\"target\":{\"@type\":\"EntryPoint\",\"urlTemplate\":\"https:\/\/temporada-alta.com\/es\/?s={search_term_string}\"},\"query-input\":{\"@type\":\"PropertyValueSpecification\",\"valueRequired\":true,\"valueName\":\"search_term_string\"}}],\"inLanguage\":\"es\"},{\"@type\":\"Organization\",\"@id\":\"https:\/\/temporada-alta.com\/es\/#organization\",\"name\":\"Temporada Alta\",\"url\":\"https:\/\/temporada-alta.com\/es\/\",\"logo\":{\"@type\":\"ImageObject\",\"inLanguage\":\"es\",\"@id\":\"https:\/\/temporada-alta.com\/es\/#\/schema\/logo\/image\/\",\"url\":\"https:\/\/temporada-alta.com\/wp-content\/uploads\/TA21-Logotip-pos.png\",\"contentUrl\":\"https:\/\/temporada-alta.com\/wp-content\/uploads\/TA21-Logotip-pos.png\",\"width\":800,\"height\":267,\"caption\":\"Temporada Alta\"},\"image\":{\"@id\":\"https:\/\/temporada-alta.com\/es\/#\/schema\/logo\/image\/\"}}]}<\/script>\n<!-- \/ Yoast SEO plugin. -->","yoast_head_json":{"title":"II Semana de la Dramaturgia Catalana - Temporada Alta","robots":{"index":"index","follow":"follow","max-snippet":"max-snippet:-1","max-image-preview":"max-image-preview:large","max-video-preview":"max-video-preview:-1"},"canonical":"https:\/\/temporada-alta.com\/es\/espectaculo\/ii-semana-de-la-dramaturgia-catalana\/","og_locale":"es_ES","og_type":"article","og_title":"II Semana de la Dramaturgia Catalana - Temporada Alta","og_description":"Lecturas de textos teatrales abiertas y gratuitas Por segundo a\u00f1o consecutivo, la asociaci\u00f3n de dramaturgos Barcelona Playwrights\u00a0(Marilia Samper,...","og_url":"https:\/\/temporada-alta.com\/es\/espectaculo\/ii-semana-de-la-dramaturgia-catalana\/","og_site_name":"Temporada Alta","article_modified_time":"2019-03-28T11:59:50+00:00","og_image":[{"width":960,"height":960,"url":"https:\/\/temporada-alta.com\/wp-content\/uploads\/setmanadeladramaturgia.jpg","type":"image\/jpeg"}],"twitter_card":"summary_large_image","schema":{"@context":"https:\/\/schema.org","@graph":[{"@type":"WebPage","@id":"https:\/\/temporada-alta.com\/es\/espectaculo\/ii-semana-de-la-dramaturgia-catalana\/","url":"https:\/\/temporada-alta.com\/es\/espectaculo\/ii-semana-de-la-dramaturgia-catalana\/","name":"II Semana de la Dramaturgia Catalana - Temporada Alta","isPartOf":{"@id":"https:\/\/temporada-alta.com\/es\/#website"},"primaryImageOfPage":{"@id":"https:\/\/temporada-alta.com\/es\/espectaculo\/ii-semana-de-la-dramaturgia-catalana\/#primaryimage"},"image":{"@id":"https:\/\/temporada-alta.com\/es\/espectaculo\/ii-semana-de-la-dramaturgia-catalana\/#primaryimage"},"thumbnailUrl":"https:\/\/temporada-alta.com\/wp-content\/uploads\/setmanadeladramaturgia.jpg","datePublished":"2015-08-26T09:59:30+00:00","dateModified":"2019-03-28T11:59:50+00:00","breadcrumb":{"@id":"https:\/\/temporada-alta.com\/es\/espectaculo\/ii-semana-de-la-dramaturgia-catalana\/#breadcrumb"},"inLanguage":"es","potentialAction":[{"@type":"ReadAction","target":["https:\/\/temporada-alta.com\/es\/espectaculo\/ii-semana-de-la-dramaturgia-catalana\/"]}]},{"@type":"ImageObject","inLanguage":"es","@id":"https:\/\/temporada-alta.com\/es\/espectaculo\/ii-semana-de-la-dramaturgia-catalana\/#primaryimage","url":"https:\/\/temporada-alta.com\/wp-content\/uploads\/setmanadeladramaturgia.jpg","contentUrl":"https:\/\/temporada-alta.com\/wp-content\/uploads\/setmanadeladramaturgia.jpg","width":960,"height":960},{"@type":"BreadcrumbList","@id":"https:\/\/temporada-alta.com\/es\/espectaculo\/ii-semana-de-la-dramaturgia-catalana\/#breadcrumb","itemListElement":[{"@type":"ListItem","position":1,"name":"Inici","item":"https:\/\/temporada-alta.com\/es\/"},{"@type":"ListItem","position":2,"name":"Eventos","item":"https:\/\/temporada-alta.com\/es\/events\/"},{"@type":"ListItem","position":3,"name":"II Semana de la Dramaturgia Catalana"}]},{"@type":"WebSite","@id":"https:\/\/temporada-alta.com\/es\/#website","url":"https:\/\/temporada-alta.com\/es\/","name":"Temporada Alta","description":"Festival d&#039;Arts Esc\u00e8niques","publisher":{"@id":"https:\/\/temporada-alta.com\/es\/#organization"},"potentialAction":[{"@type":"SearchAction","target":{"@type":"EntryPoint","urlTemplate":"https:\/\/temporada-alta.com\/es\/?s={search_term_string}"},"query-input":{"@type":"PropertyValueSpecification","valueRequired":true,"valueName":"search_term_string"}}],"inLanguage":"es"},{"@type":"Organization","@id":"https:\/\/temporada-alta.com\/es\/#organization","name":"Temporada Alta","url":"https:\/\/temporada-alta.com\/es\/","logo":{"@type":"ImageObject","inLanguage":"es","@id":"https:\/\/temporada-alta.com\/es\/#\/schema\/logo\/image\/","url":"https:\/\/temporada-alta.com\/wp-content\/uploads\/TA21-Logotip-pos.png","contentUrl":"https:\/\/temporada-alta.com\/wp-content\/uploads\/TA21-Logotip-pos.png","width":800,"height":267,"caption":"Temporada Alta"},"image":{"@id":"https:\/\/temporada-alta.com\/es\/#\/schema\/logo\/image\/"}}]}},"_links":{"self":[{"href":"https:\/\/temporada-alta.com\/es\/wp-json\/wp\/v2\/tribe_events\/26672","targetHints":{"allow":["GET"]}}],"collection":[{"href":"https:\/\/temporada-alta.com\/es\/wp-json\/wp\/v2\/tribe_events"}],"about":[{"href":"https:\/\/temporada-alta.com\/es\/wp-json\/wp\/v2\/types\/tribe_events"}],"author":[{"embeddable":true,"href":"https:\/\/temporada-alta.com\/es\/wp-json\/wp\/v2\/users\/4"}],"version-history":[{"count":0,"href":"https:\/\/temporada-alta.com\/es\/wp-json\/wp\/v2\/tribe_events\/26672\/revisions"}],"wp:featuredmedia":[{"embeddable":true,"href":"https:\/\/temporada-alta.com\/es\/wp-json\/wp\/v2\/media\/26632"}],"wp:attachment":[{"href":"https:\/\/temporada-alta.com\/es\/wp-json\/wp\/v2\/media?parent=26672"}],"wp:term":[{"taxonomy":"post_tag","embeddable":true,"href":"https:\/\/temporada-alta.com\/es\/wp-json\/wp\/v2\/tags?post=26672"},{"taxonomy":"tribe_events_cat","embeddable":true,"href":"https:\/\/temporada-alta.com\/es\/wp-json\/wp\/v2\/tribe_events_cat?post=26672"}],"curies":[{"name":"wp","href":"https:\/\/api.w.org\/{rel}","templated":true}]}}

<div id="modal-ready"><h2>Lecturas de textos teatrales abiertas y gratuitas</h2>
<h6>
Por segundo año consecutivo, la asociación de dramaturgos <strong>Barcelona Playwrights</strong> (<strong>Marilia Samper, Pau Miró, Guillem Clua, Marc Rosich, Cristina Clemente, David Plana, Llàtzer Garcia, Marta Buchaca y Marc Angelet</strong>), bajo la coordinación de <strong>Jordi Casanovas</strong>, organiza en Girona la <em>Semana de la dramaturgia</em>, una actividad de Temporada Alta que tiene como objetivo incentivar la escritura teatral en nuestro país.</h6>
<p>&nbsp;</p>
<h6>
El funcionamiento es sencillo: durante unos días los profesionales se reúnen y trabajan un aspecto concreto a puerta cerrada (este año, el teatro biográfico), pero al atardecer la actividad se abre al público general con lecturas gratuitas de algunas de las piezas trabajadas a lo largo de la jornada. Este año es el turno de <strong>David Plana</strong>, que presentará la lectura de <em>El bon pare</em>, y de <strong>Jordi Casanovas</strong>, que quiere dejar probar al público su pieza <em>Pujol president (primera parte).</em> Los espectáculos <em>Conillet</em>, de <strong>Marc Martínez &#8211; Clara Segura</strong>, <em>An old Monk</em>, de <strong>Josse De Pauw</strong>, <em>El matrimonio de Maria Braun</em>, de <strong>Thomas Ostermeier</strong>, la película <em>Ciudadano Kane</em> d&#8217;<strong>Orson Welles</strong>,  y la charla <em>Welles antes de Kane</em> a cargo de <strong>Esteve Riambau</strong>, director de la Filmoteca de Catalunya, también forman parte de esta semana centrada en el teatro biográfico.</h6>
</div>

<p>Lecturas de textos teatrales abiertas y gratuitas Por segundo año consecutivo, la asociación de dramaturgos Barcelona Playwrights (Marilia Samper,&#8230;</p>

<!-- This site is optimized with the Yoast SEO plugin v27.0 - https://yoast.com/product/yoast-seo-wordpress/ -->
<title>II Semana de la Dramaturgia Catalana - Temporada Alta</title>
<meta name="robots" content="index, follow, max-snippet:-1, max-image-preview:large, max-video-preview:-1" />
<link rel="canonical" href="https://temporada-alta.com/es/espectaculo/ii-semana-de-la-dramaturgia-catalana/" />
<meta property="og:locale" content="es_ES" />
<meta property="og:type" content="article" />
<meta property="og:title" content="II Semana de la Dramaturgia Catalana - Temporada Alta" />
<meta property="og:description" content="Lecturas de textos teatrales abiertas y gratuitas Por segundo año consecutivo, la asociación de dramaturgos Barcelona Playwrights (Marilia Samper,..." />
<meta property="og:url" content="https://temporada-alta.com/es/espectaculo/ii-semana-de-la-dramaturgia-catalana/" />
<meta property="og:site_name" content="Temporada Alta" />
<meta property="article:modified_time" content="2019-03-28T11:59:50+00:00" />
<meta property="og:image" content="https://temporada-alta.com/wp-content/uploads/setmanadeladramaturgia.jpg" />
	<meta property="og:image:width" content="960" />
	<meta property="og:image:height" content="960" />
	<meta property="og:image:type" content="image/jpeg" />
<meta name="twitter:card" content="summary_large_image" />
<script type="application/ld+json" class="yoast-schema-graph">{"@context":"https://schema.org","@graph":[{"@type":"WebPage","@id":"https://temporada-alta.com/es/espectaculo/ii-semana-de-la-dramaturgia-catalana/","url":"https://temporada-alta.com/es/espectaculo/ii-semana-de-la-dramaturgia-catalana/","name":"II Semana de la Dramaturgia Catalana - Temporada Alta","isPartOf":{"@id":"https://temporada-alta.com/es/#website"},"primaryImageOfPage":{"@id":"https://temporada-alta.com/es/espectaculo/ii-semana-de-la-dramaturgia-catalana/#primaryimage"},"image":{"@id":"https://temporada-alta.com/es/espectaculo/ii-semana-de-la-dramaturgia-catalana/#primaryimage"},"thumbnailUrl":"https://temporada-alta.com/wp-content/uploads/setmanadeladramaturgia.jpg","datePublished":"2015-08-26T09:59:30+00:00","dateModified":"2019-03-28T11:59:50+00:00","breadcrumb":{"@id":"https://temporada-alta.com/es/espectaculo/ii-semana-de-la-dramaturgia-catalana/#breadcrumb"},"inLanguage":"es","potentialAction":[{"@type":"ReadAction","target":["https://temporada-alta.com/es/espectaculo/ii-semana-de-la-dramaturgia-catalana/"]}]},{"@type":"ImageObject","inLanguage":"es","@id":"https://temporada-alta.com/es/espectaculo/ii-semana-de-la-dramaturgia-catalana/#primaryimage","url":"https://temporada-alta.com/wp-content/uploads/setmanadeladramaturgia.jpg","contentUrl":"https://temporada-alta.com/wp-content/uploads/setmanadeladramaturgia.jpg","width":960,"height":960},{"@type":"BreadcrumbList","@id":"https://temporada-alta.com/es/espectaculo/ii-semana-de-la-dramaturgia-catalana/#breadcrumb","itemListElement":[{"@type":"ListItem","position":1,"name":"Inici","item":"https://temporada-alta.com/es/"},{"@type":"ListItem","position":2,"name":"Eventos","item":"https://temporada-alta.com/es/events/"},{"@type":"ListItem","position":3,"name":"II Semana de la Dramaturgia Catalana"}]},{"@type":"WebSite","@id":"https://temporada-alta.com/es/#website","url":"https://temporada-alta.com/es/","name":"Temporada Alta","description":"Festival d&#039;Arts Escèniques","publisher":{"@id":"https://temporada-alta.com/es/#organization"},"potentialAction":[{"@type":"SearchAction","target":{"@type":"EntryPoint","urlTemplate":"https://temporada-alta.com/es/?s={search_term_string}"},"query-input":{"@type":"PropertyValueSpecification","valueRequired":true,"valueName":"search_term_string"}}],"inLanguage":"es"},{"@type":"Organization","@id":"https://temporada-alta.com/es/#organization","name":"Temporada Alta","url":"https://temporada-alta.com/es/","logo":{"@type":"ImageObject","inLanguage":"es","@id":"https://temporada-alta.com/es/#/schema/logo/image/","url":"https://temporada-alta.com/wp-content/uploads/TA21-Logotip-pos.png","contentUrl":"https://temporada-alta.com/wp-content/uploads/TA21-Logotip-pos.png","width":800,"height":267,"caption":"Temporada Alta"},"image":{"@id":"https://temporada-alta.com/es/#/schema/logo/image/"}}]}</script>
<!-- / Yoast SEO plugin. -->

Lecturas de textos teatrales abiertas y gratuitas Por segundo año consecutivo, la asociación de dramaturgos Barcelona Playwrights (Marilia Samper,...

Festival d&#039;Arts Escèniques
