{"id":26293,"date":"2015-08-10T14:34:57","date_gmt":"2015-08-10T12:34:57","guid":{"rendered":"https:\/\/www.temporada-alta.com\/event\/sapucay\/"},"modified":"2019-03-28T13:50:52","modified_gmt":"2019-03-28T12:50:52","slug":"sapucay","status":"publish","type":"tribe_events","link":"https:\/\/temporada-alta.com\/es\/espectaculo\/sapucay\/","title":{"rendered":"Sapucay"},"content":{"rendered":"<div id=\"modal-ready\"><h2>Un proyecto de IT emergents dirigido y escrito por Juan Pablo Miranda<\/h2>\n<p><span style=\"line-height: 26.6666679382324px;\">Si no conectamos con los restos de que fuimos un d\u00eda, ya no podremos esperar nada. Pero, \u00bfque pasa si la memoria ya no alimenta sino que entristece? Sapucay es el grito valiente de tres hermanas que sobreviven en un escenario rural, una estampa casi m\u00edtica, dentro de una obra on\u00edrica, surreal, entre el musical norteamericano y el drama realista. Llena de contrastes (del microgesto a una teatralidad muy f\u00edsica e intensa en las interpretaciones), la pieza crea algo parecido a un Dallas aborigen cerca del r\u00edo Paran\u00e1.<\/span><\/p>\n<\/div>","protected":false},"excerpt":{"rendered":"<p>Un proyecto de IT emergents dirigido y escrito por Juan Pablo Miranda Si no conectamos con los restos&#8230;<\/p>\n","protected":false},"author":4,"featured_media":26238,"template":"","meta":{"_acf_changed":false,"_tribe_events_status":"","_tribe_events_status_reason":"","footnotes":""},"tags":[],"tribe_events_cat":[151],"class_list":["post-26293","tribe_events","type-tribe_events","status-publish","has-post-thumbnail","hentry","tribe_events_cat-151","cat_2015"],"acf":{"photo_gallery":{"gallery":[[]]}},"yoast_head":"<!-- This site is optimized with the Yoast SEO plugin v27.0 - https:\/\/yoast.com\/product\/yoast-seo-wordpress\/ -->\n<title>Sapucay - Temporada Alta<\/title>\n<meta name=\"robots\" content=\"index, follow, max-snippet:-1, max-image-preview:large, max-video-preview:-1\" \/>\n<link rel=\"canonical\" href=\"https:\/\/temporada-alta.com\/es\/espectaculo\/sapucay\/\" \/>\n<meta property=\"og:locale\" content=\"es_ES\" \/>\n<meta property=\"og:type\" content=\"article\" \/>\n<meta property=\"og:title\" content=\"Sapucay - Temporada Alta\" \/>\n<meta property=\"og:description\" content=\"Un proyecto de IT emergents dirigido y escrito por Juan Pablo Miranda Si no conectamos con los restos...\" \/>\n<meta property=\"og:url\" content=\"https:\/\/temporada-alta.com\/es\/espectaculo\/sapucay\/\" \/>\n<meta property=\"og:site_name\" content=\"Temporada Alta\" \/>\n<meta property=\"article:modified_time\" content=\"2019-03-28T12:50:52+00:00\" \/>\n<meta property=\"og:image\" content=\"https:\/\/temporada-alta.com\/wp-content\/uploads\/sapucay_imatge.jpg\" \/>\n\t<meta property=\"og:image:width\" content=\"1000\" \/>\n\t<meta property=\"og:image:height\" content=\"667\" \/>\n\t<meta property=\"og:image:type\" content=\"image\/jpeg\" \/>\n<meta name=\"twitter:card\" content=\"summary_large_image\" \/>\n<script type=\"application\/ld+json\" class=\"yoast-schema-graph\">{\"@context\":\"https:\/\/schema.org\",\"@graph\":[{\"@type\":\"WebPage\",\"@id\":\"https:\/\/temporada-alta.com\/es\/espectaculo\/sapucay\/\",\"url\":\"https:\/\/temporada-alta.com\/es\/espectaculo\/sapucay\/\",\"name\":\"Sapucay - Temporada Alta\",\"isPartOf\":{\"@id\":\"https:\/\/temporada-alta.com\/es\/#website\"},\"primaryImageOfPage\":{\"@id\":\"https:\/\/temporada-alta.com\/es\/espectaculo\/sapucay\/#primaryimage\"},\"image\":{\"@id\":\"https:\/\/temporada-alta.com\/es\/espectaculo\/sapucay\/#primaryimage\"},\"thumbnailUrl\":\"https:\/\/temporada-alta.com\/wp-content\/uploads\/sapucay_imatge.jpg\",\"datePublished\":\"2015-08-10T12:34:57+00:00\",\"dateModified\":\"2019-03-28T12:50:52+00:00\",\"breadcrumb\":{\"@id\":\"https:\/\/temporada-alta.com\/es\/espectaculo\/sapucay\/#breadcrumb\"},\"inLanguage\":\"es\",\"potentialAction\":[{\"@type\":\"ReadAction\",\"target\":[\"https:\/\/temporada-alta.com\/es\/espectaculo\/sapucay\/\"]}]},{\"@type\":\"ImageObject\",\"inLanguage\":\"es\",\"@id\":\"https:\/\/temporada-alta.com\/es\/espectaculo\/sapucay\/#primaryimage\",\"url\":\"https:\/\/temporada-alta.com\/wp-content\/uploads\/sapucay_imatge.jpg\",\"contentUrl\":\"https:\/\/temporada-alta.com\/wp-content\/uploads\/sapucay_imatge.jpg\",\"width\":1000,\"height\":667},{\"@type\":\"BreadcrumbList\",\"@id\":\"https:\/\/temporada-alta.com\/es\/espectaculo\/sapucay\/#breadcrumb\",\"itemListElement\":[{\"@type\":\"ListItem\",\"position\":1,\"name\":\"Inici\",\"item\":\"https:\/\/temporada-alta.com\/es\/\"},{\"@type\":\"ListItem\",\"position\":2,\"name\":\"Eventos\",\"item\":\"https:\/\/temporada-alta.com\/es\/events\/\"},{\"@type\":\"ListItem\",\"position\":3,\"name\":\"Sapucay\"}]},{\"@type\":\"WebSite\",\"@id\":\"https:\/\/temporada-alta.com\/es\/#website\",\"url\":\"https:\/\/temporada-alta.com\/es\/\",\"name\":\"Temporada Alta\",\"description\":\"Festival d&#039;Arts Esc\u00e8niques\",\"publisher\":{\"@id\":\"https:\/\/temporada-alta.com\/es\/#organization\"},\"potentialAction\":[{\"@type\":\"SearchAction\",\"target\":{\"@type\":\"EntryPoint\",\"urlTemplate\":\"https:\/\/temporada-alta.com\/es\/?s={search_term_string}\"},\"query-input\":{\"@type\":\"PropertyValueSpecification\",\"valueRequired\":true,\"valueName\":\"search_term_string\"}}],\"inLanguage\":\"es\"},{\"@type\":\"Organization\",\"@id\":\"https:\/\/temporada-alta.com\/es\/#organization\",\"name\":\"Temporada Alta\",\"url\":\"https:\/\/temporada-alta.com\/es\/\",\"logo\":{\"@type\":\"ImageObject\",\"inLanguage\":\"es\",\"@id\":\"https:\/\/temporada-alta.com\/es\/#\/schema\/logo\/image\/\",\"url\":\"https:\/\/temporada-alta.com\/wp-content\/uploads\/TA21-Logotip-pos.png\",\"contentUrl\":\"https:\/\/temporada-alta.com\/wp-content\/uploads\/TA21-Logotip-pos.png\",\"width\":800,\"height\":267,\"caption\":\"Temporada Alta\"},\"image\":{\"@id\":\"https:\/\/temporada-alta.com\/es\/#\/schema\/logo\/image\/\"}}]}<\/script>\n<!-- \/ Yoast SEO plugin. -->","yoast_head_json":{"title":"Sapucay - Temporada Alta","robots":{"index":"index","follow":"follow","max-snippet":"max-snippet:-1","max-image-preview":"max-image-preview:large","max-video-preview":"max-video-preview:-1"},"canonical":"https:\/\/temporada-alta.com\/es\/espectaculo\/sapucay\/","og_locale":"es_ES","og_type":"article","og_title":"Sapucay - Temporada Alta","og_description":"Un proyecto de IT emergents dirigido y escrito por Juan Pablo Miranda Si no conectamos con los restos...","og_url":"https:\/\/temporada-alta.com\/es\/espectaculo\/sapucay\/","og_site_name":"Temporada Alta","article_modified_time":"2019-03-28T12:50:52+00:00","og_image":[{"width":1000,"height":667,"url":"https:\/\/temporada-alta.com\/wp-content\/uploads\/sapucay_imatge.jpg","type":"image\/jpeg"}],"twitter_card":"summary_large_image","schema":{"@context":"https:\/\/schema.org","@graph":[{"@type":"WebPage","@id":"https:\/\/temporada-alta.com\/es\/espectaculo\/sapucay\/","url":"https:\/\/temporada-alta.com\/es\/espectaculo\/sapucay\/","name":"Sapucay - Temporada Alta","isPartOf":{"@id":"https:\/\/temporada-alta.com\/es\/#website"},"primaryImageOfPage":{"@id":"https:\/\/temporada-alta.com\/es\/espectaculo\/sapucay\/#primaryimage"},"image":{"@id":"https:\/\/temporada-alta.com\/es\/espectaculo\/sapucay\/#primaryimage"},"thumbnailUrl":"https:\/\/temporada-alta.com\/wp-content\/uploads\/sapucay_imatge.jpg","datePublished":"2015-08-10T12:34:57+00:00","dateModified":"2019-03-28T12:50:52+00:00","breadcrumb":{"@id":"https:\/\/temporada-alta.com\/es\/espectaculo\/sapucay\/#breadcrumb"},"inLanguage":"es","potentialAction":[{"@type":"ReadAction","target":["https:\/\/temporada-alta.com\/es\/espectaculo\/sapucay\/"]}]},{"@type":"ImageObject","inLanguage":"es","@id":"https:\/\/temporada-alta.com\/es\/espectaculo\/sapucay\/#primaryimage","url":"https:\/\/temporada-alta.com\/wp-content\/uploads\/sapucay_imatge.jpg","contentUrl":"https:\/\/temporada-alta.com\/wp-content\/uploads\/sapucay_imatge.jpg","width":1000,"height":667},{"@type":"BreadcrumbList","@id":"https:\/\/temporada-alta.com\/es\/espectaculo\/sapucay\/#breadcrumb","itemListElement":[{"@type":"ListItem","position":1,"name":"Inici","item":"https:\/\/temporada-alta.com\/es\/"},{"@type":"ListItem","position":2,"name":"Eventos","item":"https:\/\/temporada-alta.com\/es\/events\/"},{"@type":"ListItem","position":3,"name":"Sapucay"}]},{"@type":"WebSite","@id":"https:\/\/temporada-alta.com\/es\/#website","url":"https:\/\/temporada-alta.com\/es\/","name":"Temporada Alta","description":"Festival d&#039;Arts Esc\u00e8niques","publisher":{"@id":"https:\/\/temporada-alta.com\/es\/#organization"},"potentialAction":[{"@type":"SearchAction","target":{"@type":"EntryPoint","urlTemplate":"https:\/\/temporada-alta.com\/es\/?s={search_term_string}"},"query-input":{"@type":"PropertyValueSpecification","valueRequired":true,"valueName":"search_term_string"}}],"inLanguage":"es"},{"@type":"Organization","@id":"https:\/\/temporada-alta.com\/es\/#organization","name":"Temporada Alta","url":"https:\/\/temporada-alta.com\/es\/","logo":{"@type":"ImageObject","inLanguage":"es","@id":"https:\/\/temporada-alta.com\/es\/#\/schema\/logo\/image\/","url":"https:\/\/temporada-alta.com\/wp-content\/uploads\/TA21-Logotip-pos.png","contentUrl":"https:\/\/temporada-alta.com\/wp-content\/uploads\/TA21-Logotip-pos.png","width":800,"height":267,"caption":"Temporada Alta"},"image":{"@id":"https:\/\/temporada-alta.com\/es\/#\/schema\/logo\/image\/"}}]}},"_links":{"self":[{"href":"https:\/\/temporada-alta.com\/es\/wp-json\/wp\/v2\/tribe_events\/26293","targetHints":{"allow":["GET"]}}],"collection":[{"href":"https:\/\/temporada-alta.com\/es\/wp-json\/wp\/v2\/tribe_events"}],"about":[{"href":"https:\/\/temporada-alta.com\/es\/wp-json\/wp\/v2\/types\/tribe_events"}],"author":[{"embeddable":true,"href":"https:\/\/temporada-alta.com\/es\/wp-json\/wp\/v2\/users\/4"}],"version-history":[{"count":0,"href":"https:\/\/temporada-alta.com\/es\/wp-json\/wp\/v2\/tribe_events\/26293\/revisions"}],"wp:featuredmedia":[{"embeddable":true,"href":"https:\/\/temporada-alta.com\/es\/wp-json\/wp\/v2\/media\/26238"}],"wp:attachment":[{"href":"https:\/\/temporada-alta.com\/es\/wp-json\/wp\/v2\/media?parent=26293"}],"wp:term":[{"taxonomy":"post_tag","embeddable":true,"href":"https:\/\/temporada-alta.com\/es\/wp-json\/wp\/v2\/tags?post=26293"},{"taxonomy":"tribe_events_cat","embeddable":true,"href":"https:\/\/temporada-alta.com\/es\/wp-json\/wp\/v2\/tribe_events_cat?post=26293"}],"curies":[{"name":"wp","href":"https:\/\/api.w.org\/{rel}","templated":true}]}}

<div id="modal-ready"><h2>Un proyecto de IT emergents dirigido y escrito por Juan Pablo Miranda</h2>
<p><span style="line-height: 26.6666679382324px;">Si no conectamos con los restos de que fuimos un día, ya no podremos esperar nada. Pero, ¿que pasa si la memoria ya no alimenta sino que entristece? Sapucay es el grito valiente de tres hermanas que sobreviven en un escenario rural, una estampa casi mítica, dentro de una obra onírica, surreal, entre el musical norteamericano y el drama realista. Llena de contrastes (del microgesto a una teatralidad muy física e intensa en las interpretaciones), la pieza crea algo parecido a un Dallas aborigen cerca del río Paraná.</span></p>
</div>

<!-- This site is optimized with the Yoast SEO plugin v27.0 - https://yoast.com/product/yoast-seo-wordpress/ -->
<title>Sapucay - Temporada Alta</title>
<meta name="robots" content="index, follow, max-snippet:-1, max-image-preview:large, max-video-preview:-1" />
<link rel="canonical" href="https://temporada-alta.com/es/espectaculo/sapucay/" />
<meta property="og:locale" content="es_ES" />
<meta property="og:type" content="article" />
<meta property="og:title" content="Sapucay - Temporada Alta" />
<meta property="og:description" content="Un proyecto de IT emergents dirigido y escrito por Juan Pablo Miranda Si no conectamos con los restos..." />
<meta property="og:url" content="https://temporada-alta.com/es/espectaculo/sapucay/" />
<meta property="og:site_name" content="Temporada Alta" />
<meta property="article:modified_time" content="2019-03-28T12:50:52+00:00" />
<meta property="og:image" content="https://temporada-alta.com/wp-content/uploads/sapucay_imatge.jpg" />
	<meta property="og:image:width" content="1000" />
	<meta property="og:image:height" content="667" />
	<meta property="og:image:type" content="image/jpeg" />
<meta name="twitter:card" content="summary_large_image" />
<script type="application/ld+json" class="yoast-schema-graph">{"@context":"https://schema.org","@graph":[{"@type":"WebPage","@id":"https://temporada-alta.com/es/espectaculo/sapucay/","url":"https://temporada-alta.com/es/espectaculo/sapucay/","name":"Sapucay - Temporada Alta","isPartOf":{"@id":"https://temporada-alta.com/es/#website"},"primaryImageOfPage":{"@id":"https://temporada-alta.com/es/espectaculo/sapucay/#primaryimage"},"image":{"@id":"https://temporada-alta.com/es/espectaculo/sapucay/#primaryimage"},"thumbnailUrl":"https://temporada-alta.com/wp-content/uploads/sapucay_imatge.jpg","datePublished":"2015-08-10T12:34:57+00:00","dateModified":"2019-03-28T12:50:52+00:00","breadcrumb":{"@id":"https://temporada-alta.com/es/espectaculo/sapucay/#breadcrumb"},"inLanguage":"es","potentialAction":[{"@type":"ReadAction","target":["https://temporada-alta.com/es/espectaculo/sapucay/"]}]},{"@type":"ImageObject","inLanguage":"es","@id":"https://temporada-alta.com/es/espectaculo/sapucay/#primaryimage","url":"https://temporada-alta.com/wp-content/uploads/sapucay_imatge.jpg","contentUrl":"https://temporada-alta.com/wp-content/uploads/sapucay_imatge.jpg","width":1000,"height":667},{"@type":"BreadcrumbList","@id":"https://temporada-alta.com/es/espectaculo/sapucay/#breadcrumb","itemListElement":[{"@type":"ListItem","position":1,"name":"Inici","item":"https://temporada-alta.com/es/"},{"@type":"ListItem","position":2,"name":"Eventos","item":"https://temporada-alta.com/es/events/"},{"@type":"ListItem","position":3,"name":"Sapucay"}]},{"@type":"WebSite","@id":"https://temporada-alta.com/es/#website","url":"https://temporada-alta.com/es/","name":"Temporada Alta","description":"Festival d&#039;Arts Escèniques","publisher":{"@id":"https://temporada-alta.com/es/#organization"},"potentialAction":[{"@type":"SearchAction","target":{"@type":"EntryPoint","urlTemplate":"https://temporada-alta.com/es/?s={search_term_string}"},"query-input":{"@type":"PropertyValueSpecification","valueRequired":true,"valueName":"search_term_string"}}],"inLanguage":"es"},{"@type":"Organization","@id":"https://temporada-alta.com/es/#organization","name":"Temporada Alta","url":"https://temporada-alta.com/es/","logo":{"@type":"ImageObject","inLanguage":"es","@id":"https://temporada-alta.com/es/#/schema/logo/image/","url":"https://temporada-alta.com/wp-content/uploads/TA21-Logotip-pos.png","contentUrl":"https://temporada-alta.com/wp-content/uploads/TA21-Logotip-pos.png","width":800,"height":267,"caption":"Temporada Alta"},"image":{"@id":"https://temporada-alta.com/es/#/schema/logo/image/"}}]}</script>
<!-- / Yoast SEO plugin. -->

Festival d&#039;Arts Escèniques
