{"id":26286,"date":"2015-08-10T14:34:57","date_gmt":"2015-08-10T12:34:57","guid":{"rendered":"https:\/\/www.temporada-alta.com\/event\/perhaps-all-the-dragons\/"},"modified":"2019-03-28T11:52:31","modified_gmt":"2019-03-28T10:52:31","slug":"perhaps-all-the-dragons","status":"publish","type":"tribe_events","link":"https:\/\/temporada-alta.com\/es\/espectaculo\/perhaps-all-the-dragons\/","title":{"rendered":"Perhaps all the dragons"},"content":{"rendered":"<div id=\"modal-ready\"><h2>La compa\u00f1\u00eda multidisciplinaria Berl\u00edn se presenta por primera vez en Temporada Alta<\/h2>\n<p>Una mesa redonda con treinta pantallas. Treinta historias distintas unidas por la teor\u00eda de los seis grados de separaci\u00f3n. El espectador decide qu\u00e9 historia quiere escuchar en esta instalaci\u00f3n de formato revolucionario.<\/p>\n<\/div>","protected":false},"excerpt":{"rendered":"<p>La compa\u00f1\u00eda multidisciplinaria Berl\u00edn se presenta por primera vez en Temporada Alta Una mesa redonda con treinta pantallas&#8230;.<\/p>\n","protected":false},"author":4,"featured_media":26210,"template":"","meta":{"_acf_changed":false,"_tribe_events_status":"","_tribe_events_status_reason":"","footnotes":""},"tags":[],"tribe_events_cat":[151],"class_list":["post-26286","tribe_events","type-tribe_events","status-publish","has-post-thumbnail","hentry","tribe_events_cat-151","cat_2015"],"acf":{"photo_gallery":{"gallery":[[]]}},"yoast_head":"<!-- This site is optimized with the Yoast SEO plugin v27.0 - https:\/\/yoast.com\/product\/yoast-seo-wordpress\/ -->\n<title>Perhaps all the dragons - Temporada Alta<\/title>\n<meta name=\"robots\" content=\"index, follow, max-snippet:-1, max-image-preview:large, max-video-preview:-1\" \/>\n<link rel=\"canonical\" href=\"https:\/\/temporada-alta.com\/es\/espectaculo\/perhaps-all-the-dragons\/\" \/>\n<meta property=\"og:locale\" content=\"es_ES\" \/>\n<meta property=\"og:type\" content=\"article\" \/>\n<meta property=\"og:title\" content=\"Perhaps all the dragons - Temporada Alta\" \/>\n<meta property=\"og:description\" content=\"La compa\u00f1\u00eda multidisciplinaria Berl\u00edn se presenta por primera vez en Temporada Alta Una mesa redonda con treinta pantallas....\" \/>\n<meta property=\"og:url\" content=\"https:\/\/temporada-alta.com\/es\/espectaculo\/perhaps-all-the-dragons\/\" \/>\n<meta property=\"og:site_name\" content=\"Temporada Alta\" \/>\n<meta property=\"article:modified_time\" content=\"2019-03-28T10:52:31+00:00\" \/>\n<meta property=\"og:image\" content=\"https:\/\/temporada-alta.com\/wp-content\/uploads\/pad12_sigridspinnoxbx-scaled.jpg\" \/>\n\t<meta property=\"og:image:width\" content=\"2560\" \/>\n\t<meta property=\"og:image:height\" content=\"1703\" \/>\n\t<meta property=\"og:image:type\" content=\"image\/jpeg\" \/>\n<meta name=\"twitter:card\" content=\"summary_large_image\" \/>\n<script type=\"application\/ld+json\" class=\"yoast-schema-graph\">{\"@context\":\"https:\/\/schema.org\",\"@graph\":[{\"@type\":\"WebPage\",\"@id\":\"https:\/\/temporada-alta.com\/es\/espectaculo\/perhaps-all-the-dragons\/\",\"url\":\"https:\/\/temporada-alta.com\/es\/espectaculo\/perhaps-all-the-dragons\/\",\"name\":\"Perhaps all the dragons - Temporada Alta\",\"isPartOf\":{\"@id\":\"https:\/\/temporada-alta.com\/es\/#website\"},\"primaryImageOfPage\":{\"@id\":\"https:\/\/temporada-alta.com\/es\/espectaculo\/perhaps-all-the-dragons\/#primaryimage\"},\"image\":{\"@id\":\"https:\/\/temporada-alta.com\/es\/espectaculo\/perhaps-all-the-dragons\/#primaryimage\"},\"thumbnailUrl\":\"https:\/\/temporada-alta.com\/wp-content\/uploads\/pad12_sigridspinnoxbx-scaled.jpg\",\"datePublished\":\"2015-08-10T12:34:57+00:00\",\"dateModified\":\"2019-03-28T10:52:31+00:00\",\"breadcrumb\":{\"@id\":\"https:\/\/temporada-alta.com\/es\/espectaculo\/perhaps-all-the-dragons\/#breadcrumb\"},\"inLanguage\":\"es\",\"potentialAction\":[{\"@type\":\"ReadAction\",\"target\":[\"https:\/\/temporada-alta.com\/es\/espectaculo\/perhaps-all-the-dragons\/\"]}]},{\"@type\":\"ImageObject\",\"inLanguage\":\"es\",\"@id\":\"https:\/\/temporada-alta.com\/es\/espectaculo\/perhaps-all-the-dragons\/#primaryimage\",\"url\":\"https:\/\/temporada-alta.com\/wp-content\/uploads\/pad12_sigridspinnoxbx-scaled.jpg\",\"contentUrl\":\"https:\/\/temporada-alta.com\/wp-content\/uploads\/pad12_sigridspinnoxbx-scaled.jpg\",\"width\":2560,\"height\":1703},{\"@type\":\"BreadcrumbList\",\"@id\":\"https:\/\/temporada-alta.com\/es\/espectaculo\/perhaps-all-the-dragons\/#breadcrumb\",\"itemListElement\":[{\"@type\":\"ListItem\",\"position\":1,\"name\":\"Inici\",\"item\":\"https:\/\/temporada-alta.com\/es\/\"},{\"@type\":\"ListItem\",\"position\":2,\"name\":\"Eventos\",\"item\":\"https:\/\/temporada-alta.com\/es\/events\/\"},{\"@type\":\"ListItem\",\"position\":3,\"name\":\"Perhaps all the dragons\"}]},{\"@type\":\"WebSite\",\"@id\":\"https:\/\/temporada-alta.com\/es\/#website\",\"url\":\"https:\/\/temporada-alta.com\/es\/\",\"name\":\"Temporada Alta\",\"description\":\"Festival d&#039;Arts Esc\u00e8niques\",\"publisher\":{\"@id\":\"https:\/\/temporada-alta.com\/es\/#organization\"},\"potentialAction\":[{\"@type\":\"SearchAction\",\"target\":{\"@type\":\"EntryPoint\",\"urlTemplate\":\"https:\/\/temporada-alta.com\/es\/?s={search_term_string}\"},\"query-input\":{\"@type\":\"PropertyValueSpecification\",\"valueRequired\":true,\"valueName\":\"search_term_string\"}}],\"inLanguage\":\"es\"},{\"@type\":\"Organization\",\"@id\":\"https:\/\/temporada-alta.com\/es\/#organization\",\"name\":\"Temporada Alta\",\"url\":\"https:\/\/temporada-alta.com\/es\/\",\"logo\":{\"@type\":\"ImageObject\",\"inLanguage\":\"es\",\"@id\":\"https:\/\/temporada-alta.com\/es\/#\/schema\/logo\/image\/\",\"url\":\"https:\/\/temporada-alta.com\/wp-content\/uploads\/TA21-Logotip-pos.png\",\"contentUrl\":\"https:\/\/temporada-alta.com\/wp-content\/uploads\/TA21-Logotip-pos.png\",\"width\":800,\"height\":267,\"caption\":\"Temporada Alta\"},\"image\":{\"@id\":\"https:\/\/temporada-alta.com\/es\/#\/schema\/logo\/image\/\"}}]}<\/script>\n<!-- \/ Yoast SEO plugin. -->","yoast_head_json":{"title":"Perhaps all the dragons - Temporada Alta","robots":{"index":"index","follow":"follow","max-snippet":"max-snippet:-1","max-image-preview":"max-image-preview:large","max-video-preview":"max-video-preview:-1"},"canonical":"https:\/\/temporada-alta.com\/es\/espectaculo\/perhaps-all-the-dragons\/","og_locale":"es_ES","og_type":"article","og_title":"Perhaps all the dragons - Temporada Alta","og_description":"La compa\u00f1\u00eda multidisciplinaria Berl\u00edn se presenta por primera vez en Temporada Alta Una mesa redonda con treinta pantallas....","og_url":"https:\/\/temporada-alta.com\/es\/espectaculo\/perhaps-all-the-dragons\/","og_site_name":"Temporada Alta","article_modified_time":"2019-03-28T10:52:31+00:00","og_image":[{"width":2560,"height":1703,"url":"https:\/\/temporada-alta.com\/wp-content\/uploads\/pad12_sigridspinnoxbx-scaled.jpg","type":"image\/jpeg"}],"twitter_card":"summary_large_image","schema":{"@context":"https:\/\/schema.org","@graph":[{"@type":"WebPage","@id":"https:\/\/temporada-alta.com\/es\/espectaculo\/perhaps-all-the-dragons\/","url":"https:\/\/temporada-alta.com\/es\/espectaculo\/perhaps-all-the-dragons\/","name":"Perhaps all the dragons - Temporada Alta","isPartOf":{"@id":"https:\/\/temporada-alta.com\/es\/#website"},"primaryImageOfPage":{"@id":"https:\/\/temporada-alta.com\/es\/espectaculo\/perhaps-all-the-dragons\/#primaryimage"},"image":{"@id":"https:\/\/temporada-alta.com\/es\/espectaculo\/perhaps-all-the-dragons\/#primaryimage"},"thumbnailUrl":"https:\/\/temporada-alta.com\/wp-content\/uploads\/pad12_sigridspinnoxbx-scaled.jpg","datePublished":"2015-08-10T12:34:57+00:00","dateModified":"2019-03-28T10:52:31+00:00","breadcrumb":{"@id":"https:\/\/temporada-alta.com\/es\/espectaculo\/perhaps-all-the-dragons\/#breadcrumb"},"inLanguage":"es","potentialAction":[{"@type":"ReadAction","target":["https:\/\/temporada-alta.com\/es\/espectaculo\/perhaps-all-the-dragons\/"]}]},{"@type":"ImageObject","inLanguage":"es","@id":"https:\/\/temporada-alta.com\/es\/espectaculo\/perhaps-all-the-dragons\/#primaryimage","url":"https:\/\/temporada-alta.com\/wp-content\/uploads\/pad12_sigridspinnoxbx-scaled.jpg","contentUrl":"https:\/\/temporada-alta.com\/wp-content\/uploads\/pad12_sigridspinnoxbx-scaled.jpg","width":2560,"height":1703},{"@type":"BreadcrumbList","@id":"https:\/\/temporada-alta.com\/es\/espectaculo\/perhaps-all-the-dragons\/#breadcrumb","itemListElement":[{"@type":"ListItem","position":1,"name":"Inici","item":"https:\/\/temporada-alta.com\/es\/"},{"@type":"ListItem","position":2,"name":"Eventos","item":"https:\/\/temporada-alta.com\/es\/events\/"},{"@type":"ListItem","position":3,"name":"Perhaps all the dragons"}]},{"@type":"WebSite","@id":"https:\/\/temporada-alta.com\/es\/#website","url":"https:\/\/temporada-alta.com\/es\/","name":"Temporada Alta","description":"Festival d&#039;Arts Esc\u00e8niques","publisher":{"@id":"https:\/\/temporada-alta.com\/es\/#organization"},"potentialAction":[{"@type":"SearchAction","target":{"@type":"EntryPoint","urlTemplate":"https:\/\/temporada-alta.com\/es\/?s={search_term_string}"},"query-input":{"@type":"PropertyValueSpecification","valueRequired":true,"valueName":"search_term_string"}}],"inLanguage":"es"},{"@type":"Organization","@id":"https:\/\/temporada-alta.com\/es\/#organization","name":"Temporada Alta","url":"https:\/\/temporada-alta.com\/es\/","logo":{"@type":"ImageObject","inLanguage":"es","@id":"https:\/\/temporada-alta.com\/es\/#\/schema\/logo\/image\/","url":"https:\/\/temporada-alta.com\/wp-content\/uploads\/TA21-Logotip-pos.png","contentUrl":"https:\/\/temporada-alta.com\/wp-content\/uploads\/TA21-Logotip-pos.png","width":800,"height":267,"caption":"Temporada Alta"},"image":{"@id":"https:\/\/temporada-alta.com\/es\/#\/schema\/logo\/image\/"}}]}},"_links":{"self":[{"href":"https:\/\/temporada-alta.com\/es\/wp-json\/wp\/v2\/tribe_events\/26286","targetHints":{"allow":["GET"]}}],"collection":[{"href":"https:\/\/temporada-alta.com\/es\/wp-json\/wp\/v2\/tribe_events"}],"about":[{"href":"https:\/\/temporada-alta.com\/es\/wp-json\/wp\/v2\/types\/tribe_events"}],"author":[{"embeddable":true,"href":"https:\/\/temporada-alta.com\/es\/wp-json\/wp\/v2\/users\/4"}],"version-history":[{"count":0,"href":"https:\/\/temporada-alta.com\/es\/wp-json\/wp\/v2\/tribe_events\/26286\/revisions"}],"wp:featuredmedia":[{"embeddable":true,"href":"https:\/\/temporada-alta.com\/es\/wp-json\/wp\/v2\/media\/26210"}],"wp:attachment":[{"href":"https:\/\/temporada-alta.com\/es\/wp-json\/wp\/v2\/media?parent=26286"}],"wp:term":[{"taxonomy":"post_tag","embeddable":true,"href":"https:\/\/temporada-alta.com\/es\/wp-json\/wp\/v2\/tags?post=26286"},{"taxonomy":"tribe_events_cat","embeddable":true,"href":"https:\/\/temporada-alta.com\/es\/wp-json\/wp\/v2\/tribe_events_cat?post=26286"}],"curies":[{"name":"wp","href":"https:\/\/api.w.org\/{rel}","templated":true}]}}

<div id="modal-ready"><h2>La compañía multidisciplinaria Berlín se presenta por primera vez en Temporada Alta</h2>
<p>Una mesa redonda con treinta pantallas. Treinta historias distintas unidas por la teoría de los seis grados de separación. El espectador decide qué historia quiere escuchar en esta instalación de formato revolucionario.</p>
</div>

<p>La compañía multidisciplinaria Berlín se presenta por primera vez en Temporada Alta Una mesa redonda con treinta pantallas&#8230;.</p>

<!-- This site is optimized with the Yoast SEO plugin v27.0 - https://yoast.com/product/yoast-seo-wordpress/ -->
<title>Perhaps all the dragons - Temporada Alta</title>
<meta name="robots" content="index, follow, max-snippet:-1, max-image-preview:large, max-video-preview:-1" />
<link rel="canonical" href="https://temporada-alta.com/es/espectaculo/perhaps-all-the-dragons/" />
<meta property="og:locale" content="es_ES" />
<meta property="og:type" content="article" />
<meta property="og:title" content="Perhaps all the dragons - Temporada Alta" />
<meta property="og:description" content="La compañía multidisciplinaria Berlín se presenta por primera vez en Temporada Alta Una mesa redonda con treinta pantallas...." />
<meta property="og:url" content="https://temporada-alta.com/es/espectaculo/perhaps-all-the-dragons/" />
<meta property="og:site_name" content="Temporada Alta" />
<meta property="article:modified_time" content="2019-03-28T10:52:31+00:00" />
<meta property="og:image" content="https://temporada-alta.com/wp-content/uploads/pad12_sigridspinnoxbx-scaled.jpg" />
	<meta property="og:image:width" content="2560" />
	<meta property="og:image:height" content="1703" />
	<meta property="og:image:type" content="image/jpeg" />
<meta name="twitter:card" content="summary_large_image" />
<script type="application/ld+json" class="yoast-schema-graph">{"@context":"https://schema.org","@graph":[{"@type":"WebPage","@id":"https://temporada-alta.com/es/espectaculo/perhaps-all-the-dragons/","url":"https://temporada-alta.com/es/espectaculo/perhaps-all-the-dragons/","name":"Perhaps all the dragons - Temporada Alta","isPartOf":{"@id":"https://temporada-alta.com/es/#website"},"primaryImageOfPage":{"@id":"https://temporada-alta.com/es/espectaculo/perhaps-all-the-dragons/#primaryimage"},"image":{"@id":"https://temporada-alta.com/es/espectaculo/perhaps-all-the-dragons/#primaryimage"},"thumbnailUrl":"https://temporada-alta.com/wp-content/uploads/pad12_sigridspinnoxbx-scaled.jpg","datePublished":"2015-08-10T12:34:57+00:00","dateModified":"2019-03-28T10:52:31+00:00","breadcrumb":{"@id":"https://temporada-alta.com/es/espectaculo/perhaps-all-the-dragons/#breadcrumb"},"inLanguage":"es","potentialAction":[{"@type":"ReadAction","target":["https://temporada-alta.com/es/espectaculo/perhaps-all-the-dragons/"]}]},{"@type":"ImageObject","inLanguage":"es","@id":"https://temporada-alta.com/es/espectaculo/perhaps-all-the-dragons/#primaryimage","url":"https://temporada-alta.com/wp-content/uploads/pad12_sigridspinnoxbx-scaled.jpg","contentUrl":"https://temporada-alta.com/wp-content/uploads/pad12_sigridspinnoxbx-scaled.jpg","width":2560,"height":1703},{"@type":"BreadcrumbList","@id":"https://temporada-alta.com/es/espectaculo/perhaps-all-the-dragons/#breadcrumb","itemListElement":[{"@type":"ListItem","position":1,"name":"Inici","item":"https://temporada-alta.com/es/"},{"@type":"ListItem","position":2,"name":"Eventos","item":"https://temporada-alta.com/es/events/"},{"@type":"ListItem","position":3,"name":"Perhaps all the dragons"}]},{"@type":"WebSite","@id":"https://temporada-alta.com/es/#website","url":"https://temporada-alta.com/es/","name":"Temporada Alta","description":"Festival d&#039;Arts Escèniques","publisher":{"@id":"https://temporada-alta.com/es/#organization"},"potentialAction":[{"@type":"SearchAction","target":{"@type":"EntryPoint","urlTemplate":"https://temporada-alta.com/es/?s={search_term_string}"},"query-input":{"@type":"PropertyValueSpecification","valueRequired":true,"valueName":"search_term_string"}}],"inLanguage":"es"},{"@type":"Organization","@id":"https://temporada-alta.com/es/#organization","name":"Temporada Alta","url":"https://temporada-alta.com/es/","logo":{"@type":"ImageObject","inLanguage":"es","@id":"https://temporada-alta.com/es/#/schema/logo/image/","url":"https://temporada-alta.com/wp-content/uploads/TA21-Logotip-pos.png","contentUrl":"https://temporada-alta.com/wp-content/uploads/TA21-Logotip-pos.png","width":800,"height":267,"caption":"Temporada Alta"},"image":{"@id":"https://temporada-alta.com/es/#/schema/logo/image/"}}]}</script>
<!-- / Yoast SEO plugin. -->

La compañía multidisciplinaria Berlín se presenta por primera vez en Temporada Alta Una mesa redonda con treinta pantallas....

Festival d&#039;Arts Escèniques
