{"id":26019,"date":"2014-10-24T12:23:21","date_gmt":"2014-10-24T10:23:21","guid":{"rendered":"https:\/\/www.temporada-alta.com\/event\/dilogos-con-artistas\/"},"modified":"2019-03-29T11:13:27","modified_gmt":"2019-03-29T10:13:27","slug":"dilogos-con-artistas","status":"publish","type":"tribe_events","link":"https:\/\/temporada-alta.com\/es\/espectaculo\/dilogos-con-artistas\/","title":{"rendered":"Di\u00e1logos con artistas"},"content":{"rendered":"<div id=\"modal-ready\"><h2>Procesos del teatro de objetos documental, encarnar la memoria de la materia<\/h2>\n<p><span style=\"line-height: 19.2000007629395px; font-family: inherit; font-size: 0.75rem;\">Los responsables del espect\u00e1culo <\/span><a style=\"line-height: 19.2000007629395px; font-family: inherit; font-size: 0.75rem;\" href=\"http:\/\/www.temporada-alta.net\/ca\/programacio\/268-la-maquina-de-la-soledad.html\"><em><strong>La m\u00e1quina de la soledad <\/strong><\/em><\/a><span style=\"line-height: 19.2000007629395px; font-family: inherit; font-size: 0.75rem;\">Shaday Larios i Jomi Oligor que se presenta los d\u00edas 31 de octubre i 1 de noviembre en Temporada Alta han estado invitados por la <a href=\"http:\/\/www3.udg.edu\/cacc\/\">C\u00e0tedra d&#8217;Art i Cultura Contemporanis <\/a>de la Universidad de Girona para hablar de su trabajo de recerca para crear este montaje de teatro de objetos.\u00a0<\/span><\/p>\n<p>&nbsp;<\/p>\n<p>El espect\u00e1culo, es un homenaje al objeto-carta y al correo postal, creado a partir del archivo de memorias y correspondencias de un gran n\u00famero de escribanos, carteros jubilados, archivos municipales y trabajadores de correos.<\/p>\n<p>Este, es el primer proyecto de la asociaci\u00f3n entre Shaday Larios de la compa\u00f1\u00eda mexicana Microscop\u00eda Teatro y Jomi Oligor de la compa\u00f1\u00eda espa\u00f1ola Hnos. Oligor. Los mismos artistas afirman que antes de este encuentro cada cual ya sent\u00eda una atracci\u00f3n personal por los objetos, la memoria, la micrologia, los mecanismos y la fragilidad.<\/p>\n<p>&nbsp;<\/p>\n<p><strong><span style=\"line-height: 19.2000007629395px;\">Aula de M\u00fasica\u00a0<\/span><\/strong><br style=\"line-height: 19.2000007629395px;\" \/><br \/>\n<span style=\"line-height: 19.2000007629395px;\">Facultat de lletres de la Universitat de Girona<\/p>\n<p><strong>ACCESO LIBRE I GRATU\u00cfTO<\/strong><\/span><\/p>\n<\/div>","protected":false},"excerpt":{"rendered":"<p>Procesos del teatro de objetos documental, encarnar la memoria de la materia Los responsables del espect\u00e1culo La m\u00e1quina&#8230;<\/p>\n","protected":false},"author":4,"featured_media":25799,"template":"","meta":{"_acf_changed":false,"_tribe_events_status":"","_tribe_events_status_reason":"","footnotes":""},"tags":[],"tribe_events_cat":[150],"class_list":["post-26019","tribe_events","type-tribe_events","status-publish","has-post-thumbnail","hentry","tribe_events_cat-150","cat_2014"],"acf":{"photo_gallery":{"gallery":[[]]}},"yoast_head":"<!-- This site is optimized with the Yoast SEO plugin v27.0 - https:\/\/yoast.com\/product\/yoast-seo-wordpress\/ -->\n<title>Di\u00e1logos con artistas - Temporada Alta<\/title>\n<meta name=\"robots\" content=\"index, follow, max-snippet:-1, max-image-preview:large, max-video-preview:-1\" \/>\n<link rel=\"canonical\" href=\"https:\/\/temporada-alta.com\/es\/espectaculo\/dilogos-con-artistas\/\" \/>\n<meta property=\"og:locale\" content=\"es_ES\" \/>\n<meta property=\"og:type\" content=\"article\" \/>\n<meta property=\"og:title\" content=\"Di\u00e1logos con artistas - Temporada Alta\" \/>\n<meta property=\"og:description\" content=\"Procesos del teatro de objetos documental, encarnar la memoria de la materia Los responsables del espect\u00e1culo La m\u00e1quina...\" \/>\n<meta property=\"og:url\" content=\"https:\/\/temporada-alta.com\/es\/espectaculo\/dilogos-con-artistas\/\" \/>\n<meta property=\"og:site_name\" content=\"Temporada Alta\" \/>\n<meta property=\"article:modified_time\" content=\"2019-03-29T10:13:27+00:00\" \/>\n<meta property=\"og:image\" content=\"https:\/\/temporada-alta.com\/wp-content\/uploads\/micropaisaje-2_bx2.jpg\" \/>\n\t<meta property=\"og:image:width\" content=\"1000\" \/>\n\t<meta property=\"og:image:height\" content=\"747\" \/>\n\t<meta property=\"og:image:type\" content=\"image\/jpeg\" \/>\n<meta name=\"twitter:card\" content=\"summary_large_image\" \/>\n<script type=\"application\/ld+json\" class=\"yoast-schema-graph\">{\"@context\":\"https:\/\/schema.org\",\"@graph\":[{\"@type\":\"WebPage\",\"@id\":\"https:\/\/temporada-alta.com\/es\/espectaculo\/dilogos-con-artistas\/\",\"url\":\"https:\/\/temporada-alta.com\/es\/espectaculo\/dilogos-con-artistas\/\",\"name\":\"Di\u00e1logos con artistas - Temporada Alta\",\"isPartOf\":{\"@id\":\"https:\/\/temporada-alta.com\/es\/#website\"},\"primaryImageOfPage\":{\"@id\":\"https:\/\/temporada-alta.com\/es\/espectaculo\/dilogos-con-artistas\/#primaryimage\"},\"image\":{\"@id\":\"https:\/\/temporada-alta.com\/es\/espectaculo\/dilogos-con-artistas\/#primaryimage\"},\"thumbnailUrl\":\"https:\/\/temporada-alta.com\/wp-content\/uploads\/micropaisaje-2_bx2.jpg\",\"datePublished\":\"2014-10-24T10:23:21+00:00\",\"dateModified\":\"2019-03-29T10:13:27+00:00\",\"breadcrumb\":{\"@id\":\"https:\/\/temporada-alta.com\/es\/espectaculo\/dilogos-con-artistas\/#breadcrumb\"},\"inLanguage\":\"es\",\"potentialAction\":[{\"@type\":\"ReadAction\",\"target\":[\"https:\/\/temporada-alta.com\/es\/espectaculo\/dilogos-con-artistas\/\"]}]},{\"@type\":\"ImageObject\",\"inLanguage\":\"es\",\"@id\":\"https:\/\/temporada-alta.com\/es\/espectaculo\/dilogos-con-artistas\/#primaryimage\",\"url\":\"https:\/\/temporada-alta.com\/wp-content\/uploads\/micropaisaje-2_bx2.jpg\",\"contentUrl\":\"https:\/\/temporada-alta.com\/wp-content\/uploads\/micropaisaje-2_bx2.jpg\",\"width\":1000,\"height\":747},{\"@type\":\"BreadcrumbList\",\"@id\":\"https:\/\/temporada-alta.com\/es\/espectaculo\/dilogos-con-artistas\/#breadcrumb\",\"itemListElement\":[{\"@type\":\"ListItem\",\"position\":1,\"name\":\"Inici\",\"item\":\"https:\/\/temporada-alta.com\/es\/\"},{\"@type\":\"ListItem\",\"position\":2,\"name\":\"Eventos\",\"item\":\"https:\/\/temporada-alta.com\/es\/events\/\"},{\"@type\":\"ListItem\",\"position\":3,\"name\":\"Di\u00e1logos con artistas\"}]},{\"@type\":\"WebSite\",\"@id\":\"https:\/\/temporada-alta.com\/es\/#website\",\"url\":\"https:\/\/temporada-alta.com\/es\/\",\"name\":\"Temporada Alta\",\"description\":\"Festival d&#039;Arts Esc\u00e8niques\",\"publisher\":{\"@id\":\"https:\/\/temporada-alta.com\/es\/#organization\"},\"potentialAction\":[{\"@type\":\"SearchAction\",\"target\":{\"@type\":\"EntryPoint\",\"urlTemplate\":\"https:\/\/temporada-alta.com\/es\/?s={search_term_string}\"},\"query-input\":{\"@type\":\"PropertyValueSpecification\",\"valueRequired\":true,\"valueName\":\"search_term_string\"}}],\"inLanguage\":\"es\"},{\"@type\":\"Organization\",\"@id\":\"https:\/\/temporada-alta.com\/es\/#organization\",\"name\":\"Temporada Alta\",\"url\":\"https:\/\/temporada-alta.com\/es\/\",\"logo\":{\"@type\":\"ImageObject\",\"inLanguage\":\"es\",\"@id\":\"https:\/\/temporada-alta.com\/es\/#\/schema\/logo\/image\/\",\"url\":\"https:\/\/temporada-alta.com\/wp-content\/uploads\/TA21-Logotip-pos.png\",\"contentUrl\":\"https:\/\/temporada-alta.com\/wp-content\/uploads\/TA21-Logotip-pos.png\",\"width\":800,\"height\":267,\"caption\":\"Temporada Alta\"},\"image\":{\"@id\":\"https:\/\/temporada-alta.com\/es\/#\/schema\/logo\/image\/\"}}]}<\/script>\n<!-- \/ Yoast SEO plugin. -->","yoast_head_json":{"title":"Di\u00e1logos con artistas - Temporada Alta","robots":{"index":"index","follow":"follow","max-snippet":"max-snippet:-1","max-image-preview":"max-image-preview:large","max-video-preview":"max-video-preview:-1"},"canonical":"https:\/\/temporada-alta.com\/es\/espectaculo\/dilogos-con-artistas\/","og_locale":"es_ES","og_type":"article","og_title":"Di\u00e1logos con artistas - Temporada Alta","og_description":"Procesos del teatro de objetos documental, encarnar la memoria de la materia Los responsables del espect\u00e1culo La m\u00e1quina...","og_url":"https:\/\/temporada-alta.com\/es\/espectaculo\/dilogos-con-artistas\/","og_site_name":"Temporada Alta","article_modified_time":"2019-03-29T10:13:27+00:00","og_image":[{"width":1000,"height":747,"url":"https:\/\/temporada-alta.com\/wp-content\/uploads\/micropaisaje-2_bx2.jpg","type":"image\/jpeg"}],"twitter_card":"summary_large_image","schema":{"@context":"https:\/\/schema.org","@graph":[{"@type":"WebPage","@id":"https:\/\/temporada-alta.com\/es\/espectaculo\/dilogos-con-artistas\/","url":"https:\/\/temporada-alta.com\/es\/espectaculo\/dilogos-con-artistas\/","name":"Di\u00e1logos con artistas - Temporada Alta","isPartOf":{"@id":"https:\/\/temporada-alta.com\/es\/#website"},"primaryImageOfPage":{"@id":"https:\/\/temporada-alta.com\/es\/espectaculo\/dilogos-con-artistas\/#primaryimage"},"image":{"@id":"https:\/\/temporada-alta.com\/es\/espectaculo\/dilogos-con-artistas\/#primaryimage"},"thumbnailUrl":"https:\/\/temporada-alta.com\/wp-content\/uploads\/micropaisaje-2_bx2.jpg","datePublished":"2014-10-24T10:23:21+00:00","dateModified":"2019-03-29T10:13:27+00:00","breadcrumb":{"@id":"https:\/\/temporada-alta.com\/es\/espectaculo\/dilogos-con-artistas\/#breadcrumb"},"inLanguage":"es","potentialAction":[{"@type":"ReadAction","target":["https:\/\/temporada-alta.com\/es\/espectaculo\/dilogos-con-artistas\/"]}]},{"@type":"ImageObject","inLanguage":"es","@id":"https:\/\/temporada-alta.com\/es\/espectaculo\/dilogos-con-artistas\/#primaryimage","url":"https:\/\/temporada-alta.com\/wp-content\/uploads\/micropaisaje-2_bx2.jpg","contentUrl":"https:\/\/temporada-alta.com\/wp-content\/uploads\/micropaisaje-2_bx2.jpg","width":1000,"height":747},{"@type":"BreadcrumbList","@id":"https:\/\/temporada-alta.com\/es\/espectaculo\/dilogos-con-artistas\/#breadcrumb","itemListElement":[{"@type":"ListItem","position":1,"name":"Inici","item":"https:\/\/temporada-alta.com\/es\/"},{"@type":"ListItem","position":2,"name":"Eventos","item":"https:\/\/temporada-alta.com\/es\/events\/"},{"@type":"ListItem","position":3,"name":"Di\u00e1logos con artistas"}]},{"@type":"WebSite","@id":"https:\/\/temporada-alta.com\/es\/#website","url":"https:\/\/temporada-alta.com\/es\/","name":"Temporada Alta","description":"Festival d&#039;Arts Esc\u00e8niques","publisher":{"@id":"https:\/\/temporada-alta.com\/es\/#organization"},"potentialAction":[{"@type":"SearchAction","target":{"@type":"EntryPoint","urlTemplate":"https:\/\/temporada-alta.com\/es\/?s={search_term_string}"},"query-input":{"@type":"PropertyValueSpecification","valueRequired":true,"valueName":"search_term_string"}}],"inLanguage":"es"},{"@type":"Organization","@id":"https:\/\/temporada-alta.com\/es\/#organization","name":"Temporada Alta","url":"https:\/\/temporada-alta.com\/es\/","logo":{"@type":"ImageObject","inLanguage":"es","@id":"https:\/\/temporada-alta.com\/es\/#\/schema\/logo\/image\/","url":"https:\/\/temporada-alta.com\/wp-content\/uploads\/TA21-Logotip-pos.png","contentUrl":"https:\/\/temporada-alta.com\/wp-content\/uploads\/TA21-Logotip-pos.png","width":800,"height":267,"caption":"Temporada Alta"},"image":{"@id":"https:\/\/temporada-alta.com\/es\/#\/schema\/logo\/image\/"}}]}},"_links":{"self":[{"href":"https:\/\/temporada-alta.com\/es\/wp-json\/wp\/v2\/tribe_events\/26019","targetHints":{"allow":["GET"]}}],"collection":[{"href":"https:\/\/temporada-alta.com\/es\/wp-json\/wp\/v2\/tribe_events"}],"about":[{"href":"https:\/\/temporada-alta.com\/es\/wp-json\/wp\/v2\/types\/tribe_events"}],"author":[{"embeddable":true,"href":"https:\/\/temporada-alta.com\/es\/wp-json\/wp\/v2\/users\/4"}],"version-history":[{"count":0,"href":"https:\/\/temporada-alta.com\/es\/wp-json\/wp\/v2\/tribe_events\/26019\/revisions"}],"wp:featuredmedia":[{"embeddable":true,"href":"https:\/\/temporada-alta.com\/es\/wp-json\/wp\/v2\/media\/25799"}],"wp:attachment":[{"href":"https:\/\/temporada-alta.com\/es\/wp-json\/wp\/v2\/media?parent=26019"}],"wp:term":[{"taxonomy":"post_tag","embeddable":true,"href":"https:\/\/temporada-alta.com\/es\/wp-json\/wp\/v2\/tags?post=26019"},{"taxonomy":"tribe_events_cat","embeddable":true,"href":"https:\/\/temporada-alta.com\/es\/wp-json\/wp\/v2\/tribe_events_cat?post=26019"}],"curies":[{"name":"wp","href":"https:\/\/api.w.org\/{rel}","templated":true}]}}

Diálogos con artistas

<div id="modal-ready"><h2>Procesos del teatro de objetos documental, encarnar la memoria de la materia</h2>
<p><span style="line-height: 19.2000007629395px; font-family: inherit; font-size: 0.75rem;">Los responsables del espectáculo </span><a style="line-height: 19.2000007629395px; font-family: inherit; font-size: 0.75rem;" href="http://www.temporada-alta.net/ca/programacio/268-la-maquina-de-la-soledad.html"><em><strong>La máquina de la soledad </strong></em></a><span style="line-height: 19.2000007629395px; font-family: inherit; font-size: 0.75rem;">Shaday Larios i Jomi Oligor que se presenta los días 31 de octubre i 1 de noviembre en Temporada Alta han estado invitados por la <a href="http://www3.udg.edu/cacc/">Càtedra d&#8217;Art i Cultura Contemporanis </a>de la Universidad de Girona para hablar de su trabajo de recerca para crear este montaje de teatro de objetos. </span></p>
<p>&nbsp;</p>
<p>El espectáculo, es un homenaje al objeto-carta y al correo postal, creado a partir del archivo de memorias y correspondencias de un gran número de escribanos, carteros jubilados, archivos municipales y trabajadores de correos.</p>
<p>Este, es el primer proyecto de la asociación entre Shaday Larios de la compañía mexicana Microscopía Teatro y Jomi Oligor de la compañía española Hnos. Oligor. Los mismos artistas afirman que antes de este encuentro cada cual ya sentía una atracción personal por los objetos, la memoria, la micrologia, los mecanismos y la fragilidad.</p>
<p>&nbsp;</p>
<p><strong><span style="line-height: 19.2000007629395px;">Aula de Música </span></strong><br style="line-height: 19.2000007629395px;" /><br />
<span style="line-height: 19.2000007629395px;">Facultat de lletres de la Universitat de Girona</p>
<p><strong>ACCESO LIBRE I GRATUÏTO</strong></span></p>
</div>

<p>Procesos del teatro de objetos documental, encarnar la memoria de la materia Los responsables del espectáculo La máquina&#8230;</p>

<!-- This site is optimized with the Yoast SEO plugin v27.0 - https://yoast.com/product/yoast-seo-wordpress/ -->
<title>Diálogos con artistas - Temporada Alta</title>
<meta name="robots" content="index, follow, max-snippet:-1, max-image-preview:large, max-video-preview:-1" />
<link rel="canonical" href="https://temporada-alta.com/es/espectaculo/dilogos-con-artistas/" />
<meta property="og:locale" content="es_ES" />
<meta property="og:type" content="article" />
<meta property="og:title" content="Diálogos con artistas - Temporada Alta" />
<meta property="og:description" content="Procesos del teatro de objetos documental, encarnar la memoria de la materia Los responsables del espectáculo La máquina..." />
<meta property="og:url" content="https://temporada-alta.com/es/espectaculo/dilogos-con-artistas/" />
<meta property="og:site_name" content="Temporada Alta" />
<meta property="article:modified_time" content="2019-03-29T10:13:27+00:00" />
<meta property="og:image" content="https://temporada-alta.com/wp-content/uploads/micropaisaje-2_bx2.jpg" />
	<meta property="og:image:width" content="1000" />
	<meta property="og:image:height" content="747" />
	<meta property="og:image:type" content="image/jpeg" />
<meta name="twitter:card" content="summary_large_image" />
<script type="application/ld+json" class="yoast-schema-graph">{"@context":"https://schema.org","@graph":[{"@type":"WebPage","@id":"https://temporada-alta.com/es/espectaculo/dilogos-con-artistas/","url":"https://temporada-alta.com/es/espectaculo/dilogos-con-artistas/","name":"Diálogos con artistas - Temporada Alta","isPartOf":{"@id":"https://temporada-alta.com/es/#website"},"primaryImageOfPage":{"@id":"https://temporada-alta.com/es/espectaculo/dilogos-con-artistas/#primaryimage"},"image":{"@id":"https://temporada-alta.com/es/espectaculo/dilogos-con-artistas/#primaryimage"},"thumbnailUrl":"https://temporada-alta.com/wp-content/uploads/micropaisaje-2_bx2.jpg","datePublished":"2014-10-24T10:23:21+00:00","dateModified":"2019-03-29T10:13:27+00:00","breadcrumb":{"@id":"https://temporada-alta.com/es/espectaculo/dilogos-con-artistas/#breadcrumb"},"inLanguage":"es","potentialAction":[{"@type":"ReadAction","target":["https://temporada-alta.com/es/espectaculo/dilogos-con-artistas/"]}]},{"@type":"ImageObject","inLanguage":"es","@id":"https://temporada-alta.com/es/espectaculo/dilogos-con-artistas/#primaryimage","url":"https://temporada-alta.com/wp-content/uploads/micropaisaje-2_bx2.jpg","contentUrl":"https://temporada-alta.com/wp-content/uploads/micropaisaje-2_bx2.jpg","width":1000,"height":747},{"@type":"BreadcrumbList","@id":"https://temporada-alta.com/es/espectaculo/dilogos-con-artistas/#breadcrumb","itemListElement":[{"@type":"ListItem","position":1,"name":"Inici","item":"https://temporada-alta.com/es/"},{"@type":"ListItem","position":2,"name":"Eventos","item":"https://temporada-alta.com/es/events/"},{"@type":"ListItem","position":3,"name":"Diálogos con artistas"}]},{"@type":"WebSite","@id":"https://temporada-alta.com/es/#website","url":"https://temporada-alta.com/es/","name":"Temporada Alta","description":"Festival d&#039;Arts Escèniques","publisher":{"@id":"https://temporada-alta.com/es/#organization"},"potentialAction":[{"@type":"SearchAction","target":{"@type":"EntryPoint","urlTemplate":"https://temporada-alta.com/es/?s={search_term_string}"},"query-input":{"@type":"PropertyValueSpecification","valueRequired":true,"valueName":"search_term_string"}}],"inLanguage":"es"},{"@type":"Organization","@id":"https://temporada-alta.com/es/#organization","name":"Temporada Alta","url":"https://temporada-alta.com/es/","logo":{"@type":"ImageObject","inLanguage":"es","@id":"https://temporada-alta.com/es/#/schema/logo/image/","url":"https://temporada-alta.com/wp-content/uploads/TA21-Logotip-pos.png","contentUrl":"https://temporada-alta.com/wp-content/uploads/TA21-Logotip-pos.png","width":800,"height":267,"caption":"Temporada Alta"},"image":{"@id":"https://temporada-alta.com/es/#/schema/logo/image/"}}]}</script>
<!-- / Yoast SEO plugin. -->

Diálogos con artistas - Temporada Alta

Procesos del teatro de objetos documental, encarnar la memoria de la materia Los responsables del espectáculo La máquina...

Festival d&#039;Arts Escèniques
