{"id":26016,"date":"2014-09-24T11:43:12","date_gmt":"2014-09-24T09:43:12","guid":{"rendered":"https:\/\/www.temporada-alta.com\/event\/los-lmites-de-la-ciudad-turstica\/"},"modified":"2019-03-28T13:34:41","modified_gmt":"2019-03-28T12:34:41","slug":"los-lmites-de-la-ciudad-turstica","status":"publish","type":"tribe_events","link":"https:\/\/temporada-alta.com\/es\/espectaculo\/los-lmites-de-la-ciudad-turstica\/","title":{"rendered":"Los l\u00edmites de la ciudad tur\u00edstica"},"content":{"rendered":"<div id=\"modal-ready\"><h2>Gir 180 graus &#8211; El turismo cultural del futuro<\/h2>\n<p style=\"font-family: 'Helvetica Neue', Helvetica, Helvetica, Arial, sans-serif; font-size: 12px;\">\n<strong>JORNADA PRIMERA &#8211; Los l\u00edmites de la ciudad tur\u00edstica<\/strong><\/p>\n<p>&nbsp;<\/p>\n<p style=\"font-family: 'Helvetica Neue', Helvetica, Helvetica, Arial, sans-serif; font-size: 12px;\">\nGir 180 graus es un f\u00f3rum abierto sobre los l\u00edmites de la ciudad tur\u00edstica y sobre los retos del nuevo escenario. Tiene la voluntad de devenir un intercambio de ideas entre pensadores, gestores i ciudadanos, con la intenci\u00f3n de reconstruir iniciativas, modelos y estrategias y, sobretodo, para repensar el turismo de las ciudades medianas.<\/p>\n<p>&nbsp;<\/p>\n<p style=\"font-family: 'Helvetica Neue', Helvetica, Helvetica, Arial, sans-serif; font-size: 12px;\">\nLa primera sesi\u00f3n &#8211;<em>Los l\u00edmites de la ciudad tur\u00edstica<\/em>&#8211; parte del caso de Venecia para evidenciar los problemas del sistema cl\u00e1sico del turismo cultural y las tensiones entre la ciudad y el turismo.<\/p>\n<p>&nbsp;<\/p>\n<p style=\"font-family: 'Helvetica Neue', Helvetica, Helvetica, Arial, sans-serif; font-size: 12px;\">\nCoordinador de las jornadas:<strong>\u00a0Jos\u00e9 Antonio Donaire<\/strong><\/p>\n<p>&nbsp;<\/p>\n<p style=\"font-family: 'Helvetica Neue', Helvetica, Helvetica, Arial, sans-serif; font-size: 12px;\">\n<span style=\"line-height: 19.2000007629395px;\">Parte del caso de Venecia para evidenciar los problemas del sistema cl\u00e1sico del turismo cultural y las tensiones entre la ciudad y el turismo. \u00a0<\/span><\/p>\n<p>&nbsp;<\/p>\n<p style=\"font-family: 'Helvetica Neue', Helvetica, Helvetica, Arial, sans-serif; font-size: 12px;\">\n<strong>Joaquim Nadal,<\/strong>\u00a0presidente de la Fundaci\u00f3 La Ciutat Invisible<\/p>\n<p><strong style=\"line-height: 1.6; font-family: inherit; font-size: 0.75rem;\">Antonio Paolo Russo,<\/strong><span style=\"font-family: inherit; font-size: 0.75rem; line-height: 1.6;\">\u00a0profesor de la Universitat Rovira i Virgili<\/span><\/p>\n<p><em style=\"line-height: 1.6; color: #b22222; font-family: inherit; font-size: 0.75rem;\">Turismo vs ciudad. Lecciones des de Venecia<\/em><\/p>\n<p>&nbsp;<\/p>\n<p style=\"font-family: 'Helvetica Neue', Helvetica, Helvetica, Arial, sans-serif; font-size: 12px;\">\n<strong>Jos\u00e9 Antonio Donaire,<\/strong>\u00a0director del\u00a0<span style=\"font-family: inherit; font-size: 0.75rem; line-height: 1.6;\">Institut Superior d\u2019Estudis Tur\u00edstics\u00a0<\/span><\/p>\n<p>&nbsp;<\/p>\n<p style=\"font-family: 'Helvetica Neue', Helvetica, Helvetica, Arial, sans-serif; font-size: 12px;\">\n<strong>M\u00e1s informaci\u00f3n y inscripciones\u00a0<\/strong><b style=\"line-height: 19.2000007629395px;\"><u><a href=\"http:\/\/www.ciutatinvisible.org\/index.php\/jornades\"><span style=\"color: #b22222;\">aqu\u00ed<\/span><\/a><\/u><\/b><\/p>\n<\/div>","protected":false},"excerpt":{"rendered":"<p>Gir 180 graus &#8211; El turismo cultural del futuro JORNADA PRIMERA &#8211; Los l\u00edmites de la ciudad tur\u00edstica&#8230;<\/p>\n","protected":false},"author":4,"featured_media":25970,"template":"","meta":{"_acf_changed":false,"_tribe_events_status":"","_tribe_events_status_reason":"","footnotes":""},"tags":[],"tribe_events_cat":[150],"class_list":["post-26016","tribe_events","type-tribe_events","status-publish","has-post-thumbnail","hentry","tribe_events_cat-150","cat_2014"],"acf":{"photo_gallery":{"gallery":[[]]}},"yoast_head":"<!-- This site is optimized with the Yoast SEO plugin v27.0 - https:\/\/yoast.com\/product\/yoast-seo-wordpress\/ -->\n<title>Los l\u00edmites de la ciudad tur\u00edstica - Temporada Alta<\/title>\n<meta name=\"robots\" content=\"index, follow, max-snippet:-1, max-image-preview:large, max-video-preview:-1\" \/>\n<link rel=\"canonical\" href=\"https:\/\/temporada-alta.com\/es\/espectaculo\/los-lmites-de-la-ciudad-turstica\/\" \/>\n<meta property=\"og:locale\" content=\"es_ES\" \/>\n<meta property=\"og:type\" content=\"article\" \/>\n<meta property=\"og:title\" content=\"Los l\u00edmites de la ciudad tur\u00edstica - Temporada Alta\" \/>\n<meta property=\"og:description\" content=\"Gir 180 graus &#8211; El turismo cultural del futuro JORNADA PRIMERA &#8211; Los l\u00edmites de la ciudad tur\u00edstica...\" \/>\n<meta property=\"og:url\" content=\"https:\/\/temporada-alta.com\/es\/espectaculo\/los-lmites-de-la-ciudad-turstica\/\" \/>\n<meta property=\"og:site_name\" content=\"Temporada Alta\" \/>\n<meta property=\"article:modified_time\" content=\"2019-03-28T12:34:41+00:00\" \/>\n<meta property=\"og:image\" content=\"https:\/\/temporada-alta.com\/wp-content\/uploads\/gir11.jpg\" \/>\n\t<meta property=\"og:image:width\" content=\"2048\" \/>\n\t<meta property=\"og:image:height\" content=\"1294\" \/>\n\t<meta property=\"og:image:type\" content=\"image\/jpeg\" \/>\n<meta name=\"twitter:card\" content=\"summary_large_image\" \/>\n<script type=\"application\/ld+json\" class=\"yoast-schema-graph\">{\"@context\":\"https:\/\/schema.org\",\"@graph\":[{\"@type\":\"WebPage\",\"@id\":\"https:\/\/temporada-alta.com\/es\/espectaculo\/los-lmites-de-la-ciudad-turstica\/\",\"url\":\"https:\/\/temporada-alta.com\/es\/espectaculo\/los-lmites-de-la-ciudad-turstica\/\",\"name\":\"Los l\u00edmites de la ciudad tur\u00edstica - Temporada Alta\",\"isPartOf\":{\"@id\":\"https:\/\/temporada-alta.com\/es\/#website\"},\"primaryImageOfPage\":{\"@id\":\"https:\/\/temporada-alta.com\/es\/espectaculo\/los-lmites-de-la-ciudad-turstica\/#primaryimage\"},\"image\":{\"@id\":\"https:\/\/temporada-alta.com\/es\/espectaculo\/los-lmites-de-la-ciudad-turstica\/#primaryimage\"},\"thumbnailUrl\":\"https:\/\/temporada-alta.com\/wp-content\/uploads\/gir11.jpg\",\"datePublished\":\"2014-09-24T09:43:12+00:00\",\"dateModified\":\"2019-03-28T12:34:41+00:00\",\"breadcrumb\":{\"@id\":\"https:\/\/temporada-alta.com\/es\/espectaculo\/los-lmites-de-la-ciudad-turstica\/#breadcrumb\"},\"inLanguage\":\"es\",\"potentialAction\":[{\"@type\":\"ReadAction\",\"target\":[\"https:\/\/temporada-alta.com\/es\/espectaculo\/los-lmites-de-la-ciudad-turstica\/\"]}]},{\"@type\":\"ImageObject\",\"inLanguage\":\"es\",\"@id\":\"https:\/\/temporada-alta.com\/es\/espectaculo\/los-lmites-de-la-ciudad-turstica\/#primaryimage\",\"url\":\"https:\/\/temporada-alta.com\/wp-content\/uploads\/gir11.jpg\",\"contentUrl\":\"https:\/\/temporada-alta.com\/wp-content\/uploads\/gir11.jpg\",\"width\":2048,\"height\":1294},{\"@type\":\"BreadcrumbList\",\"@id\":\"https:\/\/temporada-alta.com\/es\/espectaculo\/los-lmites-de-la-ciudad-turstica\/#breadcrumb\",\"itemListElement\":[{\"@type\":\"ListItem\",\"position\":1,\"name\":\"Inici\",\"item\":\"https:\/\/temporada-alta.com\/es\/\"},{\"@type\":\"ListItem\",\"position\":2,\"name\":\"Eventos\",\"item\":\"https:\/\/temporada-alta.com\/es\/events\/\"},{\"@type\":\"ListItem\",\"position\":3,\"name\":\"Los l\u00edmites de la ciudad tur\u00edstica\"}]},{\"@type\":\"WebSite\",\"@id\":\"https:\/\/temporada-alta.com\/es\/#website\",\"url\":\"https:\/\/temporada-alta.com\/es\/\",\"name\":\"Temporada Alta\",\"description\":\"Festival d&#039;Arts Esc\u00e8niques\",\"publisher\":{\"@id\":\"https:\/\/temporada-alta.com\/es\/#organization\"},\"potentialAction\":[{\"@type\":\"SearchAction\",\"target\":{\"@type\":\"EntryPoint\",\"urlTemplate\":\"https:\/\/temporada-alta.com\/es\/?s={search_term_string}\"},\"query-input\":{\"@type\":\"PropertyValueSpecification\",\"valueRequired\":true,\"valueName\":\"search_term_string\"}}],\"inLanguage\":\"es\"},{\"@type\":\"Organization\",\"@id\":\"https:\/\/temporada-alta.com\/es\/#organization\",\"name\":\"Temporada Alta\",\"url\":\"https:\/\/temporada-alta.com\/es\/\",\"logo\":{\"@type\":\"ImageObject\",\"inLanguage\":\"es\",\"@id\":\"https:\/\/temporada-alta.com\/es\/#\/schema\/logo\/image\/\",\"url\":\"https:\/\/temporada-alta.com\/wp-content\/uploads\/TA21-Logotip-pos.png\",\"contentUrl\":\"https:\/\/temporada-alta.com\/wp-content\/uploads\/TA21-Logotip-pos.png\",\"width\":800,\"height\":267,\"caption\":\"Temporada Alta\"},\"image\":{\"@id\":\"https:\/\/temporada-alta.com\/es\/#\/schema\/logo\/image\/\"}}]}<\/script>\n<!-- \/ Yoast SEO plugin. -->","yoast_head_json":{"title":"Los l\u00edmites de la ciudad tur\u00edstica - Temporada Alta","robots":{"index":"index","follow":"follow","max-snippet":"max-snippet:-1","max-image-preview":"max-image-preview:large","max-video-preview":"max-video-preview:-1"},"canonical":"https:\/\/temporada-alta.com\/es\/espectaculo\/los-lmites-de-la-ciudad-turstica\/","og_locale":"es_ES","og_type":"article","og_title":"Los l\u00edmites de la ciudad tur\u00edstica - Temporada Alta","og_description":"Gir 180 graus &#8211; El turismo cultural del futuro JORNADA PRIMERA &#8211; Los l\u00edmites de la ciudad tur\u00edstica...","og_url":"https:\/\/temporada-alta.com\/es\/espectaculo\/los-lmites-de-la-ciudad-turstica\/","og_site_name":"Temporada Alta","article_modified_time":"2019-03-28T12:34:41+00:00","og_image":[{"width":2048,"height":1294,"url":"https:\/\/temporada-alta.com\/wp-content\/uploads\/gir11.jpg","type":"image\/jpeg"}],"twitter_card":"summary_large_image","schema":{"@context":"https:\/\/schema.org","@graph":[{"@type":"WebPage","@id":"https:\/\/temporada-alta.com\/es\/espectaculo\/los-lmites-de-la-ciudad-turstica\/","url":"https:\/\/temporada-alta.com\/es\/espectaculo\/los-lmites-de-la-ciudad-turstica\/","name":"Los l\u00edmites de la ciudad tur\u00edstica - Temporada Alta","isPartOf":{"@id":"https:\/\/temporada-alta.com\/es\/#website"},"primaryImageOfPage":{"@id":"https:\/\/temporada-alta.com\/es\/espectaculo\/los-lmites-de-la-ciudad-turstica\/#primaryimage"},"image":{"@id":"https:\/\/temporada-alta.com\/es\/espectaculo\/los-lmites-de-la-ciudad-turstica\/#primaryimage"},"thumbnailUrl":"https:\/\/temporada-alta.com\/wp-content\/uploads\/gir11.jpg","datePublished":"2014-09-24T09:43:12+00:00","dateModified":"2019-03-28T12:34:41+00:00","breadcrumb":{"@id":"https:\/\/temporada-alta.com\/es\/espectaculo\/los-lmites-de-la-ciudad-turstica\/#breadcrumb"},"inLanguage":"es","potentialAction":[{"@type":"ReadAction","target":["https:\/\/temporada-alta.com\/es\/espectaculo\/los-lmites-de-la-ciudad-turstica\/"]}]},{"@type":"ImageObject","inLanguage":"es","@id":"https:\/\/temporada-alta.com\/es\/espectaculo\/los-lmites-de-la-ciudad-turstica\/#primaryimage","url":"https:\/\/temporada-alta.com\/wp-content\/uploads\/gir11.jpg","contentUrl":"https:\/\/temporada-alta.com\/wp-content\/uploads\/gir11.jpg","width":2048,"height":1294},{"@type":"BreadcrumbList","@id":"https:\/\/temporada-alta.com\/es\/espectaculo\/los-lmites-de-la-ciudad-turstica\/#breadcrumb","itemListElement":[{"@type":"ListItem","position":1,"name":"Inici","item":"https:\/\/temporada-alta.com\/es\/"},{"@type":"ListItem","position":2,"name":"Eventos","item":"https:\/\/temporada-alta.com\/es\/events\/"},{"@type":"ListItem","position":3,"name":"Los l\u00edmites de la ciudad tur\u00edstica"}]},{"@type":"WebSite","@id":"https:\/\/temporada-alta.com\/es\/#website","url":"https:\/\/temporada-alta.com\/es\/","name":"Temporada Alta","description":"Festival d&#039;Arts Esc\u00e8niques","publisher":{"@id":"https:\/\/temporada-alta.com\/es\/#organization"},"potentialAction":[{"@type":"SearchAction","target":{"@type":"EntryPoint","urlTemplate":"https:\/\/temporada-alta.com\/es\/?s={search_term_string}"},"query-input":{"@type":"PropertyValueSpecification","valueRequired":true,"valueName":"search_term_string"}}],"inLanguage":"es"},{"@type":"Organization","@id":"https:\/\/temporada-alta.com\/es\/#organization","name":"Temporada Alta","url":"https:\/\/temporada-alta.com\/es\/","logo":{"@type":"ImageObject","inLanguage":"es","@id":"https:\/\/temporada-alta.com\/es\/#\/schema\/logo\/image\/","url":"https:\/\/temporada-alta.com\/wp-content\/uploads\/TA21-Logotip-pos.png","contentUrl":"https:\/\/temporada-alta.com\/wp-content\/uploads\/TA21-Logotip-pos.png","width":800,"height":267,"caption":"Temporada Alta"},"image":{"@id":"https:\/\/temporada-alta.com\/es\/#\/schema\/logo\/image\/"}}]}},"_links":{"self":[{"href":"https:\/\/temporada-alta.com\/es\/wp-json\/wp\/v2\/tribe_events\/26016","targetHints":{"allow":["GET"]}}],"collection":[{"href":"https:\/\/temporada-alta.com\/es\/wp-json\/wp\/v2\/tribe_events"}],"about":[{"href":"https:\/\/temporada-alta.com\/es\/wp-json\/wp\/v2\/types\/tribe_events"}],"author":[{"embeddable":true,"href":"https:\/\/temporada-alta.com\/es\/wp-json\/wp\/v2\/users\/4"}],"version-history":[{"count":0,"href":"https:\/\/temporada-alta.com\/es\/wp-json\/wp\/v2\/tribe_events\/26016\/revisions"}],"wp:featuredmedia":[{"embeddable":true,"href":"https:\/\/temporada-alta.com\/es\/wp-json\/wp\/v2\/media\/25970"}],"wp:attachment":[{"href":"https:\/\/temporada-alta.com\/es\/wp-json\/wp\/v2\/media?parent=26016"}],"wp:term":[{"taxonomy":"post_tag","embeddable":true,"href":"https:\/\/temporada-alta.com\/es\/wp-json\/wp\/v2\/tags?post=26016"},{"taxonomy":"tribe_events_cat","embeddable":true,"href":"https:\/\/temporada-alta.com\/es\/wp-json\/wp\/v2\/tribe_events_cat?post=26016"}],"curies":[{"name":"wp","href":"https:\/\/api.w.org\/{rel}","templated":true}]}}

Los límites de la ciudad turística

<div id="modal-ready"><h2>Gir 180 graus &#8211; El turismo cultural del futuro</h2>
<p style="font-family: 'Helvetica Neue', Helvetica, Helvetica, Arial, sans-serif; font-size: 12px;">
<strong>JORNADA PRIMERA &#8211; Los límites de la ciudad turística</strong></p>
<p>&nbsp;</p>
<p style="font-family: 'Helvetica Neue', Helvetica, Helvetica, Arial, sans-serif; font-size: 12px;">
Gir 180 graus es un fórum abierto sobre los límites de la ciudad turística y sobre los retos del nuevo escenario. Tiene la voluntad de devenir un intercambio de ideas entre pensadores, gestores i ciudadanos, con la intención de reconstruir iniciativas, modelos y estrategias y, sobretodo, para repensar el turismo de las ciudades medianas.</p>
<p>&nbsp;</p>
<p style="font-family: 'Helvetica Neue', Helvetica, Helvetica, Arial, sans-serif; font-size: 12px;">
La primera sesión &#8211;<em>Los límites de la ciudad turística</em>&#8211; parte del caso de Venecia para evidenciar los problemas del sistema clásico del turismo cultural y las tensiones entre la ciudad y el turismo.</p>
<p>&nbsp;</p>
<p style="font-family: 'Helvetica Neue', Helvetica, Helvetica, Arial, sans-serif; font-size: 12px;">
Coordinador de las jornadas:<strong> José Antonio Donaire</strong></p>
<p>&nbsp;</p>
<p style="font-family: 'Helvetica Neue', Helvetica, Helvetica, Arial, sans-serif; font-size: 12px;">
<span style="line-height: 19.2000007629395px;">Parte del caso de Venecia para evidenciar los problemas del sistema clásico del turismo cultural y las tensiones entre la ciudad y el turismo.  </span></p>
<p>&nbsp;</p>
<p style="font-family: 'Helvetica Neue', Helvetica, Helvetica, Arial, sans-serif; font-size: 12px;">
<strong>Joaquim Nadal,</strong> presidente de la Fundació La Ciutat Invisible</p>
<p><strong style="line-height: 1.6; font-family: inherit; font-size: 0.75rem;">Antonio Paolo Russo,</strong><span style="font-family: inherit; font-size: 0.75rem; line-height: 1.6;"> profesor de la Universitat Rovira i Virgili</span></p>
<p><em style="line-height: 1.6; color: #b22222; font-family: inherit; font-size: 0.75rem;">Turismo vs ciudad. Lecciones des de Venecia</em></p>
<p>&nbsp;</p>
<p style="font-family: 'Helvetica Neue', Helvetica, Helvetica, Arial, sans-serif; font-size: 12px;">
<strong>José Antonio Donaire,</strong> director del <span style="font-family: inherit; font-size: 0.75rem; line-height: 1.6;">Institut Superior d’Estudis Turístics </span></p>
<p>&nbsp;</p>
<p style="font-family: 'Helvetica Neue', Helvetica, Helvetica, Arial, sans-serif; font-size: 12px;">
<strong>Más información y inscripciones </strong><b style="line-height: 19.2000007629395px;"><u><a href="http://www.ciutatinvisible.org/index.php/jornades"><span style="color: #b22222;">aquí</span></a></u></b></p>
</div>

<p>Gir 180 graus &#8211; El turismo cultural del futuro JORNADA PRIMERA &#8211; Los límites de la ciudad turística&#8230;</p>

<!-- This site is optimized with the Yoast SEO plugin v27.0 - https://yoast.com/product/yoast-seo-wordpress/ -->
<title>Los límites de la ciudad turística - Temporada Alta</title>
<meta name="robots" content="index, follow, max-snippet:-1, max-image-preview:large, max-video-preview:-1" />
<link rel="canonical" href="https://temporada-alta.com/es/espectaculo/los-lmites-de-la-ciudad-turstica/" />
<meta property="og:locale" content="es_ES" />
<meta property="og:type" content="article" />
<meta property="og:title" content="Los límites de la ciudad turística - Temporada Alta" />
<meta property="og:description" content="Gir 180 graus &#8211; El turismo cultural del futuro JORNADA PRIMERA &#8211; Los límites de la ciudad turística..." />
<meta property="og:url" content="https://temporada-alta.com/es/espectaculo/los-lmites-de-la-ciudad-turstica/" />
<meta property="og:site_name" content="Temporada Alta" />
<meta property="article:modified_time" content="2019-03-28T12:34:41+00:00" />
<meta property="og:image" content="https://temporada-alta.com/wp-content/uploads/gir11.jpg" />
	<meta property="og:image:width" content="2048" />
	<meta property="og:image:height" content="1294" />
	<meta property="og:image:type" content="image/jpeg" />
<meta name="twitter:card" content="summary_large_image" />
<script type="application/ld+json" class="yoast-schema-graph">{"@context":"https://schema.org","@graph":[{"@type":"WebPage","@id":"https://temporada-alta.com/es/espectaculo/los-lmites-de-la-ciudad-turstica/","url":"https://temporada-alta.com/es/espectaculo/los-lmites-de-la-ciudad-turstica/","name":"Los límites de la ciudad turística - Temporada Alta","isPartOf":{"@id":"https://temporada-alta.com/es/#website"},"primaryImageOfPage":{"@id":"https://temporada-alta.com/es/espectaculo/los-lmites-de-la-ciudad-turstica/#primaryimage"},"image":{"@id":"https://temporada-alta.com/es/espectaculo/los-lmites-de-la-ciudad-turstica/#primaryimage"},"thumbnailUrl":"https://temporada-alta.com/wp-content/uploads/gir11.jpg","datePublished":"2014-09-24T09:43:12+00:00","dateModified":"2019-03-28T12:34:41+00:00","breadcrumb":{"@id":"https://temporada-alta.com/es/espectaculo/los-lmites-de-la-ciudad-turstica/#breadcrumb"},"inLanguage":"es","potentialAction":[{"@type":"ReadAction","target":["https://temporada-alta.com/es/espectaculo/los-lmites-de-la-ciudad-turstica/"]}]},{"@type":"ImageObject","inLanguage":"es","@id":"https://temporada-alta.com/es/espectaculo/los-lmites-de-la-ciudad-turstica/#primaryimage","url":"https://temporada-alta.com/wp-content/uploads/gir11.jpg","contentUrl":"https://temporada-alta.com/wp-content/uploads/gir11.jpg","width":2048,"height":1294},{"@type":"BreadcrumbList","@id":"https://temporada-alta.com/es/espectaculo/los-lmites-de-la-ciudad-turstica/#breadcrumb","itemListElement":[{"@type":"ListItem","position":1,"name":"Inici","item":"https://temporada-alta.com/es/"},{"@type":"ListItem","position":2,"name":"Eventos","item":"https://temporada-alta.com/es/events/"},{"@type":"ListItem","position":3,"name":"Los límites de la ciudad turística"}]},{"@type":"WebSite","@id":"https://temporada-alta.com/es/#website","url":"https://temporada-alta.com/es/","name":"Temporada Alta","description":"Festival d&#039;Arts Escèniques","publisher":{"@id":"https://temporada-alta.com/es/#organization"},"potentialAction":[{"@type":"SearchAction","target":{"@type":"EntryPoint","urlTemplate":"https://temporada-alta.com/es/?s={search_term_string}"},"query-input":{"@type":"PropertyValueSpecification","valueRequired":true,"valueName":"search_term_string"}}],"inLanguage":"es"},{"@type":"Organization","@id":"https://temporada-alta.com/es/#organization","name":"Temporada Alta","url":"https://temporada-alta.com/es/","logo":{"@type":"ImageObject","inLanguage":"es","@id":"https://temporada-alta.com/es/#/schema/logo/image/","url":"https://temporada-alta.com/wp-content/uploads/TA21-Logotip-pos.png","contentUrl":"https://temporada-alta.com/wp-content/uploads/TA21-Logotip-pos.png","width":800,"height":267,"caption":"Temporada Alta"},"image":{"@id":"https://temporada-alta.com/es/#/schema/logo/image/"}}]}</script>
<!-- / Yoast SEO plugin. -->

Los límites de la ciudad turística - Temporada Alta

Gir 180 graus &#8211; El turismo cultural del futuro JORNADA PRIMERA &#8211; Los límites de la ciudad turística...

Festival d&#039;Arts Escèniques
