{"id":26006,"date":"2014-08-13T13:21:13","date_gmt":"2014-08-13T11:21:13","guid":{"rendered":"https:\/\/www.temporada-alta.com\/event\/c-o-c-a\/"},"modified":"2019-03-29T11:40:07","modified_gmt":"2019-03-29T10:40:07","slug":"c-o-c-a","status":"publish","type":"tribe_events","link":"https:\/\/temporada-alta.com\/es\/espectaculo\/c-o-c-a\/","title":{"rendered":"C.O.C.A."},"content":{"rendered":"<div id=\"modal-ready\"><h2>Denis Ducan presenta una farsa con un fuerte componente pol\u00edtico<\/h2>\n<p>Esta farsa de <strong>Denise Duncan <\/strong>contiene un compromiso pol\u00edtico radical con nuestro presente. Desde el estereotipo y la exageraci\u00f3n, entre el surrealismo y las m\u00e1scaras. <em>C.O.C.A.<\/em> es el fruto esc\u00e9nico de una sana corriente de indignaci\u00f3n que toma formas art\u00edsticas y pol\u00edticas.<\/p>\n<p>&nbsp;<\/p>\n<p><img decoding=\"async\" style=\"height: 56px; width: 125px;\" src=\"\/admin\/js\/kcfinder\/upload\/images\/ITEMERGENTS.jpg\" alt=\"\" \/><\/p>\n<\/div>","protected":false},"excerpt":{"rendered":"<p>Denis Ducan presenta una farsa con un fuerte componente pol\u00edtico Esta farsa de Denise Duncan contiene un compromiso&#8230;<\/p>\n","protected":false},"author":4,"featured_media":25930,"template":"","meta":{"_acf_changed":false,"_tribe_events_status":"","_tribe_events_status_reason":"","footnotes":""},"tags":[],"tribe_events_cat":[150],"class_list":["post-26006","tribe_events","type-tribe_events","status-publish","has-post-thumbnail","hentry","tribe_events_cat-150","cat_2014"],"acf":{"photo_gallery":{"gallery":[[]]}},"yoast_head":"<!-- This site is optimized with the Yoast SEO plugin v27.0 - https:\/\/yoast.com\/product\/yoast-seo-wordpress\/ -->\n<title>C.O.C.A. - Temporada Alta<\/title>\n<meta name=\"robots\" content=\"index, follow, max-snippet:-1, max-image-preview:large, max-video-preview:-1\" \/>\n<link rel=\"canonical\" href=\"https:\/\/temporada-alta.com\/es\/espectaculo\/c-o-c-a\/\" \/>\n<meta property=\"og:locale\" content=\"es_ES\" \/>\n<meta property=\"og:type\" content=\"article\" \/>\n<meta property=\"og:title\" content=\"C.O.C.A. - Temporada Alta\" \/>\n<meta property=\"og:description\" content=\"Denis Ducan presenta una farsa con un fuerte componente pol\u00edtico Esta farsa de Denise Duncan contiene un compromiso...\" \/>\n<meta property=\"og:url\" content=\"https:\/\/temporada-alta.com\/es\/espectaculo\/c-o-c-a\/\" \/>\n<meta property=\"og:site_name\" content=\"Temporada Alta\" \/>\n<meta property=\"article:modified_time\" content=\"2019-03-29T10:40:07+00:00\" \/>\n<meta property=\"og:image\" content=\"https:\/\/temporada-alta.com\/wp-content\/uploads\/coca-grupal1_bx3.jpg\" \/>\n\t<meta property=\"og:image:width\" content=\"1500\" \/>\n\t<meta property=\"og:image:height\" content=\"994\" \/>\n\t<meta property=\"og:image:type\" content=\"image\/jpeg\" \/>\n<meta name=\"twitter:card\" content=\"summary_large_image\" \/>\n<script type=\"application\/ld+json\" class=\"yoast-schema-graph\">{\"@context\":\"https:\/\/schema.org\",\"@graph\":[{\"@type\":\"WebPage\",\"@id\":\"https:\/\/temporada-alta.com\/es\/espectaculo\/c-o-c-a\/\",\"url\":\"https:\/\/temporada-alta.com\/es\/espectaculo\/c-o-c-a\/\",\"name\":\"C.O.C.A. - Temporada Alta\",\"isPartOf\":{\"@id\":\"https:\/\/temporada-alta.com\/es\/#website\"},\"primaryImageOfPage\":{\"@id\":\"https:\/\/temporada-alta.com\/es\/espectaculo\/c-o-c-a\/#primaryimage\"},\"image\":{\"@id\":\"https:\/\/temporada-alta.com\/es\/espectaculo\/c-o-c-a\/#primaryimage\"},\"thumbnailUrl\":\"https:\/\/temporada-alta.com\/wp-content\/uploads\/coca-grupal1_bx3.jpg\",\"datePublished\":\"2014-08-13T11:21:13+00:00\",\"dateModified\":\"2019-03-29T10:40:07+00:00\",\"breadcrumb\":{\"@id\":\"https:\/\/temporada-alta.com\/es\/espectaculo\/c-o-c-a\/#breadcrumb\"},\"inLanguage\":\"es\",\"potentialAction\":[{\"@type\":\"ReadAction\",\"target\":[\"https:\/\/temporada-alta.com\/es\/espectaculo\/c-o-c-a\/\"]}]},{\"@type\":\"ImageObject\",\"inLanguage\":\"es\",\"@id\":\"https:\/\/temporada-alta.com\/es\/espectaculo\/c-o-c-a\/#primaryimage\",\"url\":\"https:\/\/temporada-alta.com\/wp-content\/uploads\/coca-grupal1_bx3.jpg\",\"contentUrl\":\"https:\/\/temporada-alta.com\/wp-content\/uploads\/coca-grupal1_bx3.jpg\",\"width\":1500,\"height\":994},{\"@type\":\"BreadcrumbList\",\"@id\":\"https:\/\/temporada-alta.com\/es\/espectaculo\/c-o-c-a\/#breadcrumb\",\"itemListElement\":[{\"@type\":\"ListItem\",\"position\":1,\"name\":\"Inici\",\"item\":\"https:\/\/temporada-alta.com\/es\/\"},{\"@type\":\"ListItem\",\"position\":2,\"name\":\"Eventos\",\"item\":\"https:\/\/temporada-alta.com\/es\/events\/\"},{\"@type\":\"ListItem\",\"position\":3,\"name\":\"C.O.C.A.\"}]},{\"@type\":\"WebSite\",\"@id\":\"https:\/\/temporada-alta.com\/es\/#website\",\"url\":\"https:\/\/temporada-alta.com\/es\/\",\"name\":\"Temporada Alta\",\"description\":\"Festival d&#039;Arts Esc\u00e8niques\",\"publisher\":{\"@id\":\"https:\/\/temporada-alta.com\/es\/#organization\"},\"potentialAction\":[{\"@type\":\"SearchAction\",\"target\":{\"@type\":\"EntryPoint\",\"urlTemplate\":\"https:\/\/temporada-alta.com\/es\/?s={search_term_string}\"},\"query-input\":{\"@type\":\"PropertyValueSpecification\",\"valueRequired\":true,\"valueName\":\"search_term_string\"}}],\"inLanguage\":\"es\"},{\"@type\":\"Organization\",\"@id\":\"https:\/\/temporada-alta.com\/es\/#organization\",\"name\":\"Temporada Alta\",\"url\":\"https:\/\/temporada-alta.com\/es\/\",\"logo\":{\"@type\":\"ImageObject\",\"inLanguage\":\"es\",\"@id\":\"https:\/\/temporada-alta.com\/es\/#\/schema\/logo\/image\/\",\"url\":\"https:\/\/temporada-alta.com\/wp-content\/uploads\/TA21-Logotip-pos.png\",\"contentUrl\":\"https:\/\/temporada-alta.com\/wp-content\/uploads\/TA21-Logotip-pos.png\",\"width\":800,\"height\":267,\"caption\":\"Temporada Alta\"},\"image\":{\"@id\":\"https:\/\/temporada-alta.com\/es\/#\/schema\/logo\/image\/\"}}]}<\/script>\n<!-- \/ Yoast SEO plugin. -->","yoast_head_json":{"title":"C.O.C.A. - Temporada Alta","robots":{"index":"index","follow":"follow","max-snippet":"max-snippet:-1","max-image-preview":"max-image-preview:large","max-video-preview":"max-video-preview:-1"},"canonical":"https:\/\/temporada-alta.com\/es\/espectaculo\/c-o-c-a\/","og_locale":"es_ES","og_type":"article","og_title":"C.O.C.A. - Temporada Alta","og_description":"Denis Ducan presenta una farsa con un fuerte componente pol\u00edtico Esta farsa de Denise Duncan contiene un compromiso...","og_url":"https:\/\/temporada-alta.com\/es\/espectaculo\/c-o-c-a\/","og_site_name":"Temporada Alta","article_modified_time":"2019-03-29T10:40:07+00:00","og_image":[{"width":1500,"height":994,"url":"https:\/\/temporada-alta.com\/wp-content\/uploads\/coca-grupal1_bx3.jpg","type":"image\/jpeg"}],"twitter_card":"summary_large_image","schema":{"@context":"https:\/\/schema.org","@graph":[{"@type":"WebPage","@id":"https:\/\/temporada-alta.com\/es\/espectaculo\/c-o-c-a\/","url":"https:\/\/temporada-alta.com\/es\/espectaculo\/c-o-c-a\/","name":"C.O.C.A. - Temporada Alta","isPartOf":{"@id":"https:\/\/temporada-alta.com\/es\/#website"},"primaryImageOfPage":{"@id":"https:\/\/temporada-alta.com\/es\/espectaculo\/c-o-c-a\/#primaryimage"},"image":{"@id":"https:\/\/temporada-alta.com\/es\/espectaculo\/c-o-c-a\/#primaryimage"},"thumbnailUrl":"https:\/\/temporada-alta.com\/wp-content\/uploads\/coca-grupal1_bx3.jpg","datePublished":"2014-08-13T11:21:13+00:00","dateModified":"2019-03-29T10:40:07+00:00","breadcrumb":{"@id":"https:\/\/temporada-alta.com\/es\/espectaculo\/c-o-c-a\/#breadcrumb"},"inLanguage":"es","potentialAction":[{"@type":"ReadAction","target":["https:\/\/temporada-alta.com\/es\/espectaculo\/c-o-c-a\/"]}]},{"@type":"ImageObject","inLanguage":"es","@id":"https:\/\/temporada-alta.com\/es\/espectaculo\/c-o-c-a\/#primaryimage","url":"https:\/\/temporada-alta.com\/wp-content\/uploads\/coca-grupal1_bx3.jpg","contentUrl":"https:\/\/temporada-alta.com\/wp-content\/uploads\/coca-grupal1_bx3.jpg","width":1500,"height":994},{"@type":"BreadcrumbList","@id":"https:\/\/temporada-alta.com\/es\/espectaculo\/c-o-c-a\/#breadcrumb","itemListElement":[{"@type":"ListItem","position":1,"name":"Inici","item":"https:\/\/temporada-alta.com\/es\/"},{"@type":"ListItem","position":2,"name":"Eventos","item":"https:\/\/temporada-alta.com\/es\/events\/"},{"@type":"ListItem","position":3,"name":"C.O.C.A."}]},{"@type":"WebSite","@id":"https:\/\/temporada-alta.com\/es\/#website","url":"https:\/\/temporada-alta.com\/es\/","name":"Temporada Alta","description":"Festival d&#039;Arts Esc\u00e8niques","publisher":{"@id":"https:\/\/temporada-alta.com\/es\/#organization"},"potentialAction":[{"@type":"SearchAction","target":{"@type":"EntryPoint","urlTemplate":"https:\/\/temporada-alta.com\/es\/?s={search_term_string}"},"query-input":{"@type":"PropertyValueSpecification","valueRequired":true,"valueName":"search_term_string"}}],"inLanguage":"es"},{"@type":"Organization","@id":"https:\/\/temporada-alta.com\/es\/#organization","name":"Temporada Alta","url":"https:\/\/temporada-alta.com\/es\/","logo":{"@type":"ImageObject","inLanguage":"es","@id":"https:\/\/temporada-alta.com\/es\/#\/schema\/logo\/image\/","url":"https:\/\/temporada-alta.com\/wp-content\/uploads\/TA21-Logotip-pos.png","contentUrl":"https:\/\/temporada-alta.com\/wp-content\/uploads\/TA21-Logotip-pos.png","width":800,"height":267,"caption":"Temporada Alta"},"image":{"@id":"https:\/\/temporada-alta.com\/es\/#\/schema\/logo\/image\/"}}]}},"_links":{"self":[{"href":"https:\/\/temporada-alta.com\/es\/wp-json\/wp\/v2\/tribe_events\/26006","targetHints":{"allow":["GET"]}}],"collection":[{"href":"https:\/\/temporada-alta.com\/es\/wp-json\/wp\/v2\/tribe_events"}],"about":[{"href":"https:\/\/temporada-alta.com\/es\/wp-json\/wp\/v2\/types\/tribe_events"}],"author":[{"embeddable":true,"href":"https:\/\/temporada-alta.com\/es\/wp-json\/wp\/v2\/users\/4"}],"version-history":[{"count":0,"href":"https:\/\/temporada-alta.com\/es\/wp-json\/wp\/v2\/tribe_events\/26006\/revisions"}],"wp:featuredmedia":[{"embeddable":true,"href":"https:\/\/temporada-alta.com\/es\/wp-json\/wp\/v2\/media\/25930"}],"wp:attachment":[{"href":"https:\/\/temporada-alta.com\/es\/wp-json\/wp\/v2\/media?parent=26006"}],"wp:term":[{"taxonomy":"post_tag","embeddable":true,"href":"https:\/\/temporada-alta.com\/es\/wp-json\/wp\/v2\/tags?post=26006"},{"taxonomy":"tribe_events_cat","embeddable":true,"href":"https:\/\/temporada-alta.com\/es\/wp-json\/wp\/v2\/tribe_events_cat?post=26006"}],"curies":[{"name":"wp","href":"https:\/\/api.w.org\/{rel}","templated":true}]}}

<div id="modal-ready"><h2>Denis Ducan presenta una farsa con un fuerte componente político</h2>
<p>Esta farsa de <strong>Denise Duncan </strong>contiene un compromiso político radical con nuestro presente. Desde el estereotipo y la exageración, entre el surrealismo y las máscaras. <em>C.O.C.A.</em> es el fruto escénico de una sana corriente de indignación que toma formas artísticas y políticas.</p>
<p>&nbsp;</p>
<p><img decoding="async" style="height: 56px; width: 125px;" src="/admin/js/kcfinder/upload/images/ITEMERGENTS.jpg" alt="" /></p>
</div>

<p>Denis Ducan presenta una farsa con un fuerte componente político Esta farsa de Denise Duncan contiene un compromiso&#8230;</p>

<!-- This site is optimized with the Yoast SEO plugin v27.0 - https://yoast.com/product/yoast-seo-wordpress/ -->
<title>C.O.C.A. - Temporada Alta</title>
<meta name="robots" content="index, follow, max-snippet:-1, max-image-preview:large, max-video-preview:-1" />
<link rel="canonical" href="https://temporada-alta.com/es/espectaculo/c-o-c-a/" />
<meta property="og:locale" content="es_ES" />
<meta property="og:type" content="article" />
<meta property="og:title" content="C.O.C.A. - Temporada Alta" />
<meta property="og:description" content="Denis Ducan presenta una farsa con un fuerte componente político Esta farsa de Denise Duncan contiene un compromiso..." />
<meta property="og:url" content="https://temporada-alta.com/es/espectaculo/c-o-c-a/" />
<meta property="og:site_name" content="Temporada Alta" />
<meta property="article:modified_time" content="2019-03-29T10:40:07+00:00" />
<meta property="og:image" content="https://temporada-alta.com/wp-content/uploads/coca-grupal1_bx3.jpg" />
	<meta property="og:image:width" content="1500" />
	<meta property="og:image:height" content="994" />
	<meta property="og:image:type" content="image/jpeg" />
<meta name="twitter:card" content="summary_large_image" />
<script type="application/ld+json" class="yoast-schema-graph">{"@context":"https://schema.org","@graph":[{"@type":"WebPage","@id":"https://temporada-alta.com/es/espectaculo/c-o-c-a/","url":"https://temporada-alta.com/es/espectaculo/c-o-c-a/","name":"C.O.C.A. - Temporada Alta","isPartOf":{"@id":"https://temporada-alta.com/es/#website"},"primaryImageOfPage":{"@id":"https://temporada-alta.com/es/espectaculo/c-o-c-a/#primaryimage"},"image":{"@id":"https://temporada-alta.com/es/espectaculo/c-o-c-a/#primaryimage"},"thumbnailUrl":"https://temporada-alta.com/wp-content/uploads/coca-grupal1_bx3.jpg","datePublished":"2014-08-13T11:21:13+00:00","dateModified":"2019-03-29T10:40:07+00:00","breadcrumb":{"@id":"https://temporada-alta.com/es/espectaculo/c-o-c-a/#breadcrumb"},"inLanguage":"es","potentialAction":[{"@type":"ReadAction","target":["https://temporada-alta.com/es/espectaculo/c-o-c-a/"]}]},{"@type":"ImageObject","inLanguage":"es","@id":"https://temporada-alta.com/es/espectaculo/c-o-c-a/#primaryimage","url":"https://temporada-alta.com/wp-content/uploads/coca-grupal1_bx3.jpg","contentUrl":"https://temporada-alta.com/wp-content/uploads/coca-grupal1_bx3.jpg","width":1500,"height":994},{"@type":"BreadcrumbList","@id":"https://temporada-alta.com/es/espectaculo/c-o-c-a/#breadcrumb","itemListElement":[{"@type":"ListItem","position":1,"name":"Inici","item":"https://temporada-alta.com/es/"},{"@type":"ListItem","position":2,"name":"Eventos","item":"https://temporada-alta.com/es/events/"},{"@type":"ListItem","position":3,"name":"C.O.C.A."}]},{"@type":"WebSite","@id":"https://temporada-alta.com/es/#website","url":"https://temporada-alta.com/es/","name":"Temporada Alta","description":"Festival d&#039;Arts Escèniques","publisher":{"@id":"https://temporada-alta.com/es/#organization"},"potentialAction":[{"@type":"SearchAction","target":{"@type":"EntryPoint","urlTemplate":"https://temporada-alta.com/es/?s={search_term_string}"},"query-input":{"@type":"PropertyValueSpecification","valueRequired":true,"valueName":"search_term_string"}}],"inLanguage":"es"},{"@type":"Organization","@id":"https://temporada-alta.com/es/#organization","name":"Temporada Alta","url":"https://temporada-alta.com/es/","logo":{"@type":"ImageObject","inLanguage":"es","@id":"https://temporada-alta.com/es/#/schema/logo/image/","url":"https://temporada-alta.com/wp-content/uploads/TA21-Logotip-pos.png","contentUrl":"https://temporada-alta.com/wp-content/uploads/TA21-Logotip-pos.png","width":800,"height":267,"caption":"Temporada Alta"},"image":{"@id":"https://temporada-alta.com/es/#/schema/logo/image/"}}]}</script>
<!-- / Yoast SEO plugin. -->

Denis Ducan presenta una farsa con un fuerte componente político Esta farsa de Denise Duncan contiene un compromiso...

Festival d&#039;Arts Escèniques
