{"id":25713,"date":"2014-08-07T11:17:07","date_gmt":"2014-08-07T09:17:07","guid":{"rendered":"https:\/\/www.temporada-alta.com\/event\/dot\/"},"modified":"2019-03-28T13:40:46","modified_gmt":"2019-03-28T12:40:46","slug":"dot","status":"publish","type":"tribe_events","link":"https:\/\/temporada-alta.com\/es\/espectaculo\/dot\/","title":{"rendered":"Dot"},"content":{"rendered":"<div id=\"modal-ready\"><h2>Un nuevo viaje visual y tecnol\u00f3gico de la Cia Maduixa<\/h2>\n<p>En <em>Dot <\/em>todo es posible: la danza, la m\u00fasica, el teatro y las nuevas tecnolog\u00edas configuran un rompecabezas m\u00e1gico que toma como punto de partida el artista <strong>Sol Lewitt.<\/strong>\u00a0En 2012 la <strong>Cia Maduixa<\/strong> recibi\u00f3 el premio FETEN, y ahora, despu\u00e9s de <em>Ras! <\/em>y <em>Consonant<\/em>, vuelve a invitar a los peque\u00f1os espectadores de Temporada Alta a experimentar para divertirse y aprender.<\/p>\n<p><strong style=\"line-height: 19.200000762939453px;\"><img decoding=\"async\" style=\"height: 82px; width: 175px;\" src=\"\/admin\/js\/kcfinder\/upload\/images\/logo_elplanter.jpg\" alt=\"\" \/><\/strong><\/p>\n<\/div>","protected":false},"excerpt":{"rendered":"<p>Un nuevo viaje visual y tecnol\u00f3gico de la Cia Maduixa En Dot todo es posible: la danza, la&#8230;<\/p>\n","protected":false},"author":4,"featured_media":25637,"template":"","meta":{"_acf_changed":false,"_tribe_events_status":"","_tribe_events_status_reason":"","footnotes":""},"tags":[],"tribe_events_cat":[150],"class_list":["post-25713","tribe_events","type-tribe_events","status-publish","has-post-thumbnail","hentry","tribe_events_cat-150","cat_2014"],"acf":{"photo_gallery":{"gallery":[[]]}},"yoast_head":"<!-- This site is optimized with the Yoast SEO plugin v27.0 - https:\/\/yoast.com\/product\/yoast-seo-wordpress\/ -->\n<title>Dot - Temporada Alta<\/title>\n<meta name=\"robots\" content=\"index, follow, max-snippet:-1, max-image-preview:large, max-video-preview:-1\" \/>\n<link rel=\"canonical\" href=\"https:\/\/temporada-alta.com\/es\/espectaculo\/dot\/\" \/>\n<meta property=\"og:locale\" content=\"es_ES\" \/>\n<meta property=\"og:type\" content=\"article\" \/>\n<meta property=\"og:title\" content=\"Dot - Temporada Alta\" \/>\n<meta property=\"og:description\" content=\"Un nuevo viaje visual y tecnol\u00f3gico de la Cia Maduixa En Dot todo es posible: la danza, la...\" \/>\n<meta property=\"og:url\" content=\"https:\/\/temporada-alta.com\/es\/espectaculo\/dot\/\" \/>\n<meta property=\"og:site_name\" content=\"Temporada Alta\" \/>\n<meta property=\"article:modified_time\" content=\"2019-03-28T12:40:46+00:00\" \/>\n<meta property=\"og:image\" content=\"https:\/\/temporada-alta.com\/wp-content\/uploads\/dot-3_bx8.jpg\" \/>\n\t<meta property=\"og:image:width\" content=\"1500\" \/>\n\t<meta property=\"og:image:height\" content=\"1005\" \/>\n\t<meta property=\"og:image:type\" content=\"image\/jpeg\" \/>\n<meta name=\"twitter:card\" content=\"summary_large_image\" \/>\n<script type=\"application\/ld+json\" class=\"yoast-schema-graph\">{\"@context\":\"https:\/\/schema.org\",\"@graph\":[{\"@type\":\"WebPage\",\"@id\":\"https:\/\/temporada-alta.com\/es\/espectaculo\/dot\/\",\"url\":\"https:\/\/temporada-alta.com\/es\/espectaculo\/dot\/\",\"name\":\"Dot - Temporada Alta\",\"isPartOf\":{\"@id\":\"https:\/\/temporada-alta.com\/es\/#website\"},\"primaryImageOfPage\":{\"@id\":\"https:\/\/temporada-alta.com\/es\/espectaculo\/dot\/#primaryimage\"},\"image\":{\"@id\":\"https:\/\/temporada-alta.com\/es\/espectaculo\/dot\/#primaryimage\"},\"thumbnailUrl\":\"https:\/\/temporada-alta.com\/wp-content\/uploads\/dot-3_bx8.jpg\",\"datePublished\":\"2014-08-07T09:17:07+00:00\",\"dateModified\":\"2019-03-28T12:40:46+00:00\",\"breadcrumb\":{\"@id\":\"https:\/\/temporada-alta.com\/es\/espectaculo\/dot\/#breadcrumb\"},\"inLanguage\":\"es\",\"potentialAction\":[{\"@type\":\"ReadAction\",\"target\":[\"https:\/\/temporada-alta.com\/es\/espectaculo\/dot\/\"]}]},{\"@type\":\"ImageObject\",\"inLanguage\":\"es\",\"@id\":\"https:\/\/temporada-alta.com\/es\/espectaculo\/dot\/#primaryimage\",\"url\":\"https:\/\/temporada-alta.com\/wp-content\/uploads\/dot-3_bx8.jpg\",\"contentUrl\":\"https:\/\/temporada-alta.com\/wp-content\/uploads\/dot-3_bx8.jpg\",\"width\":1500,\"height\":1005},{\"@type\":\"BreadcrumbList\",\"@id\":\"https:\/\/temporada-alta.com\/es\/espectaculo\/dot\/#breadcrumb\",\"itemListElement\":[{\"@type\":\"ListItem\",\"position\":1,\"name\":\"Inici\",\"item\":\"https:\/\/temporada-alta.com\/es\/\"},{\"@type\":\"ListItem\",\"position\":2,\"name\":\"Eventos\",\"item\":\"https:\/\/temporada-alta.com\/es\/events\/\"},{\"@type\":\"ListItem\",\"position\":3,\"name\":\"Dot\"}]},{\"@type\":\"WebSite\",\"@id\":\"https:\/\/temporada-alta.com\/es\/#website\",\"url\":\"https:\/\/temporada-alta.com\/es\/\",\"name\":\"Temporada Alta\",\"description\":\"Festival d&#039;Arts Esc\u00e8niques\",\"publisher\":{\"@id\":\"https:\/\/temporada-alta.com\/es\/#organization\"},\"potentialAction\":[{\"@type\":\"SearchAction\",\"target\":{\"@type\":\"EntryPoint\",\"urlTemplate\":\"https:\/\/temporada-alta.com\/es\/?s={search_term_string}\"},\"query-input\":{\"@type\":\"PropertyValueSpecification\",\"valueRequired\":true,\"valueName\":\"search_term_string\"}}],\"inLanguage\":\"es\"},{\"@type\":\"Organization\",\"@id\":\"https:\/\/temporada-alta.com\/es\/#organization\",\"name\":\"Temporada Alta\",\"url\":\"https:\/\/temporada-alta.com\/es\/\",\"logo\":{\"@type\":\"ImageObject\",\"inLanguage\":\"es\",\"@id\":\"https:\/\/temporada-alta.com\/es\/#\/schema\/logo\/image\/\",\"url\":\"https:\/\/temporada-alta.com\/wp-content\/uploads\/TA21-Logotip-pos.png\",\"contentUrl\":\"https:\/\/temporada-alta.com\/wp-content\/uploads\/TA21-Logotip-pos.png\",\"width\":800,\"height\":267,\"caption\":\"Temporada Alta\"},\"image\":{\"@id\":\"https:\/\/temporada-alta.com\/es\/#\/schema\/logo\/image\/\"}}]}<\/script>\n<!-- \/ Yoast SEO plugin. -->","yoast_head_json":{"title":"Dot - Temporada Alta","robots":{"index":"index","follow":"follow","max-snippet":"max-snippet:-1","max-image-preview":"max-image-preview:large","max-video-preview":"max-video-preview:-1"},"canonical":"https:\/\/temporada-alta.com\/es\/espectaculo\/dot\/","og_locale":"es_ES","og_type":"article","og_title":"Dot - Temporada Alta","og_description":"Un nuevo viaje visual y tecnol\u00f3gico de la Cia Maduixa En Dot todo es posible: la danza, la...","og_url":"https:\/\/temporada-alta.com\/es\/espectaculo\/dot\/","og_site_name":"Temporada Alta","article_modified_time":"2019-03-28T12:40:46+00:00","og_image":[{"width":1500,"height":1005,"url":"https:\/\/temporada-alta.com\/wp-content\/uploads\/dot-3_bx8.jpg","type":"image\/jpeg"}],"twitter_card":"summary_large_image","schema":{"@context":"https:\/\/schema.org","@graph":[{"@type":"WebPage","@id":"https:\/\/temporada-alta.com\/es\/espectaculo\/dot\/","url":"https:\/\/temporada-alta.com\/es\/espectaculo\/dot\/","name":"Dot - Temporada Alta","isPartOf":{"@id":"https:\/\/temporada-alta.com\/es\/#website"},"primaryImageOfPage":{"@id":"https:\/\/temporada-alta.com\/es\/espectaculo\/dot\/#primaryimage"},"image":{"@id":"https:\/\/temporada-alta.com\/es\/espectaculo\/dot\/#primaryimage"},"thumbnailUrl":"https:\/\/temporada-alta.com\/wp-content\/uploads\/dot-3_bx8.jpg","datePublished":"2014-08-07T09:17:07+00:00","dateModified":"2019-03-28T12:40:46+00:00","breadcrumb":{"@id":"https:\/\/temporada-alta.com\/es\/espectaculo\/dot\/#breadcrumb"},"inLanguage":"es","potentialAction":[{"@type":"ReadAction","target":["https:\/\/temporada-alta.com\/es\/espectaculo\/dot\/"]}]},{"@type":"ImageObject","inLanguage":"es","@id":"https:\/\/temporada-alta.com\/es\/espectaculo\/dot\/#primaryimage","url":"https:\/\/temporada-alta.com\/wp-content\/uploads\/dot-3_bx8.jpg","contentUrl":"https:\/\/temporada-alta.com\/wp-content\/uploads\/dot-3_bx8.jpg","width":1500,"height":1005},{"@type":"BreadcrumbList","@id":"https:\/\/temporada-alta.com\/es\/espectaculo\/dot\/#breadcrumb","itemListElement":[{"@type":"ListItem","position":1,"name":"Inici","item":"https:\/\/temporada-alta.com\/es\/"},{"@type":"ListItem","position":2,"name":"Eventos","item":"https:\/\/temporada-alta.com\/es\/events\/"},{"@type":"ListItem","position":3,"name":"Dot"}]},{"@type":"WebSite","@id":"https:\/\/temporada-alta.com\/es\/#website","url":"https:\/\/temporada-alta.com\/es\/","name":"Temporada Alta","description":"Festival d&#039;Arts Esc\u00e8niques","publisher":{"@id":"https:\/\/temporada-alta.com\/es\/#organization"},"potentialAction":[{"@type":"SearchAction","target":{"@type":"EntryPoint","urlTemplate":"https:\/\/temporada-alta.com\/es\/?s={search_term_string}"},"query-input":{"@type":"PropertyValueSpecification","valueRequired":true,"valueName":"search_term_string"}}],"inLanguage":"es"},{"@type":"Organization","@id":"https:\/\/temporada-alta.com\/es\/#organization","name":"Temporada Alta","url":"https:\/\/temporada-alta.com\/es\/","logo":{"@type":"ImageObject","inLanguage":"es","@id":"https:\/\/temporada-alta.com\/es\/#\/schema\/logo\/image\/","url":"https:\/\/temporada-alta.com\/wp-content\/uploads\/TA21-Logotip-pos.png","contentUrl":"https:\/\/temporada-alta.com\/wp-content\/uploads\/TA21-Logotip-pos.png","width":800,"height":267,"caption":"Temporada Alta"},"image":{"@id":"https:\/\/temporada-alta.com\/es\/#\/schema\/logo\/image\/"}}]}},"_links":{"self":[{"href":"https:\/\/temporada-alta.com\/es\/wp-json\/wp\/v2\/tribe_events\/25713","targetHints":{"allow":["GET"]}}],"collection":[{"href":"https:\/\/temporada-alta.com\/es\/wp-json\/wp\/v2\/tribe_events"}],"about":[{"href":"https:\/\/temporada-alta.com\/es\/wp-json\/wp\/v2\/types\/tribe_events"}],"author":[{"embeddable":true,"href":"https:\/\/temporada-alta.com\/es\/wp-json\/wp\/v2\/users\/4"}],"version-history":[{"count":0,"href":"https:\/\/temporada-alta.com\/es\/wp-json\/wp\/v2\/tribe_events\/25713\/revisions"}],"wp:featuredmedia":[{"embeddable":true,"href":"https:\/\/temporada-alta.com\/es\/wp-json\/wp\/v2\/media\/25637"}],"wp:attachment":[{"href":"https:\/\/temporada-alta.com\/es\/wp-json\/wp\/v2\/media?parent=25713"}],"wp:term":[{"taxonomy":"post_tag","embeddable":true,"href":"https:\/\/temporada-alta.com\/es\/wp-json\/wp\/v2\/tags?post=25713"},{"taxonomy":"tribe_events_cat","embeddable":true,"href":"https:\/\/temporada-alta.com\/es\/wp-json\/wp\/v2\/tribe_events_cat?post=25713"}],"curies":[{"name":"wp","href":"https:\/\/api.w.org\/{rel}","templated":true}]}}

<div id="modal-ready"><h2>Un nuevo viaje visual y tecnológico de la Cia Maduixa</h2>
<p>En <em>Dot </em>todo es posible: la danza, la música, el teatro y las nuevas tecnologías configuran un rompecabezas mágico que toma como punto de partida el artista <strong>Sol Lewitt.</strong> En 2012 la <strong>Cia Maduixa</strong> recibió el premio FETEN, y ahora, después de <em>Ras! </em>y <em>Consonant</em>, vuelve a invitar a los pequeños espectadores de Temporada Alta a experimentar para divertirse y aprender.</p>
<p><strong style="line-height: 19.200000762939453px;"><img decoding="async" style="height: 82px; width: 175px;" src="/admin/js/kcfinder/upload/images/logo_elplanter.jpg" alt="" /></strong></p>
</div>

<p>Un nuevo viaje visual y tecnológico de la Cia Maduixa En Dot todo es posible: la danza, la&#8230;</p>

<!-- This site is optimized with the Yoast SEO plugin v27.0 - https://yoast.com/product/yoast-seo-wordpress/ -->
<title>Dot - Temporada Alta</title>
<meta name="robots" content="index, follow, max-snippet:-1, max-image-preview:large, max-video-preview:-1" />
<link rel="canonical" href="https://temporada-alta.com/es/espectaculo/dot/" />
<meta property="og:locale" content="es_ES" />
<meta property="og:type" content="article" />
<meta property="og:title" content="Dot - Temporada Alta" />
<meta property="og:description" content="Un nuevo viaje visual y tecnológico de la Cia Maduixa En Dot todo es posible: la danza, la..." />
<meta property="og:url" content="https://temporada-alta.com/es/espectaculo/dot/" />
<meta property="og:site_name" content="Temporada Alta" />
<meta property="article:modified_time" content="2019-03-28T12:40:46+00:00" />
<meta property="og:image" content="https://temporada-alta.com/wp-content/uploads/dot-3_bx8.jpg" />
	<meta property="og:image:width" content="1500" />
	<meta property="og:image:height" content="1005" />
	<meta property="og:image:type" content="image/jpeg" />
<meta name="twitter:card" content="summary_large_image" />
<script type="application/ld+json" class="yoast-schema-graph">{"@context":"https://schema.org","@graph":[{"@type":"WebPage","@id":"https://temporada-alta.com/es/espectaculo/dot/","url":"https://temporada-alta.com/es/espectaculo/dot/","name":"Dot - Temporada Alta","isPartOf":{"@id":"https://temporada-alta.com/es/#website"},"primaryImageOfPage":{"@id":"https://temporada-alta.com/es/espectaculo/dot/#primaryimage"},"image":{"@id":"https://temporada-alta.com/es/espectaculo/dot/#primaryimage"},"thumbnailUrl":"https://temporada-alta.com/wp-content/uploads/dot-3_bx8.jpg","datePublished":"2014-08-07T09:17:07+00:00","dateModified":"2019-03-28T12:40:46+00:00","breadcrumb":{"@id":"https://temporada-alta.com/es/espectaculo/dot/#breadcrumb"},"inLanguage":"es","potentialAction":[{"@type":"ReadAction","target":["https://temporada-alta.com/es/espectaculo/dot/"]}]},{"@type":"ImageObject","inLanguage":"es","@id":"https://temporada-alta.com/es/espectaculo/dot/#primaryimage","url":"https://temporada-alta.com/wp-content/uploads/dot-3_bx8.jpg","contentUrl":"https://temporada-alta.com/wp-content/uploads/dot-3_bx8.jpg","width":1500,"height":1005},{"@type":"BreadcrumbList","@id":"https://temporada-alta.com/es/espectaculo/dot/#breadcrumb","itemListElement":[{"@type":"ListItem","position":1,"name":"Inici","item":"https://temporada-alta.com/es/"},{"@type":"ListItem","position":2,"name":"Eventos","item":"https://temporada-alta.com/es/events/"},{"@type":"ListItem","position":3,"name":"Dot"}]},{"@type":"WebSite","@id":"https://temporada-alta.com/es/#website","url":"https://temporada-alta.com/es/","name":"Temporada Alta","description":"Festival d&#039;Arts Escèniques","publisher":{"@id":"https://temporada-alta.com/es/#organization"},"potentialAction":[{"@type":"SearchAction","target":{"@type":"EntryPoint","urlTemplate":"https://temporada-alta.com/es/?s={search_term_string}"},"query-input":{"@type":"PropertyValueSpecification","valueRequired":true,"valueName":"search_term_string"}}],"inLanguage":"es"},{"@type":"Organization","@id":"https://temporada-alta.com/es/#organization","name":"Temporada Alta","url":"https://temporada-alta.com/es/","logo":{"@type":"ImageObject","inLanguage":"es","@id":"https://temporada-alta.com/es/#/schema/logo/image/","url":"https://temporada-alta.com/wp-content/uploads/TA21-Logotip-pos.png","contentUrl":"https://temporada-alta.com/wp-content/uploads/TA21-Logotip-pos.png","width":800,"height":267,"caption":"Temporada Alta"},"image":{"@id":"https://temporada-alta.com/es/#/schema/logo/image/"}}]}</script>
<!-- / Yoast SEO plugin. -->

Un nuevo viaje visual y tecnológico de la Cia Maduixa En Dot todo es posible: la danza, la...

Festival d&#039;Arts Escèniques
