{"id":25422,"date":"2013-08-29T16:44:29","date_gmt":"2013-08-29T14:44:29","guid":{"rendered":"https:\/\/www.temporada-alta.com\/event\/encuentro-de-programadores\/"},"modified":"2019-04-01T09:56:19","modified_gmt":"2019-04-01T07:56:19","slug":"encuentro-de-programadores","status":"publish","type":"tribe_events","link":"https:\/\/temporada-alta.com\/es\/espectaculo\/encuentro-de-programadores\/","title":{"rendered":"Encuentro de programadores"},"content":{"rendered":"<div id=\"modal-ready\"><h2>Del 21 al 24 de noviembre<\/h2>\n<p>Coincidiendo con la Semana de Creaci\u00f3n Contempor\u00e1nea, y con el objetivo de fomentar el intercambio de proyectos y facilitar la producci\u00f3n y circulaci\u00f3n de espect\u00e1culos, el Festival ha organizado <strong>una serie de actividades para programadores nacionales e internacionales.<\/strong><\/p>\n<p>&nbsp;<\/p>\n<p>El acto principal de esta iniciativa es el encuentro de programadores que este a\u00f1o llega a su tercera edici\u00f3n. Una reuni\u00f3n, que se celebrar\u00e1 el viernes 22 de noviembre, cuando diferentes directores de teatros de festivales catalanes y europeos presenten proyectos en fase de dise\u00f1o o pre-producci\u00f3n a los cuales apoyan y que pueden resultar de inter\u00e9s a los dem\u00e1s profesionales presentes. De este modo se intenta favorecer las opciones de proyecci\u00f3n internacional de estas propuestas. Este encuentro se completar\u00e1 con <em>workshops<\/em> y funciones exclusivas que ser\u00e1n llevadas a cabo por algunos de los nombres propios de la escena contempor\u00e1nea catalana: Pere Faura, Xavier Bob\u00e9s o \u00c0lex Rigola.<\/p>\n<p>&nbsp;<\/p>\n<p><img decoding=\"async\" style=\"width: 192px; height: 90px;\" src=\"\/admin\/js\/kcfinder\/upload\/images\/institutramonllull(1).jpg\" alt=\"\" \/><\/p>\n<\/div>","protected":false},"excerpt":{"rendered":"<p>Del 21 al 24 de noviembre Coincidiendo con la Semana de Creaci\u00f3n Contempor\u00e1nea, y con el objetivo de&#8230;<\/p>\n","protected":false},"author":4,"featured_media":25358,"template":"","meta":{"_acf_changed":false,"_tribe_events_status":"","_tribe_events_status_reason":"","footnotes":""},"tags":[],"tribe_events_cat":[149,150,151],"class_list":["post-25422","tribe_events","type-tribe_events","status-publish","has-post-thumbnail","hentry","tribe_events_cat-149","tribe_events_cat-150","tribe_events_cat-151","cat_2013","cat_2014","cat_2015"],"acf":{"photo_gallery":{"gallery":[[]]}},"yoast_head":"<!-- This site is optimized with the Yoast SEO plugin v27.0 - https:\/\/yoast.com\/product\/yoast-seo-wordpress\/ -->\n<title>Encuentro de programadores - Temporada Alta<\/title>\n<meta name=\"robots\" content=\"index, follow, max-snippet:-1, max-image-preview:large, max-video-preview:-1\" \/>\n<link rel=\"canonical\" href=\"https:\/\/temporada-alta.com\/es\/espectaculo\/encuentro-de-programadores\/\" \/>\n<meta property=\"og:locale\" content=\"es_ES\" \/>\n<meta property=\"og:type\" content=\"article\" \/>\n<meta property=\"og:title\" content=\"Encuentro de programadores - Temporada Alta\" \/>\n<meta property=\"og:description\" content=\"Del 21 al 24 de noviembre Coincidiendo con la Semana de Creaci\u00f3n Contempor\u00e1nea, y con el objetivo de...\" \/>\n<meta property=\"og:url\" content=\"https:\/\/temporada-alta.com\/es\/espectaculo\/encuentro-de-programadores\/\" \/>\n<meta property=\"og:site_name\" content=\"Temporada Alta\" \/>\n<meta property=\"article:modified_time\" content=\"2019-04-01T07:56:19+00:00\" \/>\n<meta property=\"og:image\" content=\"https:\/\/temporada-alta.com\/wp-content\/uploads\/trobadaprogramadors_web.jpg\" \/>\n\t<meta property=\"og:image:width\" content=\"2000\" \/>\n\t<meta property=\"og:image:height\" content=\"1113\" \/>\n\t<meta property=\"og:image:type\" content=\"image\/jpeg\" \/>\n<meta name=\"twitter:card\" content=\"summary_large_image\" \/>\n<script type=\"application\/ld+json\" class=\"yoast-schema-graph\">{\"@context\":\"https:\/\/schema.org\",\"@graph\":[{\"@type\":\"WebPage\",\"@id\":\"https:\/\/temporada-alta.com\/es\/espectaculo\/encuentro-de-programadores\/\",\"url\":\"https:\/\/temporada-alta.com\/es\/espectaculo\/encuentro-de-programadores\/\",\"name\":\"Encuentro de programadores - Temporada Alta\",\"isPartOf\":{\"@id\":\"https:\/\/temporada-alta.com\/es\/#website\"},\"primaryImageOfPage\":{\"@id\":\"https:\/\/temporada-alta.com\/es\/espectaculo\/encuentro-de-programadores\/#primaryimage\"},\"image\":{\"@id\":\"https:\/\/temporada-alta.com\/es\/espectaculo\/encuentro-de-programadores\/#primaryimage\"},\"thumbnailUrl\":\"https:\/\/temporada-alta.com\/wp-content\/uploads\/trobadaprogramadors_web.jpg\",\"datePublished\":\"2013-08-29T14:44:29+00:00\",\"dateModified\":\"2019-04-01T07:56:19+00:00\",\"breadcrumb\":{\"@id\":\"https:\/\/temporada-alta.com\/es\/espectaculo\/encuentro-de-programadores\/#breadcrumb\"},\"inLanguage\":\"es\",\"potentialAction\":[{\"@type\":\"ReadAction\",\"target\":[\"https:\/\/temporada-alta.com\/es\/espectaculo\/encuentro-de-programadores\/\"]}]},{\"@type\":\"ImageObject\",\"inLanguage\":\"es\",\"@id\":\"https:\/\/temporada-alta.com\/es\/espectaculo\/encuentro-de-programadores\/#primaryimage\",\"url\":\"https:\/\/temporada-alta.com\/wp-content\/uploads\/trobadaprogramadors_web.jpg\",\"contentUrl\":\"https:\/\/temporada-alta.com\/wp-content\/uploads\/trobadaprogramadors_web.jpg\",\"width\":2000,\"height\":1113},{\"@type\":\"BreadcrumbList\",\"@id\":\"https:\/\/temporada-alta.com\/es\/espectaculo\/encuentro-de-programadores\/#breadcrumb\",\"itemListElement\":[{\"@type\":\"ListItem\",\"position\":1,\"name\":\"Inici\",\"item\":\"https:\/\/temporada-alta.com\/es\/\"},{\"@type\":\"ListItem\",\"position\":2,\"name\":\"Eventos\",\"item\":\"https:\/\/temporada-alta.com\/es\/events\/\"},{\"@type\":\"ListItem\",\"position\":3,\"name\":\"Encuentro de programadores\"}]},{\"@type\":\"WebSite\",\"@id\":\"https:\/\/temporada-alta.com\/es\/#website\",\"url\":\"https:\/\/temporada-alta.com\/es\/\",\"name\":\"Temporada Alta\",\"description\":\"Festival d&#039;Arts Esc\u00e8niques\",\"publisher\":{\"@id\":\"https:\/\/temporada-alta.com\/es\/#organization\"},\"potentialAction\":[{\"@type\":\"SearchAction\",\"target\":{\"@type\":\"EntryPoint\",\"urlTemplate\":\"https:\/\/temporada-alta.com\/es\/?s={search_term_string}\"},\"query-input\":{\"@type\":\"PropertyValueSpecification\",\"valueRequired\":true,\"valueName\":\"search_term_string\"}}],\"inLanguage\":\"es\"},{\"@type\":\"Organization\",\"@id\":\"https:\/\/temporada-alta.com\/es\/#organization\",\"name\":\"Temporada Alta\",\"url\":\"https:\/\/temporada-alta.com\/es\/\",\"logo\":{\"@type\":\"ImageObject\",\"inLanguage\":\"es\",\"@id\":\"https:\/\/temporada-alta.com\/es\/#\/schema\/logo\/image\/\",\"url\":\"https:\/\/temporada-alta.com\/wp-content\/uploads\/TA21-Logotip-pos.png\",\"contentUrl\":\"https:\/\/temporada-alta.com\/wp-content\/uploads\/TA21-Logotip-pos.png\",\"width\":800,\"height\":267,\"caption\":\"Temporada Alta\"},\"image\":{\"@id\":\"https:\/\/temporada-alta.com\/es\/#\/schema\/logo\/image\/\"}}]}<\/script>\n<!-- \/ Yoast SEO plugin. -->","yoast_head_json":{"title":"Encuentro de programadores - Temporada Alta","robots":{"index":"index","follow":"follow","max-snippet":"max-snippet:-1","max-image-preview":"max-image-preview:large","max-video-preview":"max-video-preview:-1"},"canonical":"https:\/\/temporada-alta.com\/es\/espectaculo\/encuentro-de-programadores\/","og_locale":"es_ES","og_type":"article","og_title":"Encuentro de programadores - Temporada Alta","og_description":"Del 21 al 24 de noviembre Coincidiendo con la Semana de Creaci\u00f3n Contempor\u00e1nea, y con el objetivo de...","og_url":"https:\/\/temporada-alta.com\/es\/espectaculo\/encuentro-de-programadores\/","og_site_name":"Temporada Alta","article_modified_time":"2019-04-01T07:56:19+00:00","og_image":[{"width":2000,"height":1113,"url":"https:\/\/temporada-alta.com\/wp-content\/uploads\/trobadaprogramadors_web.jpg","type":"image\/jpeg"}],"twitter_card":"summary_large_image","schema":{"@context":"https:\/\/schema.org","@graph":[{"@type":"WebPage","@id":"https:\/\/temporada-alta.com\/es\/espectaculo\/encuentro-de-programadores\/","url":"https:\/\/temporada-alta.com\/es\/espectaculo\/encuentro-de-programadores\/","name":"Encuentro de programadores - Temporada Alta","isPartOf":{"@id":"https:\/\/temporada-alta.com\/es\/#website"},"primaryImageOfPage":{"@id":"https:\/\/temporada-alta.com\/es\/espectaculo\/encuentro-de-programadores\/#primaryimage"},"image":{"@id":"https:\/\/temporada-alta.com\/es\/espectaculo\/encuentro-de-programadores\/#primaryimage"},"thumbnailUrl":"https:\/\/temporada-alta.com\/wp-content\/uploads\/trobadaprogramadors_web.jpg","datePublished":"2013-08-29T14:44:29+00:00","dateModified":"2019-04-01T07:56:19+00:00","breadcrumb":{"@id":"https:\/\/temporada-alta.com\/es\/espectaculo\/encuentro-de-programadores\/#breadcrumb"},"inLanguage":"es","potentialAction":[{"@type":"ReadAction","target":["https:\/\/temporada-alta.com\/es\/espectaculo\/encuentro-de-programadores\/"]}]},{"@type":"ImageObject","inLanguage":"es","@id":"https:\/\/temporada-alta.com\/es\/espectaculo\/encuentro-de-programadores\/#primaryimage","url":"https:\/\/temporada-alta.com\/wp-content\/uploads\/trobadaprogramadors_web.jpg","contentUrl":"https:\/\/temporada-alta.com\/wp-content\/uploads\/trobadaprogramadors_web.jpg","width":2000,"height":1113},{"@type":"BreadcrumbList","@id":"https:\/\/temporada-alta.com\/es\/espectaculo\/encuentro-de-programadores\/#breadcrumb","itemListElement":[{"@type":"ListItem","position":1,"name":"Inici","item":"https:\/\/temporada-alta.com\/es\/"},{"@type":"ListItem","position":2,"name":"Eventos","item":"https:\/\/temporada-alta.com\/es\/events\/"},{"@type":"ListItem","position":3,"name":"Encuentro de programadores"}]},{"@type":"WebSite","@id":"https:\/\/temporada-alta.com\/es\/#website","url":"https:\/\/temporada-alta.com\/es\/","name":"Temporada Alta","description":"Festival d&#039;Arts Esc\u00e8niques","publisher":{"@id":"https:\/\/temporada-alta.com\/es\/#organization"},"potentialAction":[{"@type":"SearchAction","target":{"@type":"EntryPoint","urlTemplate":"https:\/\/temporada-alta.com\/es\/?s={search_term_string}"},"query-input":{"@type":"PropertyValueSpecification","valueRequired":true,"valueName":"search_term_string"}}],"inLanguage":"es"},{"@type":"Organization","@id":"https:\/\/temporada-alta.com\/es\/#organization","name":"Temporada Alta","url":"https:\/\/temporada-alta.com\/es\/","logo":{"@type":"ImageObject","inLanguage":"es","@id":"https:\/\/temporada-alta.com\/es\/#\/schema\/logo\/image\/","url":"https:\/\/temporada-alta.com\/wp-content\/uploads\/TA21-Logotip-pos.png","contentUrl":"https:\/\/temporada-alta.com\/wp-content\/uploads\/TA21-Logotip-pos.png","width":800,"height":267,"caption":"Temporada Alta"},"image":{"@id":"https:\/\/temporada-alta.com\/es\/#\/schema\/logo\/image\/"}}]}},"_links":{"self":[{"href":"https:\/\/temporada-alta.com\/es\/wp-json\/wp\/v2\/tribe_events\/25422","targetHints":{"allow":["GET"]}}],"collection":[{"href":"https:\/\/temporada-alta.com\/es\/wp-json\/wp\/v2\/tribe_events"}],"about":[{"href":"https:\/\/temporada-alta.com\/es\/wp-json\/wp\/v2\/types\/tribe_events"}],"author":[{"embeddable":true,"href":"https:\/\/temporada-alta.com\/es\/wp-json\/wp\/v2\/users\/4"}],"version-history":[{"count":0,"href":"https:\/\/temporada-alta.com\/es\/wp-json\/wp\/v2\/tribe_events\/25422\/revisions"}],"wp:featuredmedia":[{"embeddable":true,"href":"https:\/\/temporada-alta.com\/es\/wp-json\/wp\/v2\/media\/25358"}],"wp:attachment":[{"href":"https:\/\/temporada-alta.com\/es\/wp-json\/wp\/v2\/media?parent=25422"}],"wp:term":[{"taxonomy":"post_tag","embeddable":true,"href":"https:\/\/temporada-alta.com\/es\/wp-json\/wp\/v2\/tags?post=25422"},{"taxonomy":"tribe_events_cat","embeddable":true,"href":"https:\/\/temporada-alta.com\/es\/wp-json\/wp\/v2\/tribe_events_cat?post=25422"}],"curies":[{"name":"wp","href":"https:\/\/api.w.org\/{rel}","templated":true}]}}

<div id="modal-ready"><h2>Del 21 al 24 de noviembre</h2>
<p>Coincidiendo con la Semana de Creación Contemporánea, y con el objetivo de fomentar el intercambio de proyectos y facilitar la producción y circulación de espectáculos, el Festival ha organizado <strong>una serie de actividades para programadores nacionales e internacionales.</strong></p>
<p>&nbsp;</p>
<p>El acto principal de esta iniciativa es el encuentro de programadores que este año llega a su tercera edición. Una reunión, que se celebrará el viernes 22 de noviembre, cuando diferentes directores de teatros de festivales catalanes y europeos presenten proyectos en fase de diseño o pre-producción a los cuales apoyan y que pueden resultar de interés a los demás profesionales presentes. De este modo se intenta favorecer las opciones de proyección internacional de estas propuestas. Este encuentro se completará con <em>workshops</em> y funciones exclusivas que serán llevadas a cabo por algunos de los nombres propios de la escena contemporánea catalana: Pere Faura, Xavier Bobés o Àlex Rigola.</p>
<p>&nbsp;</p>
<p><img decoding="async" style="width: 192px; height: 90px;" src="/admin/js/kcfinder/upload/images/institutramonllull(1).jpg" alt="" /></p>
</div>

<p>Del 21 al 24 de noviembre Coincidiendo con la Semana de Creación Contemporánea, y con el objetivo de&#8230;</p>

<!-- This site is optimized with the Yoast SEO plugin v27.0 - https://yoast.com/product/yoast-seo-wordpress/ -->
<title>Encuentro de programadores - Temporada Alta</title>
<meta name="robots" content="index, follow, max-snippet:-1, max-image-preview:large, max-video-preview:-1" />
<link rel="canonical" href="https://temporada-alta.com/es/espectaculo/encuentro-de-programadores/" />
<meta property="og:locale" content="es_ES" />
<meta property="og:type" content="article" />
<meta property="og:title" content="Encuentro de programadores - Temporada Alta" />
<meta property="og:description" content="Del 21 al 24 de noviembre Coincidiendo con la Semana de Creación Contemporánea, y con el objetivo de..." />
<meta property="og:url" content="https://temporada-alta.com/es/espectaculo/encuentro-de-programadores/" />
<meta property="og:site_name" content="Temporada Alta" />
<meta property="article:modified_time" content="2019-04-01T07:56:19+00:00" />
<meta property="og:image" content="https://temporada-alta.com/wp-content/uploads/trobadaprogramadors_web.jpg" />
	<meta property="og:image:width" content="2000" />
	<meta property="og:image:height" content="1113" />
	<meta property="og:image:type" content="image/jpeg" />
<meta name="twitter:card" content="summary_large_image" />
<script type="application/ld+json" class="yoast-schema-graph">{"@context":"https://schema.org","@graph":[{"@type":"WebPage","@id":"https://temporada-alta.com/es/espectaculo/encuentro-de-programadores/","url":"https://temporada-alta.com/es/espectaculo/encuentro-de-programadores/","name":"Encuentro de programadores - Temporada Alta","isPartOf":{"@id":"https://temporada-alta.com/es/#website"},"primaryImageOfPage":{"@id":"https://temporada-alta.com/es/espectaculo/encuentro-de-programadores/#primaryimage"},"image":{"@id":"https://temporada-alta.com/es/espectaculo/encuentro-de-programadores/#primaryimage"},"thumbnailUrl":"https://temporada-alta.com/wp-content/uploads/trobadaprogramadors_web.jpg","datePublished":"2013-08-29T14:44:29+00:00","dateModified":"2019-04-01T07:56:19+00:00","breadcrumb":{"@id":"https://temporada-alta.com/es/espectaculo/encuentro-de-programadores/#breadcrumb"},"inLanguage":"es","potentialAction":[{"@type":"ReadAction","target":["https://temporada-alta.com/es/espectaculo/encuentro-de-programadores/"]}]},{"@type":"ImageObject","inLanguage":"es","@id":"https://temporada-alta.com/es/espectaculo/encuentro-de-programadores/#primaryimage","url":"https://temporada-alta.com/wp-content/uploads/trobadaprogramadors_web.jpg","contentUrl":"https://temporada-alta.com/wp-content/uploads/trobadaprogramadors_web.jpg","width":2000,"height":1113},{"@type":"BreadcrumbList","@id":"https://temporada-alta.com/es/espectaculo/encuentro-de-programadores/#breadcrumb","itemListElement":[{"@type":"ListItem","position":1,"name":"Inici","item":"https://temporada-alta.com/es/"},{"@type":"ListItem","position":2,"name":"Eventos","item":"https://temporada-alta.com/es/events/"},{"@type":"ListItem","position":3,"name":"Encuentro de programadores"}]},{"@type":"WebSite","@id":"https://temporada-alta.com/es/#website","url":"https://temporada-alta.com/es/","name":"Temporada Alta","description":"Festival d&#039;Arts Escèniques","publisher":{"@id":"https://temporada-alta.com/es/#organization"},"potentialAction":[{"@type":"SearchAction","target":{"@type":"EntryPoint","urlTemplate":"https://temporada-alta.com/es/?s={search_term_string}"},"query-input":{"@type":"PropertyValueSpecification","valueRequired":true,"valueName":"search_term_string"}}],"inLanguage":"es"},{"@type":"Organization","@id":"https://temporada-alta.com/es/#organization","name":"Temporada Alta","url":"https://temporada-alta.com/es/","logo":{"@type":"ImageObject","inLanguage":"es","@id":"https://temporada-alta.com/es/#/schema/logo/image/","url":"https://temporada-alta.com/wp-content/uploads/TA21-Logotip-pos.png","contentUrl":"https://temporada-alta.com/wp-content/uploads/TA21-Logotip-pos.png","width":800,"height":267,"caption":"Temporada Alta"},"image":{"@id":"https://temporada-alta.com/es/#/schema/logo/image/"}}]}</script>
<!-- / Yoast SEO plugin. -->

Del 21 al 24 de noviembre Coincidiendo con la Semana de Creación Contemporánea, y con el objetivo de...

Festival d&#039;Arts Escèniques
