{"id":25118,"date":"2013-08-13T14:13:19","date_gmt":"2013-08-13T12:13:19","guid":{"rendered":"https:\/\/www.temporada-alta.com\/event\/montserrat\/"},"modified":"2019-04-11T13:39:20","modified_gmt":"2019-04-11T11:39:20","slug":"montserrat","status":"publish","type":"tribe_events","link":"https:\/\/temporada-alta.com\/es\/espectaculo\/montserrat\/","title":{"rendered":"Montserrat"},"content":{"rendered":"<div id=\"modal-ready\"><h2>Lagartijas tiradas al sol presenta una nueva experiencia teatral ligada a la recreaci\u00f3 hist\u00f3rica<\/h2>\n<p>Lagartijas tiradas al sol es una comunidad de artistas de esp\u00edritu libertario que busca borrar las fronteras entre el trabajo y la vida, investigando nuevas experiencias teatrales cercanas a la biograf\u00eda, el documento y la recreaci\u00f3n hist\u00f3rica. En 2011 sorprendieron en Temporada Alta con <em>El rumor del incendio<\/em>, y este a\u00f1o el atrevido colectivo se ha adentrado en un proyecto todav\u00eda m\u00e1s personal: la b\u00fasqueda por saber qui\u00e9n era Montserrat, la madre de Gabino Rodr\u00edguez \u2013el alma de la compa\u00f1\u00eda\u2013, que desapareci\u00f3 hace m\u00e1s de veinte a\u00f1os. Un viaje al pasado en clave de investigaci\u00f3n vital que nos revelar\u00e1 los detalles preciosos que hay en la microhistoria de todas las familias. Un trabajo visualmente sorprendente y muy comprometido que nos demostrar\u00e1 otra forma de hacer teatro.<\/p>\n<\/div>","protected":false},"excerpt":{"rendered":"<p>Lagartijas tiradas al sol presenta una nueva experiencia teatral ligada a la recreaci\u00f3 hist\u00f3rica Lagartijas tiradas al sol&#8230;<\/p>\n","protected":false},"author":4,"featured_media":25033,"template":"","meta":{"_acf_changed":false,"_tribe_events_status":"","_tribe_events_status_reason":"","footnotes":""},"tags":[],"tribe_events_cat":[149],"class_list":["post-25118","tribe_events","type-tribe_events","status-publish","has-post-thumbnail","hentry","tribe_events_cat-149","cat_2013"],"acf":{"photo_gallery":{"gallery":[[]]}},"yoast_head":"<!-- This site is optimized with the Yoast SEO plugin v27.0 - https:\/\/yoast.com\/product\/yoast-seo-wordpress\/ -->\n<title>Montserrat - Temporada Alta<\/title>\n<meta name=\"robots\" content=\"index, follow, max-snippet:-1, max-image-preview:large, max-video-preview:-1\" \/>\n<link rel=\"canonical\" href=\"https:\/\/temporada-alta.com\/es\/espectaculo\/montserrat\/\" \/>\n<meta property=\"og:locale\" content=\"es_ES\" \/>\n<meta property=\"og:type\" content=\"article\" \/>\n<meta property=\"og:title\" content=\"Montserrat - Temporada Alta\" \/>\n<meta property=\"og:description\" content=\"Lagartijas tiradas al sol presenta una nueva experiencia teatral ligada a la recreaci\u00f3 hist\u00f3rica Lagartijas tiradas al sol...\" \/>\n<meta property=\"og:url\" content=\"https:\/\/temporada-alta.com\/es\/espectaculo\/montserrat\/\" \/>\n<meta property=\"og:site_name\" content=\"Temporada Alta\" \/>\n<meta property=\"article:modified_time\" content=\"2019-04-11T11:39:20+00:00\" \/>\n<meta property=\"og:image\" content=\"https:\/\/temporada-alta.com\/wp-content\/uploads\/montserrat3_nahcoponce.jpg\" \/>\n\t<meta property=\"og:image:width\" content=\"571\" \/>\n\t<meta property=\"og:image:height\" content=\"402\" \/>\n\t<meta property=\"og:image:type\" content=\"image\/jpeg\" \/>\n<meta name=\"twitter:card\" content=\"summary_large_image\" \/>\n<script type=\"application\/ld+json\" class=\"yoast-schema-graph\">{\"@context\":\"https:\/\/schema.org\",\"@graph\":[{\"@type\":\"WebPage\",\"@id\":\"https:\/\/temporada-alta.com\/es\/espectaculo\/montserrat\/\",\"url\":\"https:\/\/temporada-alta.com\/es\/espectaculo\/montserrat\/\",\"name\":\"Montserrat - Temporada Alta\",\"isPartOf\":{\"@id\":\"https:\/\/temporada-alta.com\/es\/#website\"},\"primaryImageOfPage\":{\"@id\":\"https:\/\/temporada-alta.com\/es\/espectaculo\/montserrat\/#primaryimage\"},\"image\":{\"@id\":\"https:\/\/temporada-alta.com\/es\/espectaculo\/montserrat\/#primaryimage\"},\"thumbnailUrl\":\"https:\/\/temporada-alta.com\/wp-content\/uploads\/montserrat3_nahcoponce.jpg\",\"datePublished\":\"2013-08-13T12:13:19+00:00\",\"dateModified\":\"2019-04-11T11:39:20+00:00\",\"breadcrumb\":{\"@id\":\"https:\/\/temporada-alta.com\/es\/espectaculo\/montserrat\/#breadcrumb\"},\"inLanguage\":\"es\",\"potentialAction\":[{\"@type\":\"ReadAction\",\"target\":[\"https:\/\/temporada-alta.com\/es\/espectaculo\/montserrat\/\"]}]},{\"@type\":\"ImageObject\",\"inLanguage\":\"es\",\"@id\":\"https:\/\/temporada-alta.com\/es\/espectaculo\/montserrat\/#primaryimage\",\"url\":\"https:\/\/temporada-alta.com\/wp-content\/uploads\/montserrat3_nahcoponce.jpg\",\"contentUrl\":\"https:\/\/temporada-alta.com\/wp-content\/uploads\/montserrat3_nahcoponce.jpg\",\"width\":571,\"height\":402},{\"@type\":\"BreadcrumbList\",\"@id\":\"https:\/\/temporada-alta.com\/es\/espectaculo\/montserrat\/#breadcrumb\",\"itemListElement\":[{\"@type\":\"ListItem\",\"position\":1,\"name\":\"Inici\",\"item\":\"https:\/\/temporada-alta.com\/es\/\"},{\"@type\":\"ListItem\",\"position\":2,\"name\":\"Eventos\",\"item\":\"https:\/\/temporada-alta.com\/es\/events\/\"},{\"@type\":\"ListItem\",\"position\":3,\"name\":\"Montserrat\"}]},{\"@type\":\"WebSite\",\"@id\":\"https:\/\/temporada-alta.com\/es\/#website\",\"url\":\"https:\/\/temporada-alta.com\/es\/\",\"name\":\"Temporada Alta\",\"description\":\"Festival d&#039;Arts Esc\u00e8niques\",\"publisher\":{\"@id\":\"https:\/\/temporada-alta.com\/es\/#organization\"},\"potentialAction\":[{\"@type\":\"SearchAction\",\"target\":{\"@type\":\"EntryPoint\",\"urlTemplate\":\"https:\/\/temporada-alta.com\/es\/?s={search_term_string}\"},\"query-input\":{\"@type\":\"PropertyValueSpecification\",\"valueRequired\":true,\"valueName\":\"search_term_string\"}}],\"inLanguage\":\"es\"},{\"@type\":\"Organization\",\"@id\":\"https:\/\/temporada-alta.com\/es\/#organization\",\"name\":\"Temporada Alta\",\"url\":\"https:\/\/temporada-alta.com\/es\/\",\"logo\":{\"@type\":\"ImageObject\",\"inLanguage\":\"es\",\"@id\":\"https:\/\/temporada-alta.com\/es\/#\/schema\/logo\/image\/\",\"url\":\"https:\/\/temporada-alta.com\/wp-content\/uploads\/TA21-Logotip-pos.png\",\"contentUrl\":\"https:\/\/temporada-alta.com\/wp-content\/uploads\/TA21-Logotip-pos.png\",\"width\":800,\"height\":267,\"caption\":\"Temporada Alta\"},\"image\":{\"@id\":\"https:\/\/temporada-alta.com\/es\/#\/schema\/logo\/image\/\"}}]}<\/script>\n<!-- \/ Yoast SEO plugin. -->","yoast_head_json":{"title":"Montserrat - Temporada Alta","robots":{"index":"index","follow":"follow","max-snippet":"max-snippet:-1","max-image-preview":"max-image-preview:large","max-video-preview":"max-video-preview:-1"},"canonical":"https:\/\/temporada-alta.com\/es\/espectaculo\/montserrat\/","og_locale":"es_ES","og_type":"article","og_title":"Montserrat - Temporada Alta","og_description":"Lagartijas tiradas al sol presenta una nueva experiencia teatral ligada a la recreaci\u00f3 hist\u00f3rica Lagartijas tiradas al sol...","og_url":"https:\/\/temporada-alta.com\/es\/espectaculo\/montserrat\/","og_site_name":"Temporada Alta","article_modified_time":"2019-04-11T11:39:20+00:00","og_image":[{"width":571,"height":402,"url":"https:\/\/temporada-alta.com\/wp-content\/uploads\/montserrat3_nahcoponce.jpg","type":"image\/jpeg"}],"twitter_card":"summary_large_image","schema":{"@context":"https:\/\/schema.org","@graph":[{"@type":"WebPage","@id":"https:\/\/temporada-alta.com\/es\/espectaculo\/montserrat\/","url":"https:\/\/temporada-alta.com\/es\/espectaculo\/montserrat\/","name":"Montserrat - Temporada Alta","isPartOf":{"@id":"https:\/\/temporada-alta.com\/es\/#website"},"primaryImageOfPage":{"@id":"https:\/\/temporada-alta.com\/es\/espectaculo\/montserrat\/#primaryimage"},"image":{"@id":"https:\/\/temporada-alta.com\/es\/espectaculo\/montserrat\/#primaryimage"},"thumbnailUrl":"https:\/\/temporada-alta.com\/wp-content\/uploads\/montserrat3_nahcoponce.jpg","datePublished":"2013-08-13T12:13:19+00:00","dateModified":"2019-04-11T11:39:20+00:00","breadcrumb":{"@id":"https:\/\/temporada-alta.com\/es\/espectaculo\/montserrat\/#breadcrumb"},"inLanguage":"es","potentialAction":[{"@type":"ReadAction","target":["https:\/\/temporada-alta.com\/es\/espectaculo\/montserrat\/"]}]},{"@type":"ImageObject","inLanguage":"es","@id":"https:\/\/temporada-alta.com\/es\/espectaculo\/montserrat\/#primaryimage","url":"https:\/\/temporada-alta.com\/wp-content\/uploads\/montserrat3_nahcoponce.jpg","contentUrl":"https:\/\/temporada-alta.com\/wp-content\/uploads\/montserrat3_nahcoponce.jpg","width":571,"height":402},{"@type":"BreadcrumbList","@id":"https:\/\/temporada-alta.com\/es\/espectaculo\/montserrat\/#breadcrumb","itemListElement":[{"@type":"ListItem","position":1,"name":"Inici","item":"https:\/\/temporada-alta.com\/es\/"},{"@type":"ListItem","position":2,"name":"Eventos","item":"https:\/\/temporada-alta.com\/es\/events\/"},{"@type":"ListItem","position":3,"name":"Montserrat"}]},{"@type":"WebSite","@id":"https:\/\/temporada-alta.com\/es\/#website","url":"https:\/\/temporada-alta.com\/es\/","name":"Temporada Alta","description":"Festival d&#039;Arts Esc\u00e8niques","publisher":{"@id":"https:\/\/temporada-alta.com\/es\/#organization"},"potentialAction":[{"@type":"SearchAction","target":{"@type":"EntryPoint","urlTemplate":"https:\/\/temporada-alta.com\/es\/?s={search_term_string}"},"query-input":{"@type":"PropertyValueSpecification","valueRequired":true,"valueName":"search_term_string"}}],"inLanguage":"es"},{"@type":"Organization","@id":"https:\/\/temporada-alta.com\/es\/#organization","name":"Temporada Alta","url":"https:\/\/temporada-alta.com\/es\/","logo":{"@type":"ImageObject","inLanguage":"es","@id":"https:\/\/temporada-alta.com\/es\/#\/schema\/logo\/image\/","url":"https:\/\/temporada-alta.com\/wp-content\/uploads\/TA21-Logotip-pos.png","contentUrl":"https:\/\/temporada-alta.com\/wp-content\/uploads\/TA21-Logotip-pos.png","width":800,"height":267,"caption":"Temporada Alta"},"image":{"@id":"https:\/\/temporada-alta.com\/es\/#\/schema\/logo\/image\/"}}]}},"_links":{"self":[{"href":"https:\/\/temporada-alta.com\/es\/wp-json\/wp\/v2\/tribe_events\/25118","targetHints":{"allow":["GET"]}}],"collection":[{"href":"https:\/\/temporada-alta.com\/es\/wp-json\/wp\/v2\/tribe_events"}],"about":[{"href":"https:\/\/temporada-alta.com\/es\/wp-json\/wp\/v2\/types\/tribe_events"}],"author":[{"embeddable":true,"href":"https:\/\/temporada-alta.com\/es\/wp-json\/wp\/v2\/users\/4"}],"version-history":[{"count":0,"href":"https:\/\/temporada-alta.com\/es\/wp-json\/wp\/v2\/tribe_events\/25118\/revisions"}],"wp:featuredmedia":[{"embeddable":true,"href":"https:\/\/temporada-alta.com\/es\/wp-json\/wp\/v2\/media\/25033"}],"wp:attachment":[{"href":"https:\/\/temporada-alta.com\/es\/wp-json\/wp\/v2\/media?parent=25118"}],"wp:term":[{"taxonomy":"post_tag","embeddable":true,"href":"https:\/\/temporada-alta.com\/es\/wp-json\/wp\/v2\/tags?post=25118"},{"taxonomy":"tribe_events_cat","embeddable":true,"href":"https:\/\/temporada-alta.com\/es\/wp-json\/wp\/v2\/tribe_events_cat?post=25118"}],"curies":[{"name":"wp","href":"https:\/\/api.w.org\/{rel}","templated":true}]}}

<div id="modal-ready"><h2>Lagartijas tiradas al sol presenta una nueva experiencia teatral ligada a la recreació histórica</h2>
<p>Lagartijas tiradas al sol es una comunidad de artistas de espíritu libertario que busca borrar las fronteras entre el trabajo y la vida, investigando nuevas experiencias teatrales cercanas a la biografía, el documento y la recreación histórica. En 2011 sorprendieron en Temporada Alta con <em>El rumor del incendio</em>, y este año el atrevido colectivo se ha adentrado en un proyecto todavía más personal: la búsqueda por saber quién era Montserrat, la madre de Gabino Rodríguez –el alma de la compañía–, que desapareció hace más de veinte años. Un viaje al pasado en clave de investigación vital que nos revelará los detalles preciosos que hay en la microhistoria de todas las familias. Un trabajo visualmente sorprendente y muy comprometido que nos demostrará otra forma de hacer teatro.</p>
</div>

<p>Lagartijas tiradas al sol presenta una nueva experiencia teatral ligada a la recreació histórica Lagartijas tiradas al sol&#8230;</p>

<!-- This site is optimized with the Yoast SEO plugin v27.0 - https://yoast.com/product/yoast-seo-wordpress/ -->
<title>Montserrat - Temporada Alta</title>
<meta name="robots" content="index, follow, max-snippet:-1, max-image-preview:large, max-video-preview:-1" />
<link rel="canonical" href="https://temporada-alta.com/es/espectaculo/montserrat/" />
<meta property="og:locale" content="es_ES" />
<meta property="og:type" content="article" />
<meta property="og:title" content="Montserrat - Temporada Alta" />
<meta property="og:description" content="Lagartijas tiradas al sol presenta una nueva experiencia teatral ligada a la recreació histórica Lagartijas tiradas al sol..." />
<meta property="og:url" content="https://temporada-alta.com/es/espectaculo/montserrat/" />
<meta property="og:site_name" content="Temporada Alta" />
<meta property="article:modified_time" content="2019-04-11T11:39:20+00:00" />
<meta property="og:image" content="https://temporada-alta.com/wp-content/uploads/montserrat3_nahcoponce.jpg" />
	<meta property="og:image:width" content="571" />
	<meta property="og:image:height" content="402" />
	<meta property="og:image:type" content="image/jpeg" />
<meta name="twitter:card" content="summary_large_image" />
<script type="application/ld+json" class="yoast-schema-graph">{"@context":"https://schema.org","@graph":[{"@type":"WebPage","@id":"https://temporada-alta.com/es/espectaculo/montserrat/","url":"https://temporada-alta.com/es/espectaculo/montserrat/","name":"Montserrat - Temporada Alta","isPartOf":{"@id":"https://temporada-alta.com/es/#website"},"primaryImageOfPage":{"@id":"https://temporada-alta.com/es/espectaculo/montserrat/#primaryimage"},"image":{"@id":"https://temporada-alta.com/es/espectaculo/montserrat/#primaryimage"},"thumbnailUrl":"https://temporada-alta.com/wp-content/uploads/montserrat3_nahcoponce.jpg","datePublished":"2013-08-13T12:13:19+00:00","dateModified":"2019-04-11T11:39:20+00:00","breadcrumb":{"@id":"https://temporada-alta.com/es/espectaculo/montserrat/#breadcrumb"},"inLanguage":"es","potentialAction":[{"@type":"ReadAction","target":["https://temporada-alta.com/es/espectaculo/montserrat/"]}]},{"@type":"ImageObject","inLanguage":"es","@id":"https://temporada-alta.com/es/espectaculo/montserrat/#primaryimage","url":"https://temporada-alta.com/wp-content/uploads/montserrat3_nahcoponce.jpg","contentUrl":"https://temporada-alta.com/wp-content/uploads/montserrat3_nahcoponce.jpg","width":571,"height":402},{"@type":"BreadcrumbList","@id":"https://temporada-alta.com/es/espectaculo/montserrat/#breadcrumb","itemListElement":[{"@type":"ListItem","position":1,"name":"Inici","item":"https://temporada-alta.com/es/"},{"@type":"ListItem","position":2,"name":"Eventos","item":"https://temporada-alta.com/es/events/"},{"@type":"ListItem","position":3,"name":"Montserrat"}]},{"@type":"WebSite","@id":"https://temporada-alta.com/es/#website","url":"https://temporada-alta.com/es/","name":"Temporada Alta","description":"Festival d&#039;Arts Escèniques","publisher":{"@id":"https://temporada-alta.com/es/#organization"},"potentialAction":[{"@type":"SearchAction","target":{"@type":"EntryPoint","urlTemplate":"https://temporada-alta.com/es/?s={search_term_string}"},"query-input":{"@type":"PropertyValueSpecification","valueRequired":true,"valueName":"search_term_string"}}],"inLanguage":"es"},{"@type":"Organization","@id":"https://temporada-alta.com/es/#organization","name":"Temporada Alta","url":"https://temporada-alta.com/es/","logo":{"@type":"ImageObject","inLanguage":"es","@id":"https://temporada-alta.com/es/#/schema/logo/image/","url":"https://temporada-alta.com/wp-content/uploads/TA21-Logotip-pos.png","contentUrl":"https://temporada-alta.com/wp-content/uploads/TA21-Logotip-pos.png","width":800,"height":267,"caption":"Temporada Alta"},"image":{"@id":"https://temporada-alta.com/es/#/schema/logo/image/"}}]}</script>
<!-- / Yoast SEO plugin. -->

Lagartijas tiradas al sol presenta una nueva experiencia teatral ligada a la recreació histórica Lagartijas tiradas al sol...

Festival d&#039;Arts Escèniques
