{"id":98533,"date":"2024-11-18T13:20:06","date_gmt":"2024-11-18T12:20:06","guid":{"rendered":"https:\/\/temporada-alta.com\/?page_id=98533"},"modified":"2025-02-24T17:08:10","modified_gmt":"2025-02-24T16:08:10","slug":"edicion-1997","status":"publish","type":"page","link":"https:\/\/temporada-alta.com\/es\/edicion-1997\/","title":{"rendered":"Edici\u00f3n 1997"},"content":{"rendered":"<div id=\"modal-ready\">\n<h3 class=\"wp-block-heading\"><strong>Teatro de Salt, un nuevo espacio del Festival<\/strong><\/h3>\n\n\n\n<p>Ampliamos los espacios de exhibici\u00f3n del Festival con la inauguraci\u00f3n del Teatro de Salt y ofrecemos una programaci\u00f3n con diversas disciplinas esc\u00e9nicas. Marta Carrasco, Jango Edwards o Nuria Espert son algunos de los nombres destacables. La presencia internacional sigue incrementando con artistas de la talla de Hanna Schygulla o Robert Lepage.<\/p>\n\n\n\n<p>Espectaculos:<strong> 18<\/strong> (+ cinema)<br>Coproducciones: <strong>0<\/strong><br>Estrenos:<strong>&nbsp;11<\/strong><br>Espectadores: <strong>11.773&nbsp;<\/strong>(total) \/ <strong>82,59%<\/strong>&nbsp;(ocupaci\u00f3n)<br>Sales:&nbsp;<strong>3<\/strong>&nbsp;(+ cinema Truffaut)<br>Presupuesto: <strong>27.896.110<\/strong>&nbsp;pesetas<\/p>\n\n\n\n<div class=\"wp-block-columns are-vertically-aligned-center is-layout-flex wp-container-core-columns-is-layout-28f84493 wp-block-columns-is-layout-flex\">\n<div class=\"wp-block-column is-vertically-aligned-center is-layout-flow wp-block-column-is-layout-flow\">\n<figure class=\"wp-block-image alignwide size-full\"><img loading=\"lazy\" decoding=\"async\" width=\"600\" height=\"354\" src=\"https:\/\/temporada-alta.com\/wp-content\/uploads\/TA1997.jpg\" alt=\"\" class=\"wp-image-32759\" srcset=\"https:\/\/temporada-alta.com\/wp-content\/uploads\/TA1997.jpg 600w, https:\/\/temporada-alta.com\/wp-content\/uploads\/TA1997-300x177.jpg 300w\" sizes=\"auto, (max-width: 600px) 100vw, 600px\" \/><\/figure>\n<\/div>\n\n\n\n<div class=\"wp-block-column is-vertically-aligned-center is-layout-flow wp-block-column-is-layout-flow\">\n<h2 class=\"wp-block-heading\" style=\"margin-top:0;margin-bottom:0;padding-top:0;padding-bottom:0\"><span style=\"font-size: 2.14286rem; text-transform: inherit;\"><strong>Cartel\u00a01997, Narc\u00eds Comadira<\/strong><\/span><\/h2>\n\n\n\n<p style=\"margin-top:0;margin-bottom:0;padding-top:0;padding-bottom:0\">Poeta y pintor, adem\u00e1s de traductor, dramaturgo, articulista, cr\u00edtico literario \u2026<br>Licenciado en Filolog\u00eda e Historia del Arte, ha sido galardonado con varios premios como el de la Generalitat de Catalunya, el Ciutat de Barcelona y el Nacional de la Cr\u00edtica. Es miembro de la Asociaci\u00f3n de Escritores en Lengua Catalana.<br>Su poes\u00eda tiende hacia las formas cl\u00e1sicas, la contemplaci\u00f3n y la iron\u00eda, todo con un gran rigor m\u00e9trico. Sus traducciones, normalmente del italiano y del ingl\u00e9s, incluyen a autores como G. Leopardi, G. Bassani, E. Di Filippo, L. Pirandello, W.H. Auden o R. Rowell.<br>La combinaci\u00f3n de su vocaci\u00f3n literaria con la pict\u00f3rica hace estas dos disciplinas est\u00e9n completamente ligadas entre ellas en sus creaciones, dando como fruto una visi\u00f3n muy especial de la realidad.<br>Su obra pict\u00f3rica se caracteriza por el trazo vigoroso y colorista, de formas geom\u00e9tricas sencillas, pero de gran fuerza visual. Tratado con colores planos pero vivos, como en muchas de sus creaciones, en el cartel de Temporada Alta los temas vegetales y los dom\u00e9sticos est\u00e1n presentes: el \u00e1rbol, la silla y el tel\u00f3n con las luces de la escena abiertas nos indican que todo est\u00e1 a punto para que comience el espect\u00e1culo.<\/p>\n<\/div>\n<\/div>\n\n\n\n<p><a href=\"https:\/\/drive.google.com\/file\/d\/1OAvgg4qv9OwRFen71egkTc0NjV9_VWoF\/view?usp=sharing\">Descarga el cartel<\/a><\/p>\n<\/div>","protected":false},"excerpt":{"rendered":"<p>Teatro de Salt, un nuevo espacio del Festival Ampliamos los espacios de exhibici\u00f3n del Festival con la inauguraci\u00f3n&#8230;<\/p>\n","protected":false},"author":35132,"featured_media":0,"parent":0,"menu_order":0,"comment_status":"closed","ping_status":"closed","template":"","meta":{"_acf_changed":false,"footnotes":""},"class_list":["post-98533","page","type-page","status-publish","hentry"],"acf":[],"yoast_head":"<!-- This site is optimized with the Yoast SEO plugin v27.0 - https:\/\/yoast.com\/product\/yoast-seo-wordpress\/ -->\n<title>Edici\u00f3n 1997 - Temporada Alta<\/title>\n<meta name=\"robots\" content=\"index, follow, max-snippet:-1, max-image-preview:large, max-video-preview:-1\" \/>\n<link rel=\"canonical\" href=\"https:\/\/temporada-alta.com\/es\/edicion-1997\/\" \/>\n<meta property=\"og:locale\" content=\"es_ES\" \/>\n<meta property=\"og:type\" content=\"article\" \/>\n<meta property=\"og:title\" content=\"Edici\u00f3n 1997 - Temporada Alta\" \/>\n<meta property=\"og:description\" content=\"Teatro de Salt, un nuevo espacio del Festival Ampliamos los espacios de exhibici\u00f3n del Festival con la inauguraci\u00f3n...\" \/>\n<meta property=\"og:url\" content=\"https:\/\/temporada-alta.com\/es\/edicion-1997\/\" \/>\n<meta property=\"og:site_name\" content=\"Temporada Alta\" \/>\n<meta property=\"article:modified_time\" content=\"2025-02-24T16:08:10+00:00\" \/>\n<meta property=\"og:image\" content=\"https:\/\/temporada-alta.com\/wp-content\/uploads\/TA1997.jpg\" \/>\n\t<meta property=\"og:image:width\" content=\"600\" \/>\n\t<meta property=\"og:image:height\" content=\"354\" \/>\n\t<meta property=\"og:image:type\" content=\"image\/jpeg\" \/>\n<meta name=\"twitter:card\" content=\"summary_large_image\" \/>\n<script type=\"application\/ld+json\" class=\"yoast-schema-graph\">{\"@context\":\"https:\/\/schema.org\",\"@graph\":[{\"@type\":\"WebPage\",\"@id\":\"https:\/\/temporada-alta.com\/es\/edicion-1997\/\",\"url\":\"https:\/\/temporada-alta.com\/es\/edicion-1997\/\",\"name\":\"Edici\u00f3n 1997 - Temporada Alta\",\"isPartOf\":{\"@id\":\"https:\/\/temporada-alta.com\/es\/#website\"},\"primaryImageOfPage\":{\"@id\":\"https:\/\/temporada-alta.com\/es\/edicion-1997\/#primaryimage\"},\"image\":{\"@id\":\"https:\/\/temporada-alta.com\/es\/edicion-1997\/#primaryimage\"},\"thumbnailUrl\":\"https:\/\/temporada-alta.com\/wp-content\/uploads\/TA1997.jpg\",\"datePublished\":\"2024-11-18T12:20:06+00:00\",\"dateModified\":\"2025-02-24T16:08:10+00:00\",\"breadcrumb\":{\"@id\":\"https:\/\/temporada-alta.com\/es\/edicion-1997\/#breadcrumb\"},\"inLanguage\":\"es\",\"potentialAction\":[{\"@type\":\"ReadAction\",\"target\":[\"https:\/\/temporada-alta.com\/es\/edicion-1997\/\"]}]},{\"@type\":\"ImageObject\",\"inLanguage\":\"es\",\"@id\":\"https:\/\/temporada-alta.com\/es\/edicion-1997\/#primaryimage\",\"url\":\"https:\/\/temporada-alta.com\/wp-content\/uploads\/TA1997.jpg\",\"contentUrl\":\"https:\/\/temporada-alta.com\/wp-content\/uploads\/TA1997.jpg\"},{\"@type\":\"BreadcrumbList\",\"@id\":\"https:\/\/temporada-alta.com\/es\/edicion-1997\/#breadcrumb\",\"itemListElement\":[{\"@type\":\"ListItem\",\"position\":1,\"name\":\"Inici\",\"item\":\"https:\/\/temporada-alta.com\/es\/\"},{\"@type\":\"ListItem\",\"position\":2,\"name\":\"Edici\u00f3n 1997\"}]},{\"@type\":\"WebSite\",\"@id\":\"https:\/\/temporada-alta.com\/es\/#website\",\"url\":\"https:\/\/temporada-alta.com\/es\/\",\"name\":\"Temporada Alta\",\"description\":\"Festival d&#039;Arts Esc\u00e8niques\",\"publisher\":{\"@id\":\"https:\/\/temporada-alta.com\/es\/#organization\"},\"potentialAction\":[{\"@type\":\"SearchAction\",\"target\":{\"@type\":\"EntryPoint\",\"urlTemplate\":\"https:\/\/temporada-alta.com\/es\/?s={search_term_string}\"},\"query-input\":{\"@type\":\"PropertyValueSpecification\",\"valueRequired\":true,\"valueName\":\"search_term_string\"}}],\"inLanguage\":\"es\"},{\"@type\":\"Organization\",\"@id\":\"https:\/\/temporada-alta.com\/es\/#organization\",\"name\":\"Temporada Alta\",\"url\":\"https:\/\/temporada-alta.com\/es\/\",\"logo\":{\"@type\":\"ImageObject\",\"inLanguage\":\"es\",\"@id\":\"https:\/\/temporada-alta.com\/es\/#\/schema\/logo\/image\/\",\"url\":\"https:\/\/temporada-alta.com\/wp-content\/uploads\/TA21-Logotip-pos.png\",\"contentUrl\":\"https:\/\/temporada-alta.com\/wp-content\/uploads\/TA21-Logotip-pos.png\",\"width\":800,\"height\":267,\"caption\":\"Temporada Alta\"},\"image\":{\"@id\":\"https:\/\/temporada-alta.com\/es\/#\/schema\/logo\/image\/\"}}]}<\/script>\n<!-- \/ Yoast SEO plugin. -->","yoast_head_json":{"title":"Edici\u00f3n 1997 - Temporada Alta","robots":{"index":"index","follow":"follow","max-snippet":"max-snippet:-1","max-image-preview":"max-image-preview:large","max-video-preview":"max-video-preview:-1"},"canonical":"https:\/\/temporada-alta.com\/es\/edicion-1997\/","og_locale":"es_ES","og_type":"article","og_title":"Edici\u00f3n 1997 - Temporada Alta","og_description":"Teatro de Salt, un nuevo espacio del Festival Ampliamos los espacios de exhibici\u00f3n del Festival con la inauguraci\u00f3n...","og_url":"https:\/\/temporada-alta.com\/es\/edicion-1997\/","og_site_name":"Temporada Alta","article_modified_time":"2025-02-24T16:08:10+00:00","og_image":[{"width":600,"height":354,"url":"https:\/\/temporada-alta.com\/wp-content\/uploads\/TA1997.jpg","type":"image\/jpeg"}],"twitter_card":"summary_large_image","schema":{"@context":"https:\/\/schema.org","@graph":[{"@type":"WebPage","@id":"https:\/\/temporada-alta.com\/es\/edicion-1997\/","url":"https:\/\/temporada-alta.com\/es\/edicion-1997\/","name":"Edici\u00f3n 1997 - Temporada Alta","isPartOf":{"@id":"https:\/\/temporada-alta.com\/es\/#website"},"primaryImageOfPage":{"@id":"https:\/\/temporada-alta.com\/es\/edicion-1997\/#primaryimage"},"image":{"@id":"https:\/\/temporada-alta.com\/es\/edicion-1997\/#primaryimage"},"thumbnailUrl":"https:\/\/temporada-alta.com\/wp-content\/uploads\/TA1997.jpg","datePublished":"2024-11-18T12:20:06+00:00","dateModified":"2025-02-24T16:08:10+00:00","breadcrumb":{"@id":"https:\/\/temporada-alta.com\/es\/edicion-1997\/#breadcrumb"},"inLanguage":"es","potentialAction":[{"@type":"ReadAction","target":["https:\/\/temporada-alta.com\/es\/edicion-1997\/"]}]},{"@type":"ImageObject","inLanguage":"es","@id":"https:\/\/temporada-alta.com\/es\/edicion-1997\/#primaryimage","url":"https:\/\/temporada-alta.com\/wp-content\/uploads\/TA1997.jpg","contentUrl":"https:\/\/temporada-alta.com\/wp-content\/uploads\/TA1997.jpg"},{"@type":"BreadcrumbList","@id":"https:\/\/temporada-alta.com\/es\/edicion-1997\/#breadcrumb","itemListElement":[{"@type":"ListItem","position":1,"name":"Inici","item":"https:\/\/temporada-alta.com\/es\/"},{"@type":"ListItem","position":2,"name":"Edici\u00f3n 1997"}]},{"@type":"WebSite","@id":"https:\/\/temporada-alta.com\/es\/#website","url":"https:\/\/temporada-alta.com\/es\/","name":"Temporada Alta","description":"Festival d&#039;Arts Esc\u00e8niques","publisher":{"@id":"https:\/\/temporada-alta.com\/es\/#organization"},"potentialAction":[{"@type":"SearchAction","target":{"@type":"EntryPoint","urlTemplate":"https:\/\/temporada-alta.com\/es\/?s={search_term_string}"},"query-input":{"@type":"PropertyValueSpecification","valueRequired":true,"valueName":"search_term_string"}}],"inLanguage":"es"},{"@type":"Organization","@id":"https:\/\/temporada-alta.com\/es\/#organization","name":"Temporada Alta","url":"https:\/\/temporada-alta.com\/es\/","logo":{"@type":"ImageObject","inLanguage":"es","@id":"https:\/\/temporada-alta.com\/es\/#\/schema\/logo\/image\/","url":"https:\/\/temporada-alta.com\/wp-content\/uploads\/TA21-Logotip-pos.png","contentUrl":"https:\/\/temporada-alta.com\/wp-content\/uploads\/TA21-Logotip-pos.png","width":800,"height":267,"caption":"Temporada Alta"},"image":{"@id":"https:\/\/temporada-alta.com\/es\/#\/schema\/logo\/image\/"}}]}},"_links":{"self":[{"href":"https:\/\/temporada-alta.com\/es\/wp-json\/wp\/v2\/pages\/98533","targetHints":{"allow":["GET"]}}],"collection":[{"href":"https:\/\/temporada-alta.com\/es\/wp-json\/wp\/v2\/pages"}],"about":[{"href":"https:\/\/temporada-alta.com\/es\/wp-json\/wp\/v2\/types\/page"}],"author":[{"embeddable":true,"href":"https:\/\/temporada-alta.com\/es\/wp-json\/wp\/v2\/users\/35132"}],"replies":[{"embeddable":true,"href":"https:\/\/temporada-alta.com\/es\/wp-json\/wp\/v2\/comments?post=98533"}],"version-history":[{"count":2,"href":"https:\/\/temporada-alta.com\/es\/wp-json\/wp\/v2\/pages\/98533\/revisions"}],"predecessor-version":[{"id":99677,"href":"https:\/\/temporada-alta.com\/es\/wp-json\/wp\/v2\/pages\/98533\/revisions\/99677"}],"wp:attachment":[{"href":"https:\/\/temporada-alta.com\/es\/wp-json\/wp\/v2\/media?parent=98533"}],"curies":[{"name":"wp","href":"https:\/\/api.w.org\/{rel}","templated":true}]}}

Edición 1997

<div id="modal-ready">
<h3 class="wp-block-heading"><strong>Teatro de Salt, un nuevo espacio del Festival</strong></h3>



<p>Ampliamos los espacios de exhibición del Festival con la inauguración del Teatro de Salt y ofrecemos una programación con diversas disciplinas escénicas. Marta Carrasco, Jango Edwards o Nuria Espert son algunos de los nombres destacables. La presencia internacional sigue incrementando con artistas de la talla de Hanna Schygulla o Robert Lepage.</p>



<p>Espectaculos:<strong> 18</strong> (+ cinema)<br>Coproducciones: <strong>0</strong><br>Estrenos:<strong>&nbsp;11</strong><br>Espectadores: <strong>11.773&nbsp;</strong>(total) / <strong>82,59%</strong>&nbsp;(ocupación)<br>Sales:&nbsp;<strong>3</strong>&nbsp;(+ cinema Truffaut)<br>Presupuesto: <strong>27.896.110</strong>&nbsp;pesetas</p>



<div class="wp-block-columns are-vertically-aligned-center is-layout-flex wp-container-core-columns-is-layout-28f84493 wp-block-columns-is-layout-flex">
<div class="wp-block-column is-vertically-aligned-center is-layout-flow wp-block-column-is-layout-flow">
<figure class="wp-block-image alignwide size-full"><img loading="lazy" decoding="async" width="600" height="354" src="https://temporada-alta.com/wp-content/uploads/TA1997.jpg" alt="" class="wp-image-32759" srcset="https://temporada-alta.com/wp-content/uploads/TA1997.jpg 600w, https://temporada-alta.com/wp-content/uploads/TA1997-300x177.jpg 300w" sizes="auto, (max-width: 600px) 100vw, 600px" /></figure>
</div>



<div class="wp-block-column is-vertically-aligned-center is-layout-flow wp-block-column-is-layout-flow">
<h2 class="wp-block-heading" style="margin-top:0;margin-bottom:0;padding-top:0;padding-bottom:0"><span style="font-size: 2.14286rem; text-transform: inherit;"><strong>Cartel 1997, Narcís Comadira</strong></span></h2>



<p style="margin-top:0;margin-bottom:0;padding-top:0;padding-bottom:0">Poeta y pintor, además de traductor, dramaturgo, articulista, crítico literario …<br>Licenciado en Filología e Historia del Arte, ha sido galardonado con varios premios como el de la Generalitat de Catalunya, el Ciutat de Barcelona y el Nacional de la Crítica. Es miembro de la Asociación de Escritores en Lengua Catalana.<br>Su poesía tiende hacia las formas clásicas, la contemplación y la ironía, todo con un gran rigor métrico. Sus traducciones, normalmente del italiano y del inglés, incluyen a autores como G. Leopardi, G. Bassani, E. Di Filippo, L. Pirandello, W.H. Auden o R. Rowell.<br>La combinación de su vocación literaria con la pictórica hace estas dos disciplinas estén completamente ligadas entre ellas en sus creaciones, dando como fruto una visión muy especial de la realidad.<br>Su obra pictórica se caracteriza por el trazo vigoroso y colorista, de formas geométricas sencillas, pero de gran fuerza visual. Tratado con colores planos pero vivos, como en muchas de sus creaciones, en el cartel de Temporada Alta los temas vegetales y los domésticos están presentes: el árbol, la silla y el telón con las luces de la escena abiertas nos indican que todo está a punto para que comience el espectáculo.</p>
</div>
</div>



<p><a href="https://drive.google.com/file/d/1OAvgg4qv9OwRFen71egkTc0NjV9_VWoF/view?usp=sharing">Descarga el cartel</a></p>
</div>

<p>Teatro de Salt, un nuevo espacio del Festival Ampliamos los espacios de exhibición del Festival con la inauguración&#8230;</p>

<!-- This site is optimized with the Yoast SEO plugin v27.0 - https://yoast.com/product/yoast-seo-wordpress/ -->
<title>Edición 1997 - Temporada Alta</title>
<meta name="robots" content="index, follow, max-snippet:-1, max-image-preview:large, max-video-preview:-1" />
<link rel="canonical" href="https://temporada-alta.com/es/edicion-1997/" />
<meta property="og:locale" content="es_ES" />
<meta property="og:type" content="article" />
<meta property="og:title" content="Edición 1997 - Temporada Alta" />
<meta property="og:description" content="Teatro de Salt, un nuevo espacio del Festival Ampliamos los espacios de exhibición del Festival con la inauguración..." />
<meta property="og:url" content="https://temporada-alta.com/es/edicion-1997/" />
<meta property="og:site_name" content="Temporada Alta" />
<meta property="article:modified_time" content="2025-02-24T16:08:10+00:00" />
<meta property="og:image" content="https://temporada-alta.com/wp-content/uploads/TA1997.jpg" />
	<meta property="og:image:width" content="600" />
	<meta property="og:image:height" content="354" />
	<meta property="og:image:type" content="image/jpeg" />
<meta name="twitter:card" content="summary_large_image" />
<script type="application/ld+json" class="yoast-schema-graph">{"@context":"https://schema.org","@graph":[{"@type":"WebPage","@id":"https://temporada-alta.com/es/edicion-1997/","url":"https://temporada-alta.com/es/edicion-1997/","name":"Edición 1997 - Temporada Alta","isPartOf":{"@id":"https://temporada-alta.com/es/#website"},"primaryImageOfPage":{"@id":"https://temporada-alta.com/es/edicion-1997/#primaryimage"},"image":{"@id":"https://temporada-alta.com/es/edicion-1997/#primaryimage"},"thumbnailUrl":"https://temporada-alta.com/wp-content/uploads/TA1997.jpg","datePublished":"2024-11-18T12:20:06+00:00","dateModified":"2025-02-24T16:08:10+00:00","breadcrumb":{"@id":"https://temporada-alta.com/es/edicion-1997/#breadcrumb"},"inLanguage":"es","potentialAction":[{"@type":"ReadAction","target":["https://temporada-alta.com/es/edicion-1997/"]}]},{"@type":"ImageObject","inLanguage":"es","@id":"https://temporada-alta.com/es/edicion-1997/#primaryimage","url":"https://temporada-alta.com/wp-content/uploads/TA1997.jpg","contentUrl":"https://temporada-alta.com/wp-content/uploads/TA1997.jpg"},{"@type":"BreadcrumbList","@id":"https://temporada-alta.com/es/edicion-1997/#breadcrumb","itemListElement":[{"@type":"ListItem","position":1,"name":"Inici","item":"https://temporada-alta.com/es/"},{"@type":"ListItem","position":2,"name":"Edición 1997"}]},{"@type":"WebSite","@id":"https://temporada-alta.com/es/#website","url":"https://temporada-alta.com/es/","name":"Temporada Alta","description":"Festival d&#039;Arts Escèniques","publisher":{"@id":"https://temporada-alta.com/es/#organization"},"potentialAction":[{"@type":"SearchAction","target":{"@type":"EntryPoint","urlTemplate":"https://temporada-alta.com/es/?s={search_term_string}"},"query-input":{"@type":"PropertyValueSpecification","valueRequired":true,"valueName":"search_term_string"}}],"inLanguage":"es"},{"@type":"Organization","@id":"https://temporada-alta.com/es/#organization","name":"Temporada Alta","url":"https://temporada-alta.com/es/","logo":{"@type":"ImageObject","inLanguage":"es","@id":"https://temporada-alta.com/es/#/schema/logo/image/","url":"https://temporada-alta.com/wp-content/uploads/TA21-Logotip-pos.png","contentUrl":"https://temporada-alta.com/wp-content/uploads/TA21-Logotip-pos.png","width":800,"height":267,"caption":"Temporada Alta"},"image":{"@id":"https://temporada-alta.com/es/#/schema/logo/image/"}}]}</script>
<!-- / Yoast SEO plugin. -->

Edición 1997 - Temporada Alta

Teatro de Salt, un nuevo espacio del Festival Ampliamos los espacios de exhibición del Festival con la inauguración...

Festival d&#039;Arts Escèniques
