{"id":98493,"date":"2024-11-18T10:40:35","date_gmt":"2024-11-18T09:40:35","guid":{"rendered":"https:\/\/temporada-alta.com\/?page_id=98493"},"modified":"2025-02-24T16:44:48","modified_gmt":"2025-02-24T15:44:48","slug":"edicion-2002","status":"publish","type":"page","link":"https:\/\/temporada-alta.com\/es\/edicion-2002\/","title":{"rendered":"Edici\u00f3n 2002"},"content":{"rendered":"<div id=\"modal-ready\">\n<h3 class=\"wp-block-heading\"><strong>Isabelle Huppert nos populariza<\/strong><\/h3>\n\n\n\n<p>Mantenemos una l\u00ednea ascendente de coproducciones con un total de 7 montajes en esta edici\u00f3n. Presentamos <em>King Lear<\/em> de la Royal Shakeaspeare Company, <em>Fedra<\/em> de Joan Oll\u00e9 o <em>Resiste Rossetto<\/em> de Cecilia Rosetto. Finalmente nos posicionamos en Europa en buena parte gracias a las actuaciones de la actriz Isabelle Huppert, que presenta <em>04:48 Psychose<\/em>.<\/p>\n\n\n\n<p>Espectaculos:<strong>&nbsp;39<\/strong> (+ cinema)<br>Coproducciones: <strong>4<\/strong><br>Estrenos:<strong>&nbsp;17<\/strong><br>Espectadores: <strong>17.907&nbsp;<\/strong>(total) \/ <strong>91,34%<\/strong>&nbsp;(ocupaci\u00f3n)<br>Sales:<strong> 4<\/strong>&nbsp;(+ cinema Truffaut)<br>Presupuesto: <strong>437.981,81<\/strong>&nbsp;\u20ac<\/p>\n\n\n\n<div class=\"wp-block-columns are-vertically-aligned-center is-layout-flex wp-container-core-columns-is-layout-28f84493 wp-block-columns-is-layout-flex\">\n<div class=\"wp-block-column is-vertically-aligned-center is-layout-flow wp-block-column-is-layout-flow\">\n<figure class=\"wp-block-image alignwide size-full\"><img loading=\"lazy\" decoding=\"async\" width=\"600\" height=\"354\" src=\"https:\/\/temporada-alta.com\/wp-content\/uploads\/TA2002.jpg\" alt=\"\" class=\"wp-image-32471\" srcset=\"https:\/\/temporada-alta.com\/wp-content\/uploads\/TA2002.jpg 600w, https:\/\/temporada-alta.com\/wp-content\/uploads\/TA2002-300x177.jpg 300w\" sizes=\"auto, (max-width: 600px) 100vw, 600px\" \/><\/figure>\n<\/div>\n\n\n\n<div class=\"wp-block-column is-vertically-aligned-center is-layout-flow wp-block-column-is-layout-flow\">\n<h2 class=\"wp-block-heading\" style=\"margin-top:0;margin-bottom:0;padding-top:0;padding-bottom:0\"><span style=\"font-size: 2.14286rem; text-transform: inherit;\"><strong>Cartel\u00a02002, Carles Santos<\/strong><\/span><\/h2>\n\n\n\n<p style=\"margin-top:0;margin-bottom:0;padding-top:0;padding-bottom:0\">Considerado uno de los artistas m\u00e1s polifac\u00e9ticos de nuestro pa\u00eds, su trayectoria art\u00edstica lo consagra como un artista pluridisciplinar como los hombres del Renacimiento: excelente pianista, compositor galardonado en numerosas ocasiones, creador de espect\u00e1culos y de \u00f3peras, realizador e int\u00e9rprete de pel\u00edculas, artista gr\u00e1fico\u2026<br>Ya de muy joven destaca como virtuoso del piano, interpretando tanto a los cl\u00e1sicos como a los nuevos compositores de vanguardia, especializ\u00e1ndose en m\u00fasica contempor\u00e1nea. Entre 1976 y 1978 se dedica exclusivamente a la composici\u00f3n e interpretaci\u00f3n de su propia obra.<br>Sus espect\u00e1culos no s\u00f3lo se centran en la m\u00fasica, sino que el teatro y la danza tienen un papel relevante, sin olvidar el lugar que juegan el vestuario o la iluminaci\u00f3n, dando como fruto un nuevo g\u00e9nero destinado a ser visto en directo.<br>En cuanto a su obra gr\u00e1fica, trabaja de manera muy estrecha con Maria Elena Roqu\u00e9. En sus trabajos multidisciplinares se mezclan la fotograf\u00eda, la poes\u00eda, la m\u00fasica\u2026 Dando lugar a obras experimentales, pr\u00f3ximas al arte conceptual, el happening y la performance. Tal y como se puede comprobar en el cartel, una de las principales caracter\u00edsticas de la obra pl\u00e1stica de Carles Santos son las repeticiones, juego gr\u00e1fico que provoca la aparici\u00f3n de nuevos significados a las im\u00e1genes representadas.<\/p>\n<\/div>\n<\/div>\n\n\n\n<p><a href=\"https:\/\/drive.google.com\/file\/d\/1a3RrWSaK6G_IusGozySr4gl9jXhCG9Hl\/view?usp=sharing\">Descarga el cartel<\/a><\/p>\n<\/div>","protected":false},"excerpt":{"rendered":"<p>Isabelle Huppert nos populariza Mantenemos una l\u00ednea ascendente de coproducciones con un total de 7 montajes en esta&#8230;<\/p>\n","protected":false},"author":35132,"featured_media":0,"parent":0,"menu_order":0,"comment_status":"closed","ping_status":"closed","template":"","meta":{"_acf_changed":false,"footnotes":""},"class_list":["post-98493","page","type-page","status-publish","hentry"],"acf":[],"yoast_head":"<!-- This site is optimized with the Yoast SEO plugin v27.0 - https:\/\/yoast.com\/product\/yoast-seo-wordpress\/ -->\n<title>Edici\u00f3n 2002 - Temporada Alta<\/title>\n<meta name=\"robots\" content=\"index, follow, max-snippet:-1, max-image-preview:large, max-video-preview:-1\" \/>\n<link rel=\"canonical\" href=\"https:\/\/temporada-alta.com\/es\/edicion-2002\/\" \/>\n<meta property=\"og:locale\" content=\"es_ES\" \/>\n<meta property=\"og:type\" content=\"article\" \/>\n<meta property=\"og:title\" content=\"Edici\u00f3n 2002 - Temporada Alta\" \/>\n<meta property=\"og:description\" content=\"Isabelle Huppert nos populariza Mantenemos una l\u00ednea ascendente de coproducciones con un total de 7 montajes en esta...\" \/>\n<meta property=\"og:url\" content=\"https:\/\/temporada-alta.com\/es\/edicion-2002\/\" \/>\n<meta property=\"og:site_name\" content=\"Temporada Alta\" \/>\n<meta property=\"article:modified_time\" content=\"2025-02-24T15:44:48+00:00\" \/>\n<meta property=\"og:image\" content=\"https:\/\/temporada-alta.com\/wp-content\/uploads\/TA2002.jpg\" \/>\n\t<meta property=\"og:image:width\" content=\"600\" \/>\n\t<meta property=\"og:image:height\" content=\"354\" \/>\n\t<meta property=\"og:image:type\" content=\"image\/jpeg\" \/>\n<meta name=\"twitter:card\" content=\"summary_large_image\" \/>\n<script type=\"application\/ld+json\" class=\"yoast-schema-graph\">{\"@context\":\"https:\/\/schema.org\",\"@graph\":[{\"@type\":\"WebPage\",\"@id\":\"https:\/\/temporada-alta.com\/es\/edicion-2002\/\",\"url\":\"https:\/\/temporada-alta.com\/es\/edicion-2002\/\",\"name\":\"Edici\u00f3n 2002 - Temporada Alta\",\"isPartOf\":{\"@id\":\"https:\/\/temporada-alta.com\/es\/#website\"},\"primaryImageOfPage\":{\"@id\":\"https:\/\/temporada-alta.com\/es\/edicion-2002\/#primaryimage\"},\"image\":{\"@id\":\"https:\/\/temporada-alta.com\/es\/edicion-2002\/#primaryimage\"},\"thumbnailUrl\":\"https:\/\/temporada-alta.com\/wp-content\/uploads\/TA2002.jpg\",\"datePublished\":\"2024-11-18T09:40:35+00:00\",\"dateModified\":\"2025-02-24T15:44:48+00:00\",\"breadcrumb\":{\"@id\":\"https:\/\/temporada-alta.com\/es\/edicion-2002\/#breadcrumb\"},\"inLanguage\":\"es\",\"potentialAction\":[{\"@type\":\"ReadAction\",\"target\":[\"https:\/\/temporada-alta.com\/es\/edicion-2002\/\"]}]},{\"@type\":\"ImageObject\",\"inLanguage\":\"es\",\"@id\":\"https:\/\/temporada-alta.com\/es\/edicion-2002\/#primaryimage\",\"url\":\"https:\/\/temporada-alta.com\/wp-content\/uploads\/TA2002.jpg\",\"contentUrl\":\"https:\/\/temporada-alta.com\/wp-content\/uploads\/TA2002.jpg\"},{\"@type\":\"BreadcrumbList\",\"@id\":\"https:\/\/temporada-alta.com\/es\/edicion-2002\/#breadcrumb\",\"itemListElement\":[{\"@type\":\"ListItem\",\"position\":1,\"name\":\"Inici\",\"item\":\"https:\/\/temporada-alta.com\/es\/\"},{\"@type\":\"ListItem\",\"position\":2,\"name\":\"Edici\u00f3n 2002\"}]},{\"@type\":\"WebSite\",\"@id\":\"https:\/\/temporada-alta.com\/es\/#website\",\"url\":\"https:\/\/temporada-alta.com\/es\/\",\"name\":\"Temporada Alta\",\"description\":\"Festival d&#039;Arts Esc\u00e8niques\",\"publisher\":{\"@id\":\"https:\/\/temporada-alta.com\/es\/#organization\"},\"potentialAction\":[{\"@type\":\"SearchAction\",\"target\":{\"@type\":\"EntryPoint\",\"urlTemplate\":\"https:\/\/temporada-alta.com\/es\/?s={search_term_string}\"},\"query-input\":{\"@type\":\"PropertyValueSpecification\",\"valueRequired\":true,\"valueName\":\"search_term_string\"}}],\"inLanguage\":\"es\"},{\"@type\":\"Organization\",\"@id\":\"https:\/\/temporada-alta.com\/es\/#organization\",\"name\":\"Temporada Alta\",\"url\":\"https:\/\/temporada-alta.com\/es\/\",\"logo\":{\"@type\":\"ImageObject\",\"inLanguage\":\"es\",\"@id\":\"https:\/\/temporada-alta.com\/es\/#\/schema\/logo\/image\/\",\"url\":\"https:\/\/temporada-alta.com\/wp-content\/uploads\/TA21-Logotip-pos.png\",\"contentUrl\":\"https:\/\/temporada-alta.com\/wp-content\/uploads\/TA21-Logotip-pos.png\",\"width\":800,\"height\":267,\"caption\":\"Temporada Alta\"},\"image\":{\"@id\":\"https:\/\/temporada-alta.com\/es\/#\/schema\/logo\/image\/\"}}]}<\/script>\n<!-- \/ Yoast SEO plugin. -->","yoast_head_json":{"title":"Edici\u00f3n 2002 - Temporada Alta","robots":{"index":"index","follow":"follow","max-snippet":"max-snippet:-1","max-image-preview":"max-image-preview:large","max-video-preview":"max-video-preview:-1"},"canonical":"https:\/\/temporada-alta.com\/es\/edicion-2002\/","og_locale":"es_ES","og_type":"article","og_title":"Edici\u00f3n 2002 - Temporada Alta","og_description":"Isabelle Huppert nos populariza Mantenemos una l\u00ednea ascendente de coproducciones con un total de 7 montajes en esta...","og_url":"https:\/\/temporada-alta.com\/es\/edicion-2002\/","og_site_name":"Temporada Alta","article_modified_time":"2025-02-24T15:44:48+00:00","og_image":[{"width":600,"height":354,"url":"https:\/\/temporada-alta.com\/wp-content\/uploads\/TA2002.jpg","type":"image\/jpeg"}],"twitter_card":"summary_large_image","schema":{"@context":"https:\/\/schema.org","@graph":[{"@type":"WebPage","@id":"https:\/\/temporada-alta.com\/es\/edicion-2002\/","url":"https:\/\/temporada-alta.com\/es\/edicion-2002\/","name":"Edici\u00f3n 2002 - Temporada Alta","isPartOf":{"@id":"https:\/\/temporada-alta.com\/es\/#website"},"primaryImageOfPage":{"@id":"https:\/\/temporada-alta.com\/es\/edicion-2002\/#primaryimage"},"image":{"@id":"https:\/\/temporada-alta.com\/es\/edicion-2002\/#primaryimage"},"thumbnailUrl":"https:\/\/temporada-alta.com\/wp-content\/uploads\/TA2002.jpg","datePublished":"2024-11-18T09:40:35+00:00","dateModified":"2025-02-24T15:44:48+00:00","breadcrumb":{"@id":"https:\/\/temporada-alta.com\/es\/edicion-2002\/#breadcrumb"},"inLanguage":"es","potentialAction":[{"@type":"ReadAction","target":["https:\/\/temporada-alta.com\/es\/edicion-2002\/"]}]},{"@type":"ImageObject","inLanguage":"es","@id":"https:\/\/temporada-alta.com\/es\/edicion-2002\/#primaryimage","url":"https:\/\/temporada-alta.com\/wp-content\/uploads\/TA2002.jpg","contentUrl":"https:\/\/temporada-alta.com\/wp-content\/uploads\/TA2002.jpg"},{"@type":"BreadcrumbList","@id":"https:\/\/temporada-alta.com\/es\/edicion-2002\/#breadcrumb","itemListElement":[{"@type":"ListItem","position":1,"name":"Inici","item":"https:\/\/temporada-alta.com\/es\/"},{"@type":"ListItem","position":2,"name":"Edici\u00f3n 2002"}]},{"@type":"WebSite","@id":"https:\/\/temporada-alta.com\/es\/#website","url":"https:\/\/temporada-alta.com\/es\/","name":"Temporada Alta","description":"Festival d&#039;Arts Esc\u00e8niques","publisher":{"@id":"https:\/\/temporada-alta.com\/es\/#organization"},"potentialAction":[{"@type":"SearchAction","target":{"@type":"EntryPoint","urlTemplate":"https:\/\/temporada-alta.com\/es\/?s={search_term_string}"},"query-input":{"@type":"PropertyValueSpecification","valueRequired":true,"valueName":"search_term_string"}}],"inLanguage":"es"},{"@type":"Organization","@id":"https:\/\/temporada-alta.com\/es\/#organization","name":"Temporada Alta","url":"https:\/\/temporada-alta.com\/es\/","logo":{"@type":"ImageObject","inLanguage":"es","@id":"https:\/\/temporada-alta.com\/es\/#\/schema\/logo\/image\/","url":"https:\/\/temporada-alta.com\/wp-content\/uploads\/TA21-Logotip-pos.png","contentUrl":"https:\/\/temporada-alta.com\/wp-content\/uploads\/TA21-Logotip-pos.png","width":800,"height":267,"caption":"Temporada Alta"},"image":{"@id":"https:\/\/temporada-alta.com\/es\/#\/schema\/logo\/image\/"}}]}},"_links":{"self":[{"href":"https:\/\/temporada-alta.com\/es\/wp-json\/wp\/v2\/pages\/98493","targetHints":{"allow":["GET"]}}],"collection":[{"href":"https:\/\/temporada-alta.com\/es\/wp-json\/wp\/v2\/pages"}],"about":[{"href":"https:\/\/temporada-alta.com\/es\/wp-json\/wp\/v2\/types\/page"}],"author":[{"embeddable":true,"href":"https:\/\/temporada-alta.com\/es\/wp-json\/wp\/v2\/users\/35132"}],"replies":[{"embeddable":true,"href":"https:\/\/temporada-alta.com\/es\/wp-json\/wp\/v2\/comments?post=98493"}],"version-history":[{"count":2,"href":"https:\/\/temporada-alta.com\/es\/wp-json\/wp\/v2\/pages\/98493\/revisions"}],"predecessor-version":[{"id":99649,"href":"https:\/\/temporada-alta.com\/es\/wp-json\/wp\/v2\/pages\/98493\/revisions\/99649"}],"wp:attachment":[{"href":"https:\/\/temporada-alta.com\/es\/wp-json\/wp\/v2\/media?parent=98493"}],"curies":[{"name":"wp","href":"https:\/\/api.w.org\/{rel}","templated":true}]}}

Edición 2002

<div id="modal-ready">
<h3 class="wp-block-heading"><strong>Isabelle Huppert nos populariza</strong></h3>



<p>Mantenemos una línea ascendente de coproducciones con un total de 7 montajes en esta edición. Presentamos <em>King Lear</em> de la Royal Shakeaspeare Company, <em>Fedra</em> de Joan Ollé o <em>Resiste Rossetto</em> de Cecilia Rosetto. Finalmente nos posicionamos en Europa en buena parte gracias a las actuaciones de la actriz Isabelle Huppert, que presenta <em>04:48 Psychose</em>.</p>



<p>Espectaculos:<strong>&nbsp;39</strong> (+ cinema)<br>Coproducciones: <strong>4</strong><br>Estrenos:<strong>&nbsp;17</strong><br>Espectadores: <strong>17.907&nbsp;</strong>(total) / <strong>91,34%</strong>&nbsp;(ocupación)<br>Sales:<strong> 4</strong>&nbsp;(+ cinema Truffaut)<br>Presupuesto: <strong>437.981,81</strong>&nbsp;€</p>



<div class="wp-block-columns are-vertically-aligned-center is-layout-flex wp-container-core-columns-is-layout-28f84493 wp-block-columns-is-layout-flex">
<div class="wp-block-column is-vertically-aligned-center is-layout-flow wp-block-column-is-layout-flow">
<figure class="wp-block-image alignwide size-full"><img loading="lazy" decoding="async" width="600" height="354" src="https://temporada-alta.com/wp-content/uploads/TA2002.jpg" alt="" class="wp-image-32471" srcset="https://temporada-alta.com/wp-content/uploads/TA2002.jpg 600w, https://temporada-alta.com/wp-content/uploads/TA2002-300x177.jpg 300w" sizes="auto, (max-width: 600px) 100vw, 600px" /></figure>
</div>



<div class="wp-block-column is-vertically-aligned-center is-layout-flow wp-block-column-is-layout-flow">
<h2 class="wp-block-heading" style="margin-top:0;margin-bottom:0;padding-top:0;padding-bottom:0"><span style="font-size: 2.14286rem; text-transform: inherit;"><strong>Cartel 2002, Carles Santos</strong></span></h2>



<p style="margin-top:0;margin-bottom:0;padding-top:0;padding-bottom:0">Considerado uno de los artistas más polifacéticos de nuestro país, su trayectoria artística lo consagra como un artista pluridisciplinar como los hombres del Renacimiento: excelente pianista, compositor galardonado en numerosas ocasiones, creador de espectáculos y de óperas, realizador e intérprete de películas, artista gráfico…<br>Ya de muy joven destaca como virtuoso del piano, interpretando tanto a los clásicos como a los nuevos compositores de vanguardia, especializándose en música contemporánea. Entre 1976 y 1978 se dedica exclusivamente a la composición e interpretación de su propia obra.<br>Sus espectáculos no sólo se centran en la música, sino que el teatro y la danza tienen un papel relevante, sin olvidar el lugar que juegan el vestuario o la iluminación, dando como fruto un nuevo género destinado a ser visto en directo.<br>En cuanto a su obra gráfica, trabaja de manera muy estrecha con Maria Elena Roqué. En sus trabajos multidisciplinares se mezclan la fotografía, la poesía, la música… Dando lugar a obras experimentales, próximas al arte conceptual, el happening y la performance. Tal y como se puede comprobar en el cartel, una de las principales características de la obra plástica de Carles Santos son las repeticiones, juego gráfico que provoca la aparición de nuevos significados a las imágenes representadas.</p>
</div>
</div>



<p><a href="https://drive.google.com/file/d/1a3RrWSaK6G_IusGozySr4gl9jXhCG9Hl/view?usp=sharing">Descarga el cartel</a></p>
</div>

<p>Isabelle Huppert nos populariza Mantenemos una línea ascendente de coproducciones con un total de 7 montajes en esta&#8230;</p>

<!-- This site is optimized with the Yoast SEO plugin v27.0 - https://yoast.com/product/yoast-seo-wordpress/ -->
<title>Edición 2002 - Temporada Alta</title>
<meta name="robots" content="index, follow, max-snippet:-1, max-image-preview:large, max-video-preview:-1" />
<link rel="canonical" href="https://temporada-alta.com/es/edicion-2002/" />
<meta property="og:locale" content="es_ES" />
<meta property="og:type" content="article" />
<meta property="og:title" content="Edición 2002 - Temporada Alta" />
<meta property="og:description" content="Isabelle Huppert nos populariza Mantenemos una línea ascendente de coproducciones con un total de 7 montajes en esta..." />
<meta property="og:url" content="https://temporada-alta.com/es/edicion-2002/" />
<meta property="og:site_name" content="Temporada Alta" />
<meta property="article:modified_time" content="2025-02-24T15:44:48+00:00" />
<meta property="og:image" content="https://temporada-alta.com/wp-content/uploads/TA2002.jpg" />
	<meta property="og:image:width" content="600" />
	<meta property="og:image:height" content="354" />
	<meta property="og:image:type" content="image/jpeg" />
<meta name="twitter:card" content="summary_large_image" />
<script type="application/ld+json" class="yoast-schema-graph">{"@context":"https://schema.org","@graph":[{"@type":"WebPage","@id":"https://temporada-alta.com/es/edicion-2002/","url":"https://temporada-alta.com/es/edicion-2002/","name":"Edición 2002 - Temporada Alta","isPartOf":{"@id":"https://temporada-alta.com/es/#website"},"primaryImageOfPage":{"@id":"https://temporada-alta.com/es/edicion-2002/#primaryimage"},"image":{"@id":"https://temporada-alta.com/es/edicion-2002/#primaryimage"},"thumbnailUrl":"https://temporada-alta.com/wp-content/uploads/TA2002.jpg","datePublished":"2024-11-18T09:40:35+00:00","dateModified":"2025-02-24T15:44:48+00:00","breadcrumb":{"@id":"https://temporada-alta.com/es/edicion-2002/#breadcrumb"},"inLanguage":"es","potentialAction":[{"@type":"ReadAction","target":["https://temporada-alta.com/es/edicion-2002/"]}]},{"@type":"ImageObject","inLanguage":"es","@id":"https://temporada-alta.com/es/edicion-2002/#primaryimage","url":"https://temporada-alta.com/wp-content/uploads/TA2002.jpg","contentUrl":"https://temporada-alta.com/wp-content/uploads/TA2002.jpg"},{"@type":"BreadcrumbList","@id":"https://temporada-alta.com/es/edicion-2002/#breadcrumb","itemListElement":[{"@type":"ListItem","position":1,"name":"Inici","item":"https://temporada-alta.com/es/"},{"@type":"ListItem","position":2,"name":"Edición 2002"}]},{"@type":"WebSite","@id":"https://temporada-alta.com/es/#website","url":"https://temporada-alta.com/es/","name":"Temporada Alta","description":"Festival d&#039;Arts Escèniques","publisher":{"@id":"https://temporada-alta.com/es/#organization"},"potentialAction":[{"@type":"SearchAction","target":{"@type":"EntryPoint","urlTemplate":"https://temporada-alta.com/es/?s={search_term_string}"},"query-input":{"@type":"PropertyValueSpecification","valueRequired":true,"valueName":"search_term_string"}}],"inLanguage":"es"},{"@type":"Organization","@id":"https://temporada-alta.com/es/#organization","name":"Temporada Alta","url":"https://temporada-alta.com/es/","logo":{"@type":"ImageObject","inLanguage":"es","@id":"https://temporada-alta.com/es/#/schema/logo/image/","url":"https://temporada-alta.com/wp-content/uploads/TA21-Logotip-pos.png","contentUrl":"https://temporada-alta.com/wp-content/uploads/TA21-Logotip-pos.png","width":800,"height":267,"caption":"Temporada Alta"},"image":{"@id":"https://temporada-alta.com/es/#/schema/logo/image/"}}]}</script>
<!-- / Yoast SEO plugin. -->

Edición 2002 - Temporada Alta

Isabelle Huppert nos populariza Mantenemos una línea ascendente de coproducciones con un total de 7 montajes en esta...

Festival d&#039;Arts Escèniques
