{"id":98468,"date":"2024-11-18T10:06:46","date_gmt":"2024-11-18T09:06:46","guid":{"rendered":"https:\/\/temporada-alta.com\/?page_id=98468"},"modified":"2025-02-24T16:11:56","modified_gmt":"2025-02-24T15:11:56","slug":"edicion-2004","status":"publish","type":"page","link":"https:\/\/temporada-alta.com\/es\/edicion-2004\/","title":{"rendered":"Edici\u00f3n 2004"},"content":{"rendered":"<div id=\"modal-ready\">\n<h3 class=\"wp-block-heading\"><strong>La cr\u00edtica apoya el festival<\/strong><\/h3>\n\n\n\n<p>Presentamos una edici\u00f3n muy especial e interesante con espect\u00e1culos de Jan Fabre, Thomas Ostermeier, Peter Brook y Johan Simons. Muchos cr\u00edticos premian nuestra labor y ya nos consideran el mejor festival del pa\u00eds. El Ministerio de Cultura colabora por primera vez con Temporada Alta.<br><\/p>\n\n\n\n<p>Espectaculos:<strong>&nbsp;46<\/strong>&nbsp;(+ cinema)<br>Coproducciones: <strong>6<\/strong><br>Estrenos:<strong>&nbsp;28<\/strong><br>Espectadores: <strong>30.825&nbsp;<\/strong>(total) \/ <strong>90,15%<\/strong>&nbsp;(ocupaci\u00f3n)<br>Sales: <strong>4&nbsp;<\/strong>(+ cinema + calle)<br>Presupuesto: <strong>626.282,78<\/strong>&nbsp;\u20ac<\/p>\n\n\n\n<div class=\"wp-block-columns are-vertically-aligned-center is-layout-flex wp-container-core-columns-is-layout-28f84493 wp-block-columns-is-layout-flex\">\n<div class=\"wp-block-column is-vertically-aligned-center is-layout-flow wp-block-column-is-layout-flow\">\n<figure class=\"wp-block-image aligncenter size-full is-resized\"><img loading=\"lazy\" decoding=\"async\" width=\"600\" height=\"354\" src=\"https:\/\/temporada-alta.com\/wp-content\/uploads\/TA2004.jpg\" alt=\"\" class=\"wp-image-31593\" style=\"width:423px;height:auto\" srcset=\"https:\/\/temporada-alta.com\/wp-content\/uploads\/TA2004.jpg 600w, https:\/\/temporada-alta.com\/wp-content\/uploads\/TA2004-300x177.jpg 300w\" sizes=\"auto, (max-width: 600px) 100vw, 600px\" \/><\/figure>\n<\/div>\n\n\n\n<div class=\"wp-block-column is-vertically-aligned-center is-layout-flow wp-block-column-is-layout-flow\">\n<h2 class=\"wp-block-heading\" style=\"margin-top:0;margin-bottom:0;padding-top:0;padding-bottom:0\"><span style=\"font-size: 2.14286rem; text-transform: inherit;\"><strong>Cartel\u00a02004, Toni Catany<\/strong><\/span><\/h2>\n\n\n\n<p style=\"margin-top:0;margin-bottom:0;padding-top:0;padding-bottom:0\">Llega a Barcelona en la d\u00e9cada de los 60 para estudiar Ciencias Qu\u00edmicas en la Universidad de Barcelona, pero muy pronto lo abandona para dedicarse a la fotograf\u00eda de manera autodidacta. Miembro fundador del Grupo Alabern con Joan Fontcuberta y Manuel Esclusa, experimenta constantemente con distintos tipos de t\u00e9cnicas, desde las m\u00e1s tradicionales (como por ejemplo el calotipo del siglo XIX) a las m\u00e1s actuales (uso de las polaroids), pero todas tratadas de manera muy personal, consiguiendo unas composiciones muy personales, llenas de armon\u00eda, elegantes e intimistas.<br>Desde su primera exposici\u00f3n en el a\u00f1o 1972, su obra ha recorrido todo el mundo y ha sido galardonado con numerosos premios, como cuando el a\u00f1o 1991 fue nombrado Chevalier de l\u2019Ordre des Arts et des Lettres en Francia, o cuando en 2001 recibi\u00f3 el Premio Nacional de Artes Pl\u00e1sticas de la Generalitat de Catalunya y el Premio Nacional de Fotograf\u00eda del Ministerio de Cultura.<br>Su obra acoge desnudos y retratos, naturalezas muertas y paisajes de pa\u00edses de todo el mundo. Para el cartel de Temporada Alta, ha utilizado una de las im\u00e1genes de la serie dedicada a visiones de la ciudad de Venecia.<\/p>\n<\/div>\n<\/div>\n\n\n\n<p><a href=\"https:\/\/drive.google.com\/file\/d\/1FQ7AmzXBpcYNAKX7iKzLCfYdb4454Di0\/view?usp=sharing\">Descarga el cartel<\/a><\/p>\n<\/div>","protected":false},"excerpt":{"rendered":"<p>La cr\u00edtica apoya el festival Presentamos una edici\u00f3n muy especial e interesante con espect\u00e1culos de Jan Fabre, Thomas&#8230;<\/p>\n","protected":false},"author":35132,"featured_media":0,"parent":0,"menu_order":0,"comment_status":"closed","ping_status":"closed","template":"","meta":{"_acf_changed":false,"footnotes":""},"class_list":["post-98468","page","type-page","status-publish","hentry"],"acf":[],"yoast_head":"<!-- This site is optimized with the Yoast SEO plugin v27.0 - https:\/\/yoast.com\/product\/yoast-seo-wordpress\/ -->\n<title>Edici\u00f3n 2004 - Temporada Alta<\/title>\n<meta name=\"robots\" content=\"index, follow, max-snippet:-1, max-image-preview:large, max-video-preview:-1\" \/>\n<link rel=\"canonical\" href=\"https:\/\/temporada-alta.com\/es\/edicion-2004\/\" \/>\n<meta property=\"og:locale\" content=\"es_ES\" \/>\n<meta property=\"og:type\" content=\"article\" \/>\n<meta property=\"og:title\" content=\"Edici\u00f3n 2004 - Temporada Alta\" \/>\n<meta property=\"og:description\" content=\"La cr\u00edtica apoya el festival Presentamos una edici\u00f3n muy especial e interesante con espect\u00e1culos de Jan Fabre, Thomas...\" \/>\n<meta property=\"og:url\" content=\"https:\/\/temporada-alta.com\/es\/edicion-2004\/\" \/>\n<meta property=\"og:site_name\" content=\"Temporada Alta\" \/>\n<meta property=\"article:modified_time\" content=\"2025-02-24T15:11:56+00:00\" \/>\n<meta property=\"og:image\" content=\"https:\/\/temporada-alta.com\/wp-content\/uploads\/TA2004.jpg\" \/>\n\t<meta property=\"og:image:width\" content=\"600\" \/>\n\t<meta property=\"og:image:height\" content=\"354\" \/>\n\t<meta property=\"og:image:type\" content=\"image\/jpeg\" \/>\n<meta name=\"twitter:card\" content=\"summary_large_image\" \/>\n<script type=\"application\/ld+json\" class=\"yoast-schema-graph\">{\"@context\":\"https:\/\/schema.org\",\"@graph\":[{\"@type\":\"WebPage\",\"@id\":\"https:\/\/temporada-alta.com\/es\/edicion-2004\/\",\"url\":\"https:\/\/temporada-alta.com\/es\/edicion-2004\/\",\"name\":\"Edici\u00f3n 2004 - Temporada Alta\",\"isPartOf\":{\"@id\":\"https:\/\/temporada-alta.com\/es\/#website\"},\"primaryImageOfPage\":{\"@id\":\"https:\/\/temporada-alta.com\/es\/edicion-2004\/#primaryimage\"},\"image\":{\"@id\":\"https:\/\/temporada-alta.com\/es\/edicion-2004\/#primaryimage\"},\"thumbnailUrl\":\"https:\/\/temporada-alta.com\/wp-content\/uploads\/TA2004.jpg\",\"datePublished\":\"2024-11-18T09:06:46+00:00\",\"dateModified\":\"2025-02-24T15:11:56+00:00\",\"breadcrumb\":{\"@id\":\"https:\/\/temporada-alta.com\/es\/edicion-2004\/#breadcrumb\"},\"inLanguage\":\"es\",\"potentialAction\":[{\"@type\":\"ReadAction\",\"target\":[\"https:\/\/temporada-alta.com\/es\/edicion-2004\/\"]}]},{\"@type\":\"ImageObject\",\"inLanguage\":\"es\",\"@id\":\"https:\/\/temporada-alta.com\/es\/edicion-2004\/#primaryimage\",\"url\":\"https:\/\/temporada-alta.com\/wp-content\/uploads\/TA2004.jpg\",\"contentUrl\":\"https:\/\/temporada-alta.com\/wp-content\/uploads\/TA2004.jpg\"},{\"@type\":\"BreadcrumbList\",\"@id\":\"https:\/\/temporada-alta.com\/es\/edicion-2004\/#breadcrumb\",\"itemListElement\":[{\"@type\":\"ListItem\",\"position\":1,\"name\":\"Inici\",\"item\":\"https:\/\/temporada-alta.com\/es\/\"},{\"@type\":\"ListItem\",\"position\":2,\"name\":\"Edici\u00f3n 2004\"}]},{\"@type\":\"WebSite\",\"@id\":\"https:\/\/temporada-alta.com\/es\/#website\",\"url\":\"https:\/\/temporada-alta.com\/es\/\",\"name\":\"Temporada Alta\",\"description\":\"Festival d&#039;Arts Esc\u00e8niques\",\"publisher\":{\"@id\":\"https:\/\/temporada-alta.com\/es\/#organization\"},\"potentialAction\":[{\"@type\":\"SearchAction\",\"target\":{\"@type\":\"EntryPoint\",\"urlTemplate\":\"https:\/\/temporada-alta.com\/es\/?s={search_term_string}\"},\"query-input\":{\"@type\":\"PropertyValueSpecification\",\"valueRequired\":true,\"valueName\":\"search_term_string\"}}],\"inLanguage\":\"es\"},{\"@type\":\"Organization\",\"@id\":\"https:\/\/temporada-alta.com\/es\/#organization\",\"name\":\"Temporada Alta\",\"url\":\"https:\/\/temporada-alta.com\/es\/\",\"logo\":{\"@type\":\"ImageObject\",\"inLanguage\":\"es\",\"@id\":\"https:\/\/temporada-alta.com\/es\/#\/schema\/logo\/image\/\",\"url\":\"https:\/\/temporada-alta.com\/wp-content\/uploads\/TA21-Logotip-pos.png\",\"contentUrl\":\"https:\/\/temporada-alta.com\/wp-content\/uploads\/TA21-Logotip-pos.png\",\"width\":800,\"height\":267,\"caption\":\"Temporada Alta\"},\"image\":{\"@id\":\"https:\/\/temporada-alta.com\/es\/#\/schema\/logo\/image\/\"}}]}<\/script>\n<!-- \/ Yoast SEO plugin. -->","yoast_head_json":{"title":"Edici\u00f3n 2004 - Temporada Alta","robots":{"index":"index","follow":"follow","max-snippet":"max-snippet:-1","max-image-preview":"max-image-preview:large","max-video-preview":"max-video-preview:-1"},"canonical":"https:\/\/temporada-alta.com\/es\/edicion-2004\/","og_locale":"es_ES","og_type":"article","og_title":"Edici\u00f3n 2004 - Temporada Alta","og_description":"La cr\u00edtica apoya el festival Presentamos una edici\u00f3n muy especial e interesante con espect\u00e1culos de Jan Fabre, Thomas...","og_url":"https:\/\/temporada-alta.com\/es\/edicion-2004\/","og_site_name":"Temporada Alta","article_modified_time":"2025-02-24T15:11:56+00:00","og_image":[{"width":600,"height":354,"url":"https:\/\/temporada-alta.com\/wp-content\/uploads\/TA2004.jpg","type":"image\/jpeg"}],"twitter_card":"summary_large_image","schema":{"@context":"https:\/\/schema.org","@graph":[{"@type":"WebPage","@id":"https:\/\/temporada-alta.com\/es\/edicion-2004\/","url":"https:\/\/temporada-alta.com\/es\/edicion-2004\/","name":"Edici\u00f3n 2004 - Temporada Alta","isPartOf":{"@id":"https:\/\/temporada-alta.com\/es\/#website"},"primaryImageOfPage":{"@id":"https:\/\/temporada-alta.com\/es\/edicion-2004\/#primaryimage"},"image":{"@id":"https:\/\/temporada-alta.com\/es\/edicion-2004\/#primaryimage"},"thumbnailUrl":"https:\/\/temporada-alta.com\/wp-content\/uploads\/TA2004.jpg","datePublished":"2024-11-18T09:06:46+00:00","dateModified":"2025-02-24T15:11:56+00:00","breadcrumb":{"@id":"https:\/\/temporada-alta.com\/es\/edicion-2004\/#breadcrumb"},"inLanguage":"es","potentialAction":[{"@type":"ReadAction","target":["https:\/\/temporada-alta.com\/es\/edicion-2004\/"]}]},{"@type":"ImageObject","inLanguage":"es","@id":"https:\/\/temporada-alta.com\/es\/edicion-2004\/#primaryimage","url":"https:\/\/temporada-alta.com\/wp-content\/uploads\/TA2004.jpg","contentUrl":"https:\/\/temporada-alta.com\/wp-content\/uploads\/TA2004.jpg"},{"@type":"BreadcrumbList","@id":"https:\/\/temporada-alta.com\/es\/edicion-2004\/#breadcrumb","itemListElement":[{"@type":"ListItem","position":1,"name":"Inici","item":"https:\/\/temporada-alta.com\/es\/"},{"@type":"ListItem","position":2,"name":"Edici\u00f3n 2004"}]},{"@type":"WebSite","@id":"https:\/\/temporada-alta.com\/es\/#website","url":"https:\/\/temporada-alta.com\/es\/","name":"Temporada Alta","description":"Festival d&#039;Arts Esc\u00e8niques","publisher":{"@id":"https:\/\/temporada-alta.com\/es\/#organization"},"potentialAction":[{"@type":"SearchAction","target":{"@type":"EntryPoint","urlTemplate":"https:\/\/temporada-alta.com\/es\/?s={search_term_string}"},"query-input":{"@type":"PropertyValueSpecification","valueRequired":true,"valueName":"search_term_string"}}],"inLanguage":"es"},{"@type":"Organization","@id":"https:\/\/temporada-alta.com\/es\/#organization","name":"Temporada Alta","url":"https:\/\/temporada-alta.com\/es\/","logo":{"@type":"ImageObject","inLanguage":"es","@id":"https:\/\/temporada-alta.com\/es\/#\/schema\/logo\/image\/","url":"https:\/\/temporada-alta.com\/wp-content\/uploads\/TA21-Logotip-pos.png","contentUrl":"https:\/\/temporada-alta.com\/wp-content\/uploads\/TA21-Logotip-pos.png","width":800,"height":267,"caption":"Temporada Alta"},"image":{"@id":"https:\/\/temporada-alta.com\/es\/#\/schema\/logo\/image\/"}}]}},"_links":{"self":[{"href":"https:\/\/temporada-alta.com\/es\/wp-json\/wp\/v2\/pages\/98468","targetHints":{"allow":["GET"]}}],"collection":[{"href":"https:\/\/temporada-alta.com\/es\/wp-json\/wp\/v2\/pages"}],"about":[{"href":"https:\/\/temporada-alta.com\/es\/wp-json\/wp\/v2\/types\/page"}],"author":[{"embeddable":true,"href":"https:\/\/temporada-alta.com\/es\/wp-json\/wp\/v2\/users\/35132"}],"replies":[{"embeddable":true,"href":"https:\/\/temporada-alta.com\/es\/wp-json\/wp\/v2\/comments?post=98468"}],"version-history":[{"count":2,"href":"https:\/\/temporada-alta.com\/es\/wp-json\/wp\/v2\/pages\/98468\/revisions"}],"predecessor-version":[{"id":99635,"href":"https:\/\/temporada-alta.com\/es\/wp-json\/wp\/v2\/pages\/98468\/revisions\/99635"}],"wp:attachment":[{"href":"https:\/\/temporada-alta.com\/es\/wp-json\/wp\/v2\/media?parent=98468"}],"curies":[{"name":"wp","href":"https:\/\/api.w.org\/{rel}","templated":true}]}}

Edición 2004

<div id="modal-ready">
<h3 class="wp-block-heading"><strong>La crítica apoya el festival</strong></h3>



<p>Presentamos una edición muy especial e interesante con espectáculos de Jan Fabre, Thomas Ostermeier, Peter Brook y Johan Simons. Muchos críticos premian nuestra labor y ya nos consideran el mejor festival del país. El Ministerio de Cultura colabora por primera vez con Temporada Alta.<br></p>



<p>Espectaculos:<strong>&nbsp;46</strong>&nbsp;(+ cinema)<br>Coproducciones: <strong>6</strong><br>Estrenos:<strong>&nbsp;28</strong><br>Espectadores: <strong>30.825&nbsp;</strong>(total) / <strong>90,15%</strong>&nbsp;(ocupación)<br>Sales: <strong>4&nbsp;</strong>(+ cinema + calle)<br>Presupuesto: <strong>626.282,78</strong>&nbsp;€</p>



<div class="wp-block-columns are-vertically-aligned-center is-layout-flex wp-container-core-columns-is-layout-28f84493 wp-block-columns-is-layout-flex">
<div class="wp-block-column is-vertically-aligned-center is-layout-flow wp-block-column-is-layout-flow">
<figure class="wp-block-image aligncenter size-full is-resized"><img loading="lazy" decoding="async" width="600" height="354" src="https://temporada-alta.com/wp-content/uploads/TA2004.jpg" alt="" class="wp-image-31593" style="width:423px;height:auto" srcset="https://temporada-alta.com/wp-content/uploads/TA2004.jpg 600w, https://temporada-alta.com/wp-content/uploads/TA2004-300x177.jpg 300w" sizes="auto, (max-width: 600px) 100vw, 600px" /></figure>
</div>



<div class="wp-block-column is-vertically-aligned-center is-layout-flow wp-block-column-is-layout-flow">
<h2 class="wp-block-heading" style="margin-top:0;margin-bottom:0;padding-top:0;padding-bottom:0"><span style="font-size: 2.14286rem; text-transform: inherit;"><strong>Cartel 2004, Toni Catany</strong></span></h2>



<p style="margin-top:0;margin-bottom:0;padding-top:0;padding-bottom:0">Llega a Barcelona en la década de los 60 para estudiar Ciencias Químicas en la Universidad de Barcelona, pero muy pronto lo abandona para dedicarse a la fotografía de manera autodidacta. Miembro fundador del Grupo Alabern con Joan Fontcuberta y Manuel Esclusa, experimenta constantemente con distintos tipos de técnicas, desde las más tradicionales (como por ejemplo el calotipo del siglo XIX) a las más actuales (uso de las polaroids), pero todas tratadas de manera muy personal, consiguiendo unas composiciones muy personales, llenas de armonía, elegantes e intimistas.<br>Desde su primera exposición en el año 1972, su obra ha recorrido todo el mundo y ha sido galardonado con numerosos premios, como cuando el año 1991 fue nombrado Chevalier de l’Ordre des Arts et des Lettres en Francia, o cuando en 2001 recibió el Premio Nacional de Artes Plásticas de la Generalitat de Catalunya y el Premio Nacional de Fotografía del Ministerio de Cultura.<br>Su obra acoge desnudos y retratos, naturalezas muertas y paisajes de países de todo el mundo. Para el cartel de Temporada Alta, ha utilizado una de las imágenes de la serie dedicada a visiones de la ciudad de Venecia.</p>
</div>
</div>



<p><a href="https://drive.google.com/file/d/1FQ7AmzXBpcYNAKX7iKzLCfYdb4454Di0/view?usp=sharing">Descarga el cartel</a></p>
</div>

<p>La crítica apoya el festival Presentamos una edición muy especial e interesante con espectáculos de Jan Fabre, Thomas&#8230;</p>

<!-- This site is optimized with the Yoast SEO plugin v27.0 - https://yoast.com/product/yoast-seo-wordpress/ -->
<title>Edición 2004 - Temporada Alta</title>
<meta name="robots" content="index, follow, max-snippet:-1, max-image-preview:large, max-video-preview:-1" />
<link rel="canonical" href="https://temporada-alta.com/es/edicion-2004/" />
<meta property="og:locale" content="es_ES" />
<meta property="og:type" content="article" />
<meta property="og:title" content="Edición 2004 - Temporada Alta" />
<meta property="og:description" content="La crítica apoya el festival Presentamos una edición muy especial e interesante con espectáculos de Jan Fabre, Thomas..." />
<meta property="og:url" content="https://temporada-alta.com/es/edicion-2004/" />
<meta property="og:site_name" content="Temporada Alta" />
<meta property="article:modified_time" content="2025-02-24T15:11:56+00:00" />
<meta property="og:image" content="https://temporada-alta.com/wp-content/uploads/TA2004.jpg" />
	<meta property="og:image:width" content="600" />
	<meta property="og:image:height" content="354" />
	<meta property="og:image:type" content="image/jpeg" />
<meta name="twitter:card" content="summary_large_image" />
<script type="application/ld+json" class="yoast-schema-graph">{"@context":"https://schema.org","@graph":[{"@type":"WebPage","@id":"https://temporada-alta.com/es/edicion-2004/","url":"https://temporada-alta.com/es/edicion-2004/","name":"Edición 2004 - Temporada Alta","isPartOf":{"@id":"https://temporada-alta.com/es/#website"},"primaryImageOfPage":{"@id":"https://temporada-alta.com/es/edicion-2004/#primaryimage"},"image":{"@id":"https://temporada-alta.com/es/edicion-2004/#primaryimage"},"thumbnailUrl":"https://temporada-alta.com/wp-content/uploads/TA2004.jpg","datePublished":"2024-11-18T09:06:46+00:00","dateModified":"2025-02-24T15:11:56+00:00","breadcrumb":{"@id":"https://temporada-alta.com/es/edicion-2004/#breadcrumb"},"inLanguage":"es","potentialAction":[{"@type":"ReadAction","target":["https://temporada-alta.com/es/edicion-2004/"]}]},{"@type":"ImageObject","inLanguage":"es","@id":"https://temporada-alta.com/es/edicion-2004/#primaryimage","url":"https://temporada-alta.com/wp-content/uploads/TA2004.jpg","contentUrl":"https://temporada-alta.com/wp-content/uploads/TA2004.jpg"},{"@type":"BreadcrumbList","@id":"https://temporada-alta.com/es/edicion-2004/#breadcrumb","itemListElement":[{"@type":"ListItem","position":1,"name":"Inici","item":"https://temporada-alta.com/es/"},{"@type":"ListItem","position":2,"name":"Edición 2004"}]},{"@type":"WebSite","@id":"https://temporada-alta.com/es/#website","url":"https://temporada-alta.com/es/","name":"Temporada Alta","description":"Festival d&#039;Arts Escèniques","publisher":{"@id":"https://temporada-alta.com/es/#organization"},"potentialAction":[{"@type":"SearchAction","target":{"@type":"EntryPoint","urlTemplate":"https://temporada-alta.com/es/?s={search_term_string}"},"query-input":{"@type":"PropertyValueSpecification","valueRequired":true,"valueName":"search_term_string"}}],"inLanguage":"es"},{"@type":"Organization","@id":"https://temporada-alta.com/es/#organization","name":"Temporada Alta","url":"https://temporada-alta.com/es/","logo":{"@type":"ImageObject","inLanguage":"es","@id":"https://temporada-alta.com/es/#/schema/logo/image/","url":"https://temporada-alta.com/wp-content/uploads/TA21-Logotip-pos.png","contentUrl":"https://temporada-alta.com/wp-content/uploads/TA21-Logotip-pos.png","width":800,"height":267,"caption":"Temporada Alta"},"image":{"@id":"https://temporada-alta.com/es/#/schema/logo/image/"}}]}</script>
<!-- / Yoast SEO plugin. -->

Edición 2004 - Temporada Alta

La crítica apoya el festival Presentamos una edición muy especial e interesante con espectáculos de Jan Fabre, Thomas...

Festival d&#039;Arts Escèniques
