{"id":97169,"date":"2024-09-25T10:28:31","date_gmt":"2024-09-25T08:28:31","guid":{"rendered":"https:\/\/temporada-alta.com\/?page_id=97169"},"modified":"2025-02-13T13:44:27","modified_gmt":"2025-02-13T12:44:27","slug":"familia","status":"publish","type":"page","link":"https:\/\/temporada-alta.com\/es\/familia\/","title":{"rendered":"Familia"},"content":{"rendered":"<div id=\"modal-ready\">\n<p>En Temporada Alta ofrecemos una extensa programaci\u00f3n de actividades familiares y espect\u00e1culos aptos para todos los p\u00fablicos, aunque pensados tambi\u00e9n para disfrutarlos en familia.<\/p>\n\n\n\n<div class=\"wp-block-columns are-vertically-aligned-center is-layout-flex wp-container-core-columns-is-layout-7abde1fe wp-block-columns-is-layout-flex\" style=\"padding-top:var(--wp--preset--spacing--40);padding-bottom:var(--wp--preset--spacing--40)\">\n<div class=\"wp-block-column is-vertically-aligned-center is-layout-flow wp-block-column-is-layout-flow\">\n<h2 class=\"wp-block-heading\">Una programaci\u00f3n para toda la fam\u00edlia<\/h2>\n\n\n\n<p>Desde Temporada Alta pensamos la programaci\u00f3n para que todos encuentren el espect\u00e1culo que busca, incluso los m\u00e1s peque\u00f1os. Por ello, cada a\u00f1o se programa una selecci\u00f3n de <strong>espect\u00e1culos familiares<\/strong>, catalogados seg\u00fan la edad a la que se dirigen, para que los ni\u00f1os tambi\u00e9n vivan el festival en primera persona.<\/p>\n\n\n\n<p>Adem\u00e1s, completamos la programaci\u00f3n familiar con una selecci\u00f3n de <strong>espect\u00e1culos para todos los p\u00fablicos<\/strong>, para que disfruten del espect\u00e1culo tanto peque\u00f1os como grandes.<\/p>\n<\/div>\n\n\n\n<div class=\"wp-block-column is-vertically-aligned-center is-layout-flow wp-block-column-is-layout-flow\">\n<figure class=\"wp-block-image size-full\"><img loading=\"lazy\" decoding=\"async\" width=\"600\" height=\"354\" src=\"https:\/\/temporada-alta.com\/wp-content\/uploads\/lacolla-1.jpg\" alt=\"\" class=\"wp-image-4053\" srcset=\"https:\/\/temporada-alta.com\/wp-content\/uploads\/lacolla-1.jpg 600w, https:\/\/temporada-alta.com\/wp-content\/uploads\/lacolla-1-300x177.jpg 300w\" sizes=\"auto, (max-width: 600px) 100vw, 600px\" \/><\/figure>\n<\/div>\n<\/div>\n\n\n\n<div class=\"wp-block-columns are-vertically-aligned-center is-layout-flex wp-container-core-columns-is-layout-7abde1fe wp-block-columns-is-layout-flex\" style=\"padding-top:var(--wp--preset--spacing--40);padding-bottom:var(--wp--preset--spacing--40)\">\n<div class=\"wp-block-column is-vertically-aligned-center is-layout-flow wp-block-column-is-layout-flow\">\n<figure class=\"wp-block-image size-full\"><img loading=\"lazy\" decoding=\"async\" width=\"600\" height=\"354\" src=\"https:\/\/temporada-alta.com\/wp-content\/uploads\/cosasqueseolvidandandacilmente-alvaroprats.jpg\" alt=\"Cosas que se olvidan f\u00e1cilmente \u00a9 Alvaro Prats\" class=\"wp-image-4047\" srcset=\"https:\/\/temporada-alta.com\/wp-content\/uploads\/cosasqueseolvidandandacilmente-alvaroprats.jpg 600w, https:\/\/temporada-alta.com\/wp-content\/uploads\/cosasqueseolvidandandacilmente-alvaroprats-300x177.jpg 300w\" sizes=\"auto, (max-width: 600px) 100vw, 600px\" \/><\/figure>\n<\/div>\n\n\n\n<div class=\"wp-block-column is-vertically-aligned-center is-layout-flow wp-block-column-is-layout-flow\">\n<h2 class=\"wp-block-heading\">Descuentos<\/h2>\n\n\n\n<ul class=\"wp-block-list\">\n<li><strong>15% de descuento<\/strong> con el carente de familia numerosa o familia monoparental.<\/li>\n\n\n\n<li><strong>20% de descuento<\/strong> en la programaci\u00f3n familiar para socios d\u2019El Club de la Fundaci\u00f3 La Ciutat Invisible.<\/li>\n<\/ul>\n<\/div>\n<\/div>\n\n\n\n<div class=\"wp-block-columns are-vertically-aligned-center is-layout-flex wp-container-core-columns-is-layout-28f84493 wp-block-columns-is-layout-flex\">\n<div class=\"wp-block-column is-vertically-aligned-center is-layout-flow wp-block-column-is-layout-flow\">\n<h2 class=\"wp-block-heading\">Normativa<\/h2>\n\n\n\n<p>Por norma general, las ni\u00f1as y ni\u00f1os menores de 3 a\u00f1os no pueden acceder al recinto, a excepci\u00f3n de los espect\u00e1culos familiares o para todos los p\u00fablicos.<\/p>\n\n\n\n<p>Las edades de pago y edades recomendadas son variables y espec\u00edficas de cada espect\u00e1culo. Se deber\u00e1 consultar esta informaci\u00f3n en las fichas de los espect\u00e1culos del web de Temporada Alta.<\/p>\n<\/div>\n\n\n\n<div class=\"wp-block-column is-vertically-aligned-center is-layout-flow wp-block-column-is-layout-flow\">\n<figure class=\"wp-block-image size-full\"><img loading=\"lazy\" decoding=\"async\" width=\"600\" height=\"354\" src=\"https:\/\/temporada-alta.com\/wp-content\/uploads\/concertopourdeuxclowns_VVanhecke.jpg\" alt=\"Concerto pour deux clowns\u00a9 V. Vanhecke\" class=\"wp-image-4044\" srcset=\"https:\/\/temporada-alta.com\/wp-content\/uploads\/concertopourdeuxclowns_VVanhecke.jpg 600w, https:\/\/temporada-alta.com\/wp-content\/uploads\/concertopourdeuxclowns_VVanhecke-300x177.jpg 300w\" sizes=\"auto, (max-width: 600px) 100vw, 600px\" \/><\/figure>\n<\/div>\n<\/div>\n<\/div>","protected":false},"excerpt":{"rendered":"<p>En Temporada Alta ofrecemos una extensa programaci\u00f3n de actividades familiares y espect\u00e1culos aptos para todos los p\u00fablicos, aunque&#8230;<\/p>\n","protected":false},"author":35132,"featured_media":0,"parent":0,"menu_order":0,"comment_status":"closed","ping_status":"closed","template":"","meta":{"_acf_changed":false,"footnotes":""},"class_list":["post-97169","page","type-page","status-publish","hentry"],"acf":[],"yoast_head":"<!-- This site is optimized with the Yoast SEO plugin v27.0 - https:\/\/yoast.com\/product\/yoast-seo-wordpress\/ -->\n<title>Familia - Temporada Alta<\/title>\n<meta name=\"robots\" content=\"index, follow, max-snippet:-1, max-image-preview:large, max-video-preview:-1\" \/>\n<link rel=\"canonical\" href=\"https:\/\/temporada-alta.com\/es\/familia\/\" \/>\n<meta property=\"og:locale\" content=\"es_ES\" \/>\n<meta property=\"og:type\" content=\"article\" \/>\n<meta property=\"og:title\" content=\"Familia - Temporada Alta\" \/>\n<meta property=\"og:description\" content=\"En Temporada Alta ofrecemos una extensa programaci\u00f3n de actividades familiares y espect\u00e1culos aptos para todos los p\u00fablicos, aunque...\" \/>\n<meta property=\"og:url\" content=\"https:\/\/temporada-alta.com\/es\/familia\/\" \/>\n<meta property=\"og:site_name\" content=\"Temporada Alta\" \/>\n<meta property=\"article:modified_time\" content=\"2025-02-13T12:44:27+00:00\" \/>\n<meta property=\"og:image\" content=\"https:\/\/temporada-alta.com\/wp-content\/uploads\/lacolla-1.jpg\" \/>\n\t<meta property=\"og:image:width\" content=\"600\" \/>\n\t<meta property=\"og:image:height\" content=\"354\" \/>\n\t<meta property=\"og:image:type\" content=\"image\/jpeg\" \/>\n<meta name=\"twitter:card\" content=\"summary_large_image\" \/>\n<script type=\"application\/ld+json\" class=\"yoast-schema-graph\">{\"@context\":\"https:\/\/schema.org\",\"@graph\":[{\"@type\":\"WebPage\",\"@id\":\"https:\/\/temporada-alta.com\/es\/familia\/\",\"url\":\"https:\/\/temporada-alta.com\/es\/familia\/\",\"name\":\"Familia - Temporada Alta\",\"isPartOf\":{\"@id\":\"https:\/\/temporada-alta.com\/es\/#website\"},\"primaryImageOfPage\":{\"@id\":\"https:\/\/temporada-alta.com\/es\/familia\/#primaryimage\"},\"image\":{\"@id\":\"https:\/\/temporada-alta.com\/es\/familia\/#primaryimage\"},\"thumbnailUrl\":\"https:\/\/temporada-alta.com\/wp-content\/uploads\/lacolla-1.jpg\",\"datePublished\":\"2024-09-25T08:28:31+00:00\",\"dateModified\":\"2025-02-13T12:44:27+00:00\",\"breadcrumb\":{\"@id\":\"https:\/\/temporada-alta.com\/es\/familia\/#breadcrumb\"},\"inLanguage\":\"es\",\"potentialAction\":[{\"@type\":\"ReadAction\",\"target\":[\"https:\/\/temporada-alta.com\/es\/familia\/\"]}]},{\"@type\":\"ImageObject\",\"inLanguage\":\"es\",\"@id\":\"https:\/\/temporada-alta.com\/es\/familia\/#primaryimage\",\"url\":\"https:\/\/temporada-alta.com\/wp-content\/uploads\/lacolla-1.jpg\",\"contentUrl\":\"https:\/\/temporada-alta.com\/wp-content\/uploads\/lacolla-1.jpg\"},{\"@type\":\"BreadcrumbList\",\"@id\":\"https:\/\/temporada-alta.com\/es\/familia\/#breadcrumb\",\"itemListElement\":[{\"@type\":\"ListItem\",\"position\":1,\"name\":\"Inici\",\"item\":\"https:\/\/temporada-alta.com\/es\/\"},{\"@type\":\"ListItem\",\"position\":2,\"name\":\"Familia\"}]},{\"@type\":\"WebSite\",\"@id\":\"https:\/\/temporada-alta.com\/es\/#website\",\"url\":\"https:\/\/temporada-alta.com\/es\/\",\"name\":\"Temporada Alta\",\"description\":\"Festival d&#039;Arts Esc\u00e8niques\",\"publisher\":{\"@id\":\"https:\/\/temporada-alta.com\/es\/#organization\"},\"potentialAction\":[{\"@type\":\"SearchAction\",\"target\":{\"@type\":\"EntryPoint\",\"urlTemplate\":\"https:\/\/temporada-alta.com\/es\/?s={search_term_string}\"},\"query-input\":{\"@type\":\"PropertyValueSpecification\",\"valueRequired\":true,\"valueName\":\"search_term_string\"}}],\"inLanguage\":\"es\"},{\"@type\":\"Organization\",\"@id\":\"https:\/\/temporada-alta.com\/es\/#organization\",\"name\":\"Temporada Alta\",\"url\":\"https:\/\/temporada-alta.com\/es\/\",\"logo\":{\"@type\":\"ImageObject\",\"inLanguage\":\"es\",\"@id\":\"https:\/\/temporada-alta.com\/es\/#\/schema\/logo\/image\/\",\"url\":\"https:\/\/temporada-alta.com\/wp-content\/uploads\/TA21-Logotip-pos.png\",\"contentUrl\":\"https:\/\/temporada-alta.com\/wp-content\/uploads\/TA21-Logotip-pos.png\",\"width\":800,\"height\":267,\"caption\":\"Temporada Alta\"},\"image\":{\"@id\":\"https:\/\/temporada-alta.com\/es\/#\/schema\/logo\/image\/\"}}]}<\/script>\n<!-- \/ Yoast SEO plugin. -->","yoast_head_json":{"title":"Familia - Temporada Alta","robots":{"index":"index","follow":"follow","max-snippet":"max-snippet:-1","max-image-preview":"max-image-preview:large","max-video-preview":"max-video-preview:-1"},"canonical":"https:\/\/temporada-alta.com\/es\/familia\/","og_locale":"es_ES","og_type":"article","og_title":"Familia - Temporada Alta","og_description":"En Temporada Alta ofrecemos una extensa programaci\u00f3n de actividades familiares y espect\u00e1culos aptos para todos los p\u00fablicos, aunque...","og_url":"https:\/\/temporada-alta.com\/es\/familia\/","og_site_name":"Temporada Alta","article_modified_time":"2025-02-13T12:44:27+00:00","og_image":[{"width":600,"height":354,"url":"https:\/\/temporada-alta.com\/wp-content\/uploads\/lacolla-1.jpg","type":"image\/jpeg"}],"twitter_card":"summary_large_image","schema":{"@context":"https:\/\/schema.org","@graph":[{"@type":"WebPage","@id":"https:\/\/temporada-alta.com\/es\/familia\/","url":"https:\/\/temporada-alta.com\/es\/familia\/","name":"Familia - Temporada Alta","isPartOf":{"@id":"https:\/\/temporada-alta.com\/es\/#website"},"primaryImageOfPage":{"@id":"https:\/\/temporada-alta.com\/es\/familia\/#primaryimage"},"image":{"@id":"https:\/\/temporada-alta.com\/es\/familia\/#primaryimage"},"thumbnailUrl":"https:\/\/temporada-alta.com\/wp-content\/uploads\/lacolla-1.jpg","datePublished":"2024-09-25T08:28:31+00:00","dateModified":"2025-02-13T12:44:27+00:00","breadcrumb":{"@id":"https:\/\/temporada-alta.com\/es\/familia\/#breadcrumb"},"inLanguage":"es","potentialAction":[{"@type":"ReadAction","target":["https:\/\/temporada-alta.com\/es\/familia\/"]}]},{"@type":"ImageObject","inLanguage":"es","@id":"https:\/\/temporada-alta.com\/es\/familia\/#primaryimage","url":"https:\/\/temporada-alta.com\/wp-content\/uploads\/lacolla-1.jpg","contentUrl":"https:\/\/temporada-alta.com\/wp-content\/uploads\/lacolla-1.jpg"},{"@type":"BreadcrumbList","@id":"https:\/\/temporada-alta.com\/es\/familia\/#breadcrumb","itemListElement":[{"@type":"ListItem","position":1,"name":"Inici","item":"https:\/\/temporada-alta.com\/es\/"},{"@type":"ListItem","position":2,"name":"Familia"}]},{"@type":"WebSite","@id":"https:\/\/temporada-alta.com\/es\/#website","url":"https:\/\/temporada-alta.com\/es\/","name":"Temporada Alta","description":"Festival d&#039;Arts Esc\u00e8niques","publisher":{"@id":"https:\/\/temporada-alta.com\/es\/#organization"},"potentialAction":[{"@type":"SearchAction","target":{"@type":"EntryPoint","urlTemplate":"https:\/\/temporada-alta.com\/es\/?s={search_term_string}"},"query-input":{"@type":"PropertyValueSpecification","valueRequired":true,"valueName":"search_term_string"}}],"inLanguage":"es"},{"@type":"Organization","@id":"https:\/\/temporada-alta.com\/es\/#organization","name":"Temporada Alta","url":"https:\/\/temporada-alta.com\/es\/","logo":{"@type":"ImageObject","inLanguage":"es","@id":"https:\/\/temporada-alta.com\/es\/#\/schema\/logo\/image\/","url":"https:\/\/temporada-alta.com\/wp-content\/uploads\/TA21-Logotip-pos.png","contentUrl":"https:\/\/temporada-alta.com\/wp-content\/uploads\/TA21-Logotip-pos.png","width":800,"height":267,"caption":"Temporada Alta"},"image":{"@id":"https:\/\/temporada-alta.com\/es\/#\/schema\/logo\/image\/"}}]}},"_links":{"self":[{"href":"https:\/\/temporada-alta.com\/es\/wp-json\/wp\/v2\/pages\/97169","targetHints":{"allow":["GET"]}}],"collection":[{"href":"https:\/\/temporada-alta.com\/es\/wp-json\/wp\/v2\/pages"}],"about":[{"href":"https:\/\/temporada-alta.com\/es\/wp-json\/wp\/v2\/types\/page"}],"author":[{"embeddable":true,"href":"https:\/\/temporada-alta.com\/es\/wp-json\/wp\/v2\/users\/35132"}],"replies":[{"embeddable":true,"href":"https:\/\/temporada-alta.com\/es\/wp-json\/wp\/v2\/comments?post=97169"}],"version-history":[{"count":1,"href":"https:\/\/temporada-alta.com\/es\/wp-json\/wp\/v2\/pages\/97169\/revisions"}],"predecessor-version":[{"id":97170,"href":"https:\/\/temporada-alta.com\/es\/wp-json\/wp\/v2\/pages\/97169\/revisions\/97170"}],"wp:attachment":[{"href":"https:\/\/temporada-alta.com\/es\/wp-json\/wp\/v2\/media?parent=97169"}],"curies":[{"name":"wp","href":"https:\/\/api.w.org\/{rel}","templated":true}]}}

<div id="modal-ready">
<p>En Temporada Alta ofrecemos una extensa programación de actividades familiares y espectáculos aptos para todos los públicos, aunque pensados también para disfrutarlos en familia.</p>



<div class="wp-block-columns are-vertically-aligned-center is-layout-flex wp-container-core-columns-is-layout-7abde1fe wp-block-columns-is-layout-flex" style="padding-top:var(--wp--preset--spacing--40);padding-bottom:var(--wp--preset--spacing--40)">
<div class="wp-block-column is-vertically-aligned-center is-layout-flow wp-block-column-is-layout-flow">
<h2 class="wp-block-heading">Una programación para toda la família</h2>



<p>Desde Temporada Alta pensamos la programación para que todos encuentren el espectáculo que busca, incluso los más pequeños. Por ello, cada año se programa una selección de <strong>espectáculos familiares</strong>, catalogados según la edad a la que se dirigen, para que los niños también vivan el festival en primera persona.</p>



<p>Además, completamos la programación familiar con una selección de <strong>espectáculos para todos los públicos</strong>, para que disfruten del espectáculo tanto pequeños como grandes.</p>
</div>



<div class="wp-block-column is-vertically-aligned-center is-layout-flow wp-block-column-is-layout-flow">
<figure class="wp-block-image size-full"><img loading="lazy" decoding="async" width="600" height="354" src="https://temporada-alta.com/wp-content/uploads/lacolla-1.jpg" alt="" class="wp-image-4053" srcset="https://temporada-alta.com/wp-content/uploads/lacolla-1.jpg 600w, https://temporada-alta.com/wp-content/uploads/lacolla-1-300x177.jpg 300w" sizes="auto, (max-width: 600px) 100vw, 600px" /></figure>
</div>
</div>



<div class="wp-block-columns are-vertically-aligned-center is-layout-flex wp-container-core-columns-is-layout-7abde1fe wp-block-columns-is-layout-flex" style="padding-top:var(--wp--preset--spacing--40);padding-bottom:var(--wp--preset--spacing--40)">
<div class="wp-block-column is-vertically-aligned-center is-layout-flow wp-block-column-is-layout-flow">
<figure class="wp-block-image size-full"><img loading="lazy" decoding="async" width="600" height="354" src="https://temporada-alta.com/wp-content/uploads/cosasqueseolvidandandacilmente-alvaroprats.jpg" alt="Cosas que se olvidan fácilmente © Alvaro Prats" class="wp-image-4047" srcset="https://temporada-alta.com/wp-content/uploads/cosasqueseolvidandandacilmente-alvaroprats.jpg 600w, https://temporada-alta.com/wp-content/uploads/cosasqueseolvidandandacilmente-alvaroprats-300x177.jpg 300w" sizes="auto, (max-width: 600px) 100vw, 600px" /></figure>
</div>



<div class="wp-block-column is-vertically-aligned-center is-layout-flow wp-block-column-is-layout-flow">
<h2 class="wp-block-heading">Descuentos</h2>



<ul class="wp-block-list">
<li><strong>15% de descuento</strong> con el carente de familia numerosa o familia monoparental.</li>



<li><strong>20% de descuento</strong> en la programación familiar para socios d’El Club de la Fundació La Ciutat Invisible.</li>
</ul>
</div>
</div>



<div class="wp-block-columns are-vertically-aligned-center is-layout-flex wp-container-core-columns-is-layout-28f84493 wp-block-columns-is-layout-flex">
<div class="wp-block-column is-vertically-aligned-center is-layout-flow wp-block-column-is-layout-flow">
<h2 class="wp-block-heading">Normativa</h2>



<p>Por norma general, las niñas y niños menores de 3 años no pueden acceder al recinto, a excepción de los espectáculos familiares o para todos los públicos.</p>



<p>Las edades de pago y edades recomendadas son variables y específicas de cada espectáculo. Se deberá consultar esta información en las fichas de los espectáculos del web de Temporada Alta.</p>
</div>



<div class="wp-block-column is-vertically-aligned-center is-layout-flow wp-block-column-is-layout-flow">
<figure class="wp-block-image size-full"><img loading="lazy" decoding="async" width="600" height="354" src="https://temporada-alta.com/wp-content/uploads/concertopourdeuxclowns_VVanhecke.jpg" alt="Concerto pour deux clowns© V. Vanhecke" class="wp-image-4044" srcset="https://temporada-alta.com/wp-content/uploads/concertopourdeuxclowns_VVanhecke.jpg 600w, https://temporada-alta.com/wp-content/uploads/concertopourdeuxclowns_VVanhecke-300x177.jpg 300w" sizes="auto, (max-width: 600px) 100vw, 600px" /></figure>
</div>
</div>
</div>

<p>En Temporada Alta ofrecemos una extensa programación de actividades familiares y espectáculos aptos para todos los públicos, aunque&#8230;</p>

<!-- This site is optimized with the Yoast SEO plugin v27.0 - https://yoast.com/product/yoast-seo-wordpress/ -->
<title>Familia - Temporada Alta</title>
<meta name="robots" content="index, follow, max-snippet:-1, max-image-preview:large, max-video-preview:-1" />
<link rel="canonical" href="https://temporada-alta.com/es/familia/" />
<meta property="og:locale" content="es_ES" />
<meta property="og:type" content="article" />
<meta property="og:title" content="Familia - Temporada Alta" />
<meta property="og:description" content="En Temporada Alta ofrecemos una extensa programación de actividades familiares y espectáculos aptos para todos los públicos, aunque..." />
<meta property="og:url" content="https://temporada-alta.com/es/familia/" />
<meta property="og:site_name" content="Temporada Alta" />
<meta property="article:modified_time" content="2025-02-13T12:44:27+00:00" />
<meta property="og:image" content="https://temporada-alta.com/wp-content/uploads/lacolla-1.jpg" />
	<meta property="og:image:width" content="600" />
	<meta property="og:image:height" content="354" />
	<meta property="og:image:type" content="image/jpeg" />
<meta name="twitter:card" content="summary_large_image" />
<script type="application/ld+json" class="yoast-schema-graph">{"@context":"https://schema.org","@graph":[{"@type":"WebPage","@id":"https://temporada-alta.com/es/familia/","url":"https://temporada-alta.com/es/familia/","name":"Familia - Temporada Alta","isPartOf":{"@id":"https://temporada-alta.com/es/#website"},"primaryImageOfPage":{"@id":"https://temporada-alta.com/es/familia/#primaryimage"},"image":{"@id":"https://temporada-alta.com/es/familia/#primaryimage"},"thumbnailUrl":"https://temporada-alta.com/wp-content/uploads/lacolla-1.jpg","datePublished":"2024-09-25T08:28:31+00:00","dateModified":"2025-02-13T12:44:27+00:00","breadcrumb":{"@id":"https://temporada-alta.com/es/familia/#breadcrumb"},"inLanguage":"es","potentialAction":[{"@type":"ReadAction","target":["https://temporada-alta.com/es/familia/"]}]},{"@type":"ImageObject","inLanguage":"es","@id":"https://temporada-alta.com/es/familia/#primaryimage","url":"https://temporada-alta.com/wp-content/uploads/lacolla-1.jpg","contentUrl":"https://temporada-alta.com/wp-content/uploads/lacolla-1.jpg"},{"@type":"BreadcrumbList","@id":"https://temporada-alta.com/es/familia/#breadcrumb","itemListElement":[{"@type":"ListItem","position":1,"name":"Inici","item":"https://temporada-alta.com/es/"},{"@type":"ListItem","position":2,"name":"Familia"}]},{"@type":"WebSite","@id":"https://temporada-alta.com/es/#website","url":"https://temporada-alta.com/es/","name":"Temporada Alta","description":"Festival d&#039;Arts Escèniques","publisher":{"@id":"https://temporada-alta.com/es/#organization"},"potentialAction":[{"@type":"SearchAction","target":{"@type":"EntryPoint","urlTemplate":"https://temporada-alta.com/es/?s={search_term_string}"},"query-input":{"@type":"PropertyValueSpecification","valueRequired":true,"valueName":"search_term_string"}}],"inLanguage":"es"},{"@type":"Organization","@id":"https://temporada-alta.com/es/#organization","name":"Temporada Alta","url":"https://temporada-alta.com/es/","logo":{"@type":"ImageObject","inLanguage":"es","@id":"https://temporada-alta.com/es/#/schema/logo/image/","url":"https://temporada-alta.com/wp-content/uploads/TA21-Logotip-pos.png","contentUrl":"https://temporada-alta.com/wp-content/uploads/TA21-Logotip-pos.png","width":800,"height":267,"caption":"Temporada Alta"},"image":{"@id":"https://temporada-alta.com/es/#/schema/logo/image/"}}]}</script>
<!-- / Yoast SEO plugin. -->

En Temporada Alta ofrecemos una extensa programación de actividades familiares y espectáculos aptos para todos los públicos, aunque...

Festival d&#039;Arts Escèniques
