{"id":37554,"date":"2019-07-31T12:01:09","date_gmt":"2019-07-31T10:01:09","guid":{"rendered":"https:\/\/temporada-alta.com\/?post_type=tribe_events&#038;p=37554"},"modified":"2019-11-02T19:00:06","modified_gmt":"2019-11-02T18:00:06","slug":"post-funcion-proximo","status":"publish","type":"tribe_events","link":"https:\/\/temporada-alta.com\/en\/show\/post-funcion-proximo\/","title":{"rendered":"Postfunci\u00f3n \u2018Pr\u00f3ximo\u2019"},"content":{"rendered":"<div id=\"modal-ready\"><h2>Despu\u00e9s de la funci\u00f3n, comenta qu\u00e9 te ha parecido con Cl\u00e0udio Tolcachir y el resto de la compa\u00f1\u00eda<\/h2>\n<p>Comparte una charla despu\u00e9s de la funci\u00f3n con Cl\u00e0udio Tolcachir, Lautaro Perotti y Santi Mar\u00edn.\u00a0<em>Pr\u00f3ximo<\/em>\u00a0es el trabajo m\u00e1s reciente de Tolcachir como autor y director, un texto para dos actores que aborda las relaciones afectivas en la era de internet. El coloquio estar\u00e1 dinamizado por Laura Iglesias, socia de El Club.<\/p>\n<p>&nbsp;<\/p>\n<p>Organiza:\u00a0 \u00a0 \u00a0\u00a0<img loading=\"lazy\" decoding=\"async\" class=\"alignnone wp-image-37433\" src=\"https:\/\/temporada-alta.com\/wp-content\/uploads\/FCI-logotipelclub-positiu-300x230.png\" alt=\"\" width=\"75\" height=\"57\" \/><\/p>\n<p>Dinamiza:\u00a0 \u00a0 \u00a0Laura Iglesias, socia de El Clubpr\u00f3ximo<\/p>\n<p>&nbsp;<\/p>\n<\/div>","protected":false},"excerpt":{"rendered":"<p>Despu\u00e9s de la funci\u00f3n, comenta qu\u00e9 te ha parecido con Cl\u00e0udio Tolcachir y el resto de la compa\u00f1\u00eda&#8230;<\/p>\n","protected":false},"author":36118,"featured_media":37657,"template":"","meta":{"_acf_changed":false,"_tribe_events_status":"","_tribe_events_status_reason":"","footnotes":""},"tags":[],"tribe_events_cat":[167,87,368],"class_list":["post-37554","tribe_events","type-tribe_events","status-publish","has-post-thumbnail","hentry","tribe_events_cat-activities","tribe_events_cat-internal-labels","tribe_events_cat-post-funciones-eng","cat_activities","cat_internal-labels","cat_post-funciones-eng"],"acf":{"photo_gallery":{"gallery":[[]]}},"yoast_head":"<!-- This site is optimized with the Yoast SEO plugin v27.0 - https:\/\/yoast.com\/product\/yoast-seo-wordpress\/ -->\n<title>Postfunci\u00f3n \u2018Pr\u00f3ximo\u2019 - Temporada Alta<\/title>\n<meta name=\"robots\" content=\"index, follow, max-snippet:-1, max-image-preview:large, max-video-preview:-1\" \/>\n<link rel=\"canonical\" href=\"https:\/\/temporada-alta.com\/en\/show\/post-funcion-proximo\/\" \/>\n<meta property=\"og:locale\" content=\"en_US\" \/>\n<meta property=\"og:type\" content=\"article\" \/>\n<meta property=\"og:title\" content=\"Postfunci\u00f3n \u2018Pr\u00f3ximo\u2019 - Temporada Alta\" \/>\n<meta property=\"og:description\" content=\"Despu\u00e9s de la funci\u00f3n, comenta qu\u00e9 te ha parecido con Cl\u00e0udio Tolcachir y el resto de la compa\u00f1\u00eda...\" \/>\n<meta property=\"og:url\" content=\"https:\/\/temporada-alta.com\/en\/show\/post-funcion-proximo\/\" \/>\n<meta property=\"og:site_name\" content=\"Temporada Alta\" \/>\n<meta property=\"article:modified_time\" content=\"2019-11-02T18:00:06+00:00\" \/>\n<meta property=\"og:image\" content=\"https:\/\/temporada-alta.com\/wp-content\/uploads\/Proximo_CAST.jpg\" \/>\n\t<meta property=\"og:image:width\" content=\"1200\" \/>\n\t<meta property=\"og:image:height\" content=\"600\" \/>\n\t<meta property=\"og:image:type\" content=\"image\/jpeg\" \/>\n<meta name=\"twitter:card\" content=\"summary_large_image\" \/>\n<script type=\"application\/ld+json\" class=\"yoast-schema-graph\">{\"@context\":\"https:\/\/schema.org\",\"@graph\":[{\"@type\":\"WebPage\",\"@id\":\"https:\/\/temporada-alta.com\/en\/show\/post-funcion-proximo\/\",\"url\":\"https:\/\/temporada-alta.com\/en\/show\/post-funcion-proximo\/\",\"name\":\"Postfunci\u00f3n \u2018Pr\u00f3ximo\u2019 - Temporada Alta\",\"isPartOf\":{\"@id\":\"https:\/\/temporada-alta.com\/en\/#website\"},\"primaryImageOfPage\":{\"@id\":\"https:\/\/temporada-alta.com\/en\/show\/post-funcion-proximo\/#primaryimage\"},\"image\":{\"@id\":\"https:\/\/temporada-alta.com\/en\/show\/post-funcion-proximo\/#primaryimage\"},\"thumbnailUrl\":\"https:\/\/temporada-alta.com\/wp-content\/uploads\/Proximo_CAST.jpg\",\"datePublished\":\"2019-07-31T10:01:09+00:00\",\"dateModified\":\"2019-11-02T18:00:06+00:00\",\"breadcrumb\":{\"@id\":\"https:\/\/temporada-alta.com\/en\/show\/post-funcion-proximo\/#breadcrumb\"},\"inLanguage\":\"en-US\",\"potentialAction\":[{\"@type\":\"ReadAction\",\"target\":[\"https:\/\/temporada-alta.com\/en\/show\/post-funcion-proximo\/\"]}]},{\"@type\":\"ImageObject\",\"inLanguage\":\"en-US\",\"@id\":\"https:\/\/temporada-alta.com\/en\/show\/post-funcion-proximo\/#primaryimage\",\"url\":\"https:\/\/temporada-alta.com\/wp-content\/uploads\/Proximo_CAST.jpg\",\"contentUrl\":\"https:\/\/temporada-alta.com\/wp-content\/uploads\/Proximo_CAST.jpg\",\"width\":1200,\"height\":600},{\"@type\":\"BreadcrumbList\",\"@id\":\"https:\/\/temporada-alta.com\/en\/show\/post-funcion-proximo\/#breadcrumb\",\"itemListElement\":[{\"@type\":\"ListItem\",\"position\":1,\"name\":\"Inici\",\"item\":\"https:\/\/temporada-alta.com\/en\/\"},{\"@type\":\"ListItem\",\"position\":2,\"name\":\"Events\",\"item\":\"https:\/\/temporada-alta.com\/en\/events\/\"},{\"@type\":\"ListItem\",\"position\":3,\"name\":\"Postfunci\u00f3n \u2018Pr\u00f3ximo\u2019\"}]},{\"@type\":\"WebSite\",\"@id\":\"https:\/\/temporada-alta.com\/en\/#website\",\"url\":\"https:\/\/temporada-alta.com\/en\/\",\"name\":\"Temporada Alta\",\"description\":\"Festival d&#039;Arts Esc\u00e8niques\",\"publisher\":{\"@id\":\"https:\/\/temporada-alta.com\/en\/#organization\"},\"potentialAction\":[{\"@type\":\"SearchAction\",\"target\":{\"@type\":\"EntryPoint\",\"urlTemplate\":\"https:\/\/temporada-alta.com\/en\/?s={search_term_string}\"},\"query-input\":{\"@type\":\"PropertyValueSpecification\",\"valueRequired\":true,\"valueName\":\"search_term_string\"}}],\"inLanguage\":\"en-US\"},{\"@type\":\"Organization\",\"@id\":\"https:\/\/temporada-alta.com\/en\/#organization\",\"name\":\"Temporada Alta\",\"url\":\"https:\/\/temporada-alta.com\/en\/\",\"logo\":{\"@type\":\"ImageObject\",\"inLanguage\":\"en-US\",\"@id\":\"https:\/\/temporada-alta.com\/en\/#\/schema\/logo\/image\/\",\"url\":\"https:\/\/temporada-alta.com\/wp-content\/uploads\/TA21-Logotip-pos.png\",\"contentUrl\":\"https:\/\/temporada-alta.com\/wp-content\/uploads\/TA21-Logotip-pos.png\",\"width\":800,\"height\":267,\"caption\":\"Temporada Alta\"},\"image\":{\"@id\":\"https:\/\/temporada-alta.com\/en\/#\/schema\/logo\/image\/\"}}]}<\/script>\n<!-- \/ Yoast SEO plugin. -->","yoast_head_json":{"title":"Postfunci\u00f3n \u2018Pr\u00f3ximo\u2019 - Temporada Alta","robots":{"index":"index","follow":"follow","max-snippet":"max-snippet:-1","max-image-preview":"max-image-preview:large","max-video-preview":"max-video-preview:-1"},"canonical":"https:\/\/temporada-alta.com\/en\/show\/post-funcion-proximo\/","og_locale":"en_US","og_type":"article","og_title":"Postfunci\u00f3n \u2018Pr\u00f3ximo\u2019 - Temporada Alta","og_description":"Despu\u00e9s de la funci\u00f3n, comenta qu\u00e9 te ha parecido con Cl\u00e0udio Tolcachir y el resto de la compa\u00f1\u00eda...","og_url":"https:\/\/temporada-alta.com\/en\/show\/post-funcion-proximo\/","og_site_name":"Temporada Alta","article_modified_time":"2019-11-02T18:00:06+00:00","og_image":[{"width":1200,"height":600,"url":"https:\/\/temporada-alta.com\/wp-content\/uploads\/Proximo_CAST.jpg","type":"image\/jpeg"}],"twitter_card":"summary_large_image","schema":{"@context":"https:\/\/schema.org","@graph":[{"@type":"WebPage","@id":"https:\/\/temporada-alta.com\/en\/show\/post-funcion-proximo\/","url":"https:\/\/temporada-alta.com\/en\/show\/post-funcion-proximo\/","name":"Postfunci\u00f3n \u2018Pr\u00f3ximo\u2019 - Temporada Alta","isPartOf":{"@id":"https:\/\/temporada-alta.com\/en\/#website"},"primaryImageOfPage":{"@id":"https:\/\/temporada-alta.com\/en\/show\/post-funcion-proximo\/#primaryimage"},"image":{"@id":"https:\/\/temporada-alta.com\/en\/show\/post-funcion-proximo\/#primaryimage"},"thumbnailUrl":"https:\/\/temporada-alta.com\/wp-content\/uploads\/Proximo_CAST.jpg","datePublished":"2019-07-31T10:01:09+00:00","dateModified":"2019-11-02T18:00:06+00:00","breadcrumb":{"@id":"https:\/\/temporada-alta.com\/en\/show\/post-funcion-proximo\/#breadcrumb"},"inLanguage":"en-US","potentialAction":[{"@type":"ReadAction","target":["https:\/\/temporada-alta.com\/en\/show\/post-funcion-proximo\/"]}]},{"@type":"ImageObject","inLanguage":"en-US","@id":"https:\/\/temporada-alta.com\/en\/show\/post-funcion-proximo\/#primaryimage","url":"https:\/\/temporada-alta.com\/wp-content\/uploads\/Proximo_CAST.jpg","contentUrl":"https:\/\/temporada-alta.com\/wp-content\/uploads\/Proximo_CAST.jpg","width":1200,"height":600},{"@type":"BreadcrumbList","@id":"https:\/\/temporada-alta.com\/en\/show\/post-funcion-proximo\/#breadcrumb","itemListElement":[{"@type":"ListItem","position":1,"name":"Inici","item":"https:\/\/temporada-alta.com\/en\/"},{"@type":"ListItem","position":2,"name":"Events","item":"https:\/\/temporada-alta.com\/en\/events\/"},{"@type":"ListItem","position":3,"name":"Postfunci\u00f3n \u2018Pr\u00f3ximo\u2019"}]},{"@type":"WebSite","@id":"https:\/\/temporada-alta.com\/en\/#website","url":"https:\/\/temporada-alta.com\/en\/","name":"Temporada Alta","description":"Festival d&#039;Arts Esc\u00e8niques","publisher":{"@id":"https:\/\/temporada-alta.com\/en\/#organization"},"potentialAction":[{"@type":"SearchAction","target":{"@type":"EntryPoint","urlTemplate":"https:\/\/temporada-alta.com\/en\/?s={search_term_string}"},"query-input":{"@type":"PropertyValueSpecification","valueRequired":true,"valueName":"search_term_string"}}],"inLanguage":"en-US"},{"@type":"Organization","@id":"https:\/\/temporada-alta.com\/en\/#organization","name":"Temporada Alta","url":"https:\/\/temporada-alta.com\/en\/","logo":{"@type":"ImageObject","inLanguage":"en-US","@id":"https:\/\/temporada-alta.com\/en\/#\/schema\/logo\/image\/","url":"https:\/\/temporada-alta.com\/wp-content\/uploads\/TA21-Logotip-pos.png","contentUrl":"https:\/\/temporada-alta.com\/wp-content\/uploads\/TA21-Logotip-pos.png","width":800,"height":267,"caption":"Temporada Alta"},"image":{"@id":"https:\/\/temporada-alta.com\/en\/#\/schema\/logo\/image\/"}}]}},"_links":{"self":[{"href":"https:\/\/temporada-alta.com\/en\/wp-json\/wp\/v2\/tribe_events\/37554","targetHints":{"allow":["GET"]}}],"collection":[{"href":"https:\/\/temporada-alta.com\/en\/wp-json\/wp\/v2\/tribe_events"}],"about":[{"href":"https:\/\/temporada-alta.com\/en\/wp-json\/wp\/v2\/types\/tribe_events"}],"author":[{"embeddable":true,"href":"https:\/\/temporada-alta.com\/en\/wp-json\/wp\/v2\/users\/36118"}],"version-history":[{"count":0,"href":"https:\/\/temporada-alta.com\/en\/wp-json\/wp\/v2\/tribe_events\/37554\/revisions"}],"wp:featuredmedia":[{"embeddable":true,"href":"https:\/\/temporada-alta.com\/en\/wp-json\/wp\/v2\/media\/37657"}],"wp:attachment":[{"href":"https:\/\/temporada-alta.com\/en\/wp-json\/wp\/v2\/media?parent=37554"}],"wp:term":[{"taxonomy":"post_tag","embeddable":true,"href":"https:\/\/temporada-alta.com\/en\/wp-json\/wp\/v2\/tags?post=37554"},{"taxonomy":"tribe_events_cat","embeddable":true,"href":"https:\/\/temporada-alta.com\/en\/wp-json\/wp\/v2\/tribe_events_cat?post=37554"}],"curies":[{"name":"wp","href":"https:\/\/api.w.org\/{rel}","templated":true}]}}

Postfunción ‘Próximo’

<div id="modal-ready"><h2>Después de la función, comenta qué te ha parecido con Clàudio Tolcachir y el resto de la compañía</h2>
<p>Comparte una charla después de la función con Clàudio Tolcachir, Lautaro Perotti y Santi Marín. <em>Próximo</em> es el trabajo más reciente de Tolcachir como autor y director, un texto para dos actores que aborda las relaciones afectivas en la era de internet. El coloquio estará dinamizado por Laura Iglesias, socia de El Club.</p>
<p>&nbsp;</p>
<p>Organiza:      <img loading="lazy" decoding="async" class="alignnone wp-image-37433" src="https://temporada-alta.com/wp-content/uploads/FCI-logotipelclub-positiu-300x230.png" alt="" width="75" height="57" /></p>
<p>Dinamiza:     Laura Iglesias, socia de El Clubpróximo</p>
<p>&nbsp;</p>
</div>

<p>Después de la función, comenta qué te ha parecido con Clàudio Tolcachir y el resto de la compañía&#8230;</p>

<!-- This site is optimized with the Yoast SEO plugin v27.0 - https://yoast.com/product/yoast-seo-wordpress/ -->
<title>Postfunción ‘Próximo’ - Temporada Alta</title>
<meta name="robots" content="index, follow, max-snippet:-1, max-image-preview:large, max-video-preview:-1" />
<link rel="canonical" href="https://temporada-alta.com/en/show/post-funcion-proximo/" />
<meta property="og:locale" content="en_US" />
<meta property="og:type" content="article" />
<meta property="og:title" content="Postfunción ‘Próximo’ - Temporada Alta" />
<meta property="og:description" content="Después de la función, comenta qué te ha parecido con Clàudio Tolcachir y el resto de la compañía..." />
<meta property="og:url" content="https://temporada-alta.com/en/show/post-funcion-proximo/" />
<meta property="og:site_name" content="Temporada Alta" />
<meta property="article:modified_time" content="2019-11-02T18:00:06+00:00" />
<meta property="og:image" content="https://temporada-alta.com/wp-content/uploads/Proximo_CAST.jpg" />
	<meta property="og:image:width" content="1200" />
	<meta property="og:image:height" content="600" />
	<meta property="og:image:type" content="image/jpeg" />
<meta name="twitter:card" content="summary_large_image" />
<script type="application/ld+json" class="yoast-schema-graph">{"@context":"https://schema.org","@graph":[{"@type":"WebPage","@id":"https://temporada-alta.com/en/show/post-funcion-proximo/","url":"https://temporada-alta.com/en/show/post-funcion-proximo/","name":"Postfunción ‘Próximo’ - Temporada Alta","isPartOf":{"@id":"https://temporada-alta.com/en/#website"},"primaryImageOfPage":{"@id":"https://temporada-alta.com/en/show/post-funcion-proximo/#primaryimage"},"image":{"@id":"https://temporada-alta.com/en/show/post-funcion-proximo/#primaryimage"},"thumbnailUrl":"https://temporada-alta.com/wp-content/uploads/Proximo_CAST.jpg","datePublished":"2019-07-31T10:01:09+00:00","dateModified":"2019-11-02T18:00:06+00:00","breadcrumb":{"@id":"https://temporada-alta.com/en/show/post-funcion-proximo/#breadcrumb"},"inLanguage":"en-US","potentialAction":[{"@type":"ReadAction","target":["https://temporada-alta.com/en/show/post-funcion-proximo/"]}]},{"@type":"ImageObject","inLanguage":"en-US","@id":"https://temporada-alta.com/en/show/post-funcion-proximo/#primaryimage","url":"https://temporada-alta.com/wp-content/uploads/Proximo_CAST.jpg","contentUrl":"https://temporada-alta.com/wp-content/uploads/Proximo_CAST.jpg","width":1200,"height":600},{"@type":"BreadcrumbList","@id":"https://temporada-alta.com/en/show/post-funcion-proximo/#breadcrumb","itemListElement":[{"@type":"ListItem","position":1,"name":"Inici","item":"https://temporada-alta.com/en/"},{"@type":"ListItem","position":2,"name":"Events","item":"https://temporada-alta.com/en/events/"},{"@type":"ListItem","position":3,"name":"Postfunción ‘Próximo’"}]},{"@type":"WebSite","@id":"https://temporada-alta.com/en/#website","url":"https://temporada-alta.com/en/","name":"Temporada Alta","description":"Festival d&#039;Arts Escèniques","publisher":{"@id":"https://temporada-alta.com/en/#organization"},"potentialAction":[{"@type":"SearchAction","target":{"@type":"EntryPoint","urlTemplate":"https://temporada-alta.com/en/?s={search_term_string}"},"query-input":{"@type":"PropertyValueSpecification","valueRequired":true,"valueName":"search_term_string"}}],"inLanguage":"en-US"},{"@type":"Organization","@id":"https://temporada-alta.com/en/#organization","name":"Temporada Alta","url":"https://temporada-alta.com/en/","logo":{"@type":"ImageObject","inLanguage":"en-US","@id":"https://temporada-alta.com/en/#/schema/logo/image/","url":"https://temporada-alta.com/wp-content/uploads/TA21-Logotip-pos.png","contentUrl":"https://temporada-alta.com/wp-content/uploads/TA21-Logotip-pos.png","width":800,"height":267,"caption":"Temporada Alta"},"image":{"@id":"https://temporada-alta.com/en/#/schema/logo/image/"}}]}</script>
<!-- / Yoast SEO plugin. -->

Postfunción ‘Próximo’ - Temporada Alta

Después de la función, comenta qué te ha parecido con Clàudio Tolcachir y el resto de la compañía...

Festival d&#039;Arts Escèniques
