{"id":26185,"date":"2015-08-07T13:08:32","date_gmt":"2015-08-07T11:08:32","guid":{"rendered":"https:\/\/www.temporada-alta.com\/event\/els-vens-de-dalt-torroella\/"},"modified":"2019-03-28T13:15:07","modified_gmt":"2019-03-28T12:15:07","slug":"els-vens-de-dalt-torroella","status":"publish","type":"tribe_events","link":"https:\/\/temporada-alta.com\/en\/show\/els-vens-de-dalt-torroella\/","title":{"rendered":"Els ve\u00efns de dalt (Torroella)"},"content":{"rendered":"<div id=\"modal-ready\"><h2>Pere Arquillu\u00e9, \u00c0gata Roca, Nora Navas and Jordi Rico star in a comedy which many of you will be able to relate to<\/h2>\n<p style=\"font-family: Boomer;\">\n<strong style=\"line-height: 22.3999996185303px;\">Cesc Gay\u00a0<\/strong><span style=\"line-height: 22.3999996185303px;\">surprises us with the normality of his characters. An ordinary dinner party with the neighbours lays bare all their hidden fears, in apparently innocuous words that are loaded like guns. Sound familiar?<\/span><\/p>\n<\/div>","protected":false},"excerpt":{"rendered":"<p>Pere Arquillu\u00e9, \u00c0gata Roca, Nora Navas and Jordi Rico star in a comedy which many of you will&#8230;<\/p>\n","protected":false},"author":4,"featured_media":26068,"template":"","meta":{"_acf_changed":false,"_tribe_events_status":"","_tribe_events_status_reason":"","footnotes":""},"tags":[],"tribe_events_cat":[157],"class_list":["post-26185","tribe_events","type-tribe_events","status-publish","has-post-thumbnail","hentry","tribe_events_cat-157","cat_2015"],"acf":{"photo_gallery":{"gallery":[[]]}},"yoast_head":"<!-- This site is optimized with the Yoast SEO plugin v27.0 - https:\/\/yoast.com\/product\/yoast-seo-wordpress\/ -->\n<title>Els ve\u00efns de dalt (Torroella) - Temporada Alta<\/title>\n<meta name=\"robots\" content=\"index, follow, max-snippet:-1, max-image-preview:large, max-video-preview:-1\" \/>\n<link rel=\"canonical\" href=\"https:\/\/temporada-alta.com\/en\/show\/els-vens-de-dalt-torroella\/\" \/>\n<meta property=\"og:locale\" content=\"en_US\" \/>\n<meta property=\"og:type\" content=\"article\" \/>\n<meta property=\"og:title\" content=\"Els ve\u00efns de dalt (Torroella) - Temporada Alta\" \/>\n<meta property=\"og:description\" content=\"Pere Arquillu\u00e9, \u00c0gata Roca, Nora Navas and Jordi Rico star in a comedy which many of you will...\" \/>\n<meta property=\"og:url\" content=\"https:\/\/temporada-alta.com\/en\/show\/els-vens-de-dalt-torroella\/\" \/>\n<meta property=\"og:site_name\" content=\"Temporada Alta\" \/>\n<meta property=\"article:modified_time\" content=\"2019-03-28T12:15:07+00:00\" \/>\n<meta property=\"og:image\" content=\"https:\/\/temporada-alta.com\/wp-content\/uploads\/foto_escena_08_elsveinsdedalt_davidruanobx2.jpg\" \/>\n\t<meta property=\"og:image:width\" content=\"2048\" \/>\n\t<meta property=\"og:image:height\" content=\"1367\" \/>\n\t<meta property=\"og:image:type\" content=\"image\/jpeg\" \/>\n<meta name=\"twitter:card\" content=\"summary_large_image\" \/>\n<script type=\"application\/ld+json\" class=\"yoast-schema-graph\">{\"@context\":\"https:\/\/schema.org\",\"@graph\":[{\"@type\":\"WebPage\",\"@id\":\"https:\/\/temporada-alta.com\/en\/show\/els-vens-de-dalt-torroella\/\",\"url\":\"https:\/\/temporada-alta.com\/en\/show\/els-vens-de-dalt-torroella\/\",\"name\":\"Els ve\u00efns de dalt (Torroella) - Temporada Alta\",\"isPartOf\":{\"@id\":\"https:\/\/temporada-alta.com\/en\/#website\"},\"primaryImageOfPage\":{\"@id\":\"https:\/\/temporada-alta.com\/en\/show\/els-vens-de-dalt-torroella\/#primaryimage\"},\"image\":{\"@id\":\"https:\/\/temporada-alta.com\/en\/show\/els-vens-de-dalt-torroella\/#primaryimage\"},\"thumbnailUrl\":\"https:\/\/temporada-alta.com\/wp-content\/uploads\/foto_escena_08_elsveinsdedalt_davidruanobx2.jpg\",\"datePublished\":\"2015-08-07T11:08:32+00:00\",\"dateModified\":\"2019-03-28T12:15:07+00:00\",\"breadcrumb\":{\"@id\":\"https:\/\/temporada-alta.com\/en\/show\/els-vens-de-dalt-torroella\/#breadcrumb\"},\"inLanguage\":\"en-US\",\"potentialAction\":[{\"@type\":\"ReadAction\",\"target\":[\"https:\/\/temporada-alta.com\/en\/show\/els-vens-de-dalt-torroella\/\"]}]},{\"@type\":\"ImageObject\",\"inLanguage\":\"en-US\",\"@id\":\"https:\/\/temporada-alta.com\/en\/show\/els-vens-de-dalt-torroella\/#primaryimage\",\"url\":\"https:\/\/temporada-alta.com\/wp-content\/uploads\/foto_escena_08_elsveinsdedalt_davidruanobx2.jpg\",\"contentUrl\":\"https:\/\/temporada-alta.com\/wp-content\/uploads\/foto_escena_08_elsveinsdedalt_davidruanobx2.jpg\",\"width\":2048,\"height\":1367},{\"@type\":\"BreadcrumbList\",\"@id\":\"https:\/\/temporada-alta.com\/en\/show\/els-vens-de-dalt-torroella\/#breadcrumb\",\"itemListElement\":[{\"@type\":\"ListItem\",\"position\":1,\"name\":\"Inici\",\"item\":\"https:\/\/temporada-alta.com\/en\/\"},{\"@type\":\"ListItem\",\"position\":2,\"name\":\"Events\",\"item\":\"https:\/\/temporada-alta.com\/en\/events\/\"},{\"@type\":\"ListItem\",\"position\":3,\"name\":\"Els ve\u00efns de dalt (Torroella)\"}]},{\"@type\":\"WebSite\",\"@id\":\"https:\/\/temporada-alta.com\/en\/#website\",\"url\":\"https:\/\/temporada-alta.com\/en\/\",\"name\":\"Temporada Alta\",\"description\":\"Festival d&#039;Arts Esc\u00e8niques\",\"publisher\":{\"@id\":\"https:\/\/temporada-alta.com\/en\/#organization\"},\"potentialAction\":[{\"@type\":\"SearchAction\",\"target\":{\"@type\":\"EntryPoint\",\"urlTemplate\":\"https:\/\/temporada-alta.com\/en\/?s={search_term_string}\"},\"query-input\":{\"@type\":\"PropertyValueSpecification\",\"valueRequired\":true,\"valueName\":\"search_term_string\"}}],\"inLanguage\":\"en-US\"},{\"@type\":\"Organization\",\"@id\":\"https:\/\/temporada-alta.com\/en\/#organization\",\"name\":\"Temporada Alta\",\"url\":\"https:\/\/temporada-alta.com\/en\/\",\"logo\":{\"@type\":\"ImageObject\",\"inLanguage\":\"en-US\",\"@id\":\"https:\/\/temporada-alta.com\/en\/#\/schema\/logo\/image\/\",\"url\":\"https:\/\/temporada-alta.com\/wp-content\/uploads\/TA21-Logotip-pos.png\",\"contentUrl\":\"https:\/\/temporada-alta.com\/wp-content\/uploads\/TA21-Logotip-pos.png\",\"width\":800,\"height\":267,\"caption\":\"Temporada Alta\"},\"image\":{\"@id\":\"https:\/\/temporada-alta.com\/en\/#\/schema\/logo\/image\/\"}}]}<\/script>\n<!-- \/ Yoast SEO plugin. -->","yoast_head_json":{"title":"Els ve\u00efns de dalt (Torroella) - Temporada Alta","robots":{"index":"index","follow":"follow","max-snippet":"max-snippet:-1","max-image-preview":"max-image-preview:large","max-video-preview":"max-video-preview:-1"},"canonical":"https:\/\/temporada-alta.com\/en\/show\/els-vens-de-dalt-torroella\/","og_locale":"en_US","og_type":"article","og_title":"Els ve\u00efns de dalt (Torroella) - Temporada Alta","og_description":"Pere Arquillu\u00e9, \u00c0gata Roca, Nora Navas and Jordi Rico star in a comedy which many of you will...","og_url":"https:\/\/temporada-alta.com\/en\/show\/els-vens-de-dalt-torroella\/","og_site_name":"Temporada Alta","article_modified_time":"2019-03-28T12:15:07+00:00","og_image":[{"width":2048,"height":1367,"url":"https:\/\/temporada-alta.com\/wp-content\/uploads\/foto_escena_08_elsveinsdedalt_davidruanobx2.jpg","type":"image\/jpeg"}],"twitter_card":"summary_large_image","schema":{"@context":"https:\/\/schema.org","@graph":[{"@type":"WebPage","@id":"https:\/\/temporada-alta.com\/en\/show\/els-vens-de-dalt-torroella\/","url":"https:\/\/temporada-alta.com\/en\/show\/els-vens-de-dalt-torroella\/","name":"Els ve\u00efns de dalt (Torroella) - Temporada Alta","isPartOf":{"@id":"https:\/\/temporada-alta.com\/en\/#website"},"primaryImageOfPage":{"@id":"https:\/\/temporada-alta.com\/en\/show\/els-vens-de-dalt-torroella\/#primaryimage"},"image":{"@id":"https:\/\/temporada-alta.com\/en\/show\/els-vens-de-dalt-torroella\/#primaryimage"},"thumbnailUrl":"https:\/\/temporada-alta.com\/wp-content\/uploads\/foto_escena_08_elsveinsdedalt_davidruanobx2.jpg","datePublished":"2015-08-07T11:08:32+00:00","dateModified":"2019-03-28T12:15:07+00:00","breadcrumb":{"@id":"https:\/\/temporada-alta.com\/en\/show\/els-vens-de-dalt-torroella\/#breadcrumb"},"inLanguage":"en-US","potentialAction":[{"@type":"ReadAction","target":["https:\/\/temporada-alta.com\/en\/show\/els-vens-de-dalt-torroella\/"]}]},{"@type":"ImageObject","inLanguage":"en-US","@id":"https:\/\/temporada-alta.com\/en\/show\/els-vens-de-dalt-torroella\/#primaryimage","url":"https:\/\/temporada-alta.com\/wp-content\/uploads\/foto_escena_08_elsveinsdedalt_davidruanobx2.jpg","contentUrl":"https:\/\/temporada-alta.com\/wp-content\/uploads\/foto_escena_08_elsveinsdedalt_davidruanobx2.jpg","width":2048,"height":1367},{"@type":"BreadcrumbList","@id":"https:\/\/temporada-alta.com\/en\/show\/els-vens-de-dalt-torroella\/#breadcrumb","itemListElement":[{"@type":"ListItem","position":1,"name":"Inici","item":"https:\/\/temporada-alta.com\/en\/"},{"@type":"ListItem","position":2,"name":"Events","item":"https:\/\/temporada-alta.com\/en\/events\/"},{"@type":"ListItem","position":3,"name":"Els ve\u00efns de dalt (Torroella)"}]},{"@type":"WebSite","@id":"https:\/\/temporada-alta.com\/en\/#website","url":"https:\/\/temporada-alta.com\/en\/","name":"Temporada Alta","description":"Festival d&#039;Arts Esc\u00e8niques","publisher":{"@id":"https:\/\/temporada-alta.com\/en\/#organization"},"potentialAction":[{"@type":"SearchAction","target":{"@type":"EntryPoint","urlTemplate":"https:\/\/temporada-alta.com\/en\/?s={search_term_string}"},"query-input":{"@type":"PropertyValueSpecification","valueRequired":true,"valueName":"search_term_string"}}],"inLanguage":"en-US"},{"@type":"Organization","@id":"https:\/\/temporada-alta.com\/en\/#organization","name":"Temporada Alta","url":"https:\/\/temporada-alta.com\/en\/","logo":{"@type":"ImageObject","inLanguage":"en-US","@id":"https:\/\/temporada-alta.com\/en\/#\/schema\/logo\/image\/","url":"https:\/\/temporada-alta.com\/wp-content\/uploads\/TA21-Logotip-pos.png","contentUrl":"https:\/\/temporada-alta.com\/wp-content\/uploads\/TA21-Logotip-pos.png","width":800,"height":267,"caption":"Temporada Alta"},"image":{"@id":"https:\/\/temporada-alta.com\/en\/#\/schema\/logo\/image\/"}}]}},"_links":{"self":[{"href":"https:\/\/temporada-alta.com\/en\/wp-json\/wp\/v2\/tribe_events\/26185","targetHints":{"allow":["GET"]}}],"collection":[{"href":"https:\/\/temporada-alta.com\/en\/wp-json\/wp\/v2\/tribe_events"}],"about":[{"href":"https:\/\/temporada-alta.com\/en\/wp-json\/wp\/v2\/types\/tribe_events"}],"author":[{"embeddable":true,"href":"https:\/\/temporada-alta.com\/en\/wp-json\/wp\/v2\/users\/4"}],"version-history":[{"count":0,"href":"https:\/\/temporada-alta.com\/en\/wp-json\/wp\/v2\/tribe_events\/26185\/revisions"}],"wp:featuredmedia":[{"embeddable":true,"href":"https:\/\/temporada-alta.com\/en\/wp-json\/wp\/v2\/media\/26068"}],"wp:attachment":[{"href":"https:\/\/temporada-alta.com\/en\/wp-json\/wp\/v2\/media?parent=26185"}],"wp:term":[{"taxonomy":"post_tag","embeddable":true,"href":"https:\/\/temporada-alta.com\/en\/wp-json\/wp\/v2\/tags?post=26185"},{"taxonomy":"tribe_events_cat","embeddable":true,"href":"https:\/\/temporada-alta.com\/en\/wp-json\/wp\/v2\/tribe_events_cat?post=26185"}],"curies":[{"name":"wp","href":"https:\/\/api.w.org\/{rel}","templated":true}]}}

Els veïns de dalt (Torroella)

<div id="modal-ready"><h2>Pere Arquillué, Àgata Roca, Nora Navas and Jordi Rico star in a comedy which many of you will be able to relate to</h2>
<p style="font-family: Boomer;">
<strong style="line-height: 22.3999996185303px;">Cesc Gay </strong><span style="line-height: 22.3999996185303px;">surprises us with the normality of his characters. An ordinary dinner party with the neighbours lays bare all their hidden fears, in apparently innocuous words that are loaded like guns. Sound familiar?</span></p>
</div>

<p>Pere Arquillué, Àgata Roca, Nora Navas and Jordi Rico star in a comedy which many of you will&#8230;</p>

<!-- This site is optimized with the Yoast SEO plugin v27.0 - https://yoast.com/product/yoast-seo-wordpress/ -->
<title>Els veïns de dalt (Torroella) - Temporada Alta</title>
<meta name="robots" content="index, follow, max-snippet:-1, max-image-preview:large, max-video-preview:-1" />
<link rel="canonical" href="https://temporada-alta.com/en/show/els-vens-de-dalt-torroella/" />
<meta property="og:locale" content="en_US" />
<meta property="og:type" content="article" />
<meta property="og:title" content="Els veïns de dalt (Torroella) - Temporada Alta" />
<meta property="og:description" content="Pere Arquillué, Àgata Roca, Nora Navas and Jordi Rico star in a comedy which many of you will..." />
<meta property="og:url" content="https://temporada-alta.com/en/show/els-vens-de-dalt-torroella/" />
<meta property="og:site_name" content="Temporada Alta" />
<meta property="article:modified_time" content="2019-03-28T12:15:07+00:00" />
<meta property="og:image" content="https://temporada-alta.com/wp-content/uploads/foto_escena_08_elsveinsdedalt_davidruanobx2.jpg" />
	<meta property="og:image:width" content="2048" />
	<meta property="og:image:height" content="1367" />
	<meta property="og:image:type" content="image/jpeg" />
<meta name="twitter:card" content="summary_large_image" />
<script type="application/ld+json" class="yoast-schema-graph">{"@context":"https://schema.org","@graph":[{"@type":"WebPage","@id":"https://temporada-alta.com/en/show/els-vens-de-dalt-torroella/","url":"https://temporada-alta.com/en/show/els-vens-de-dalt-torroella/","name":"Els veïns de dalt (Torroella) - Temporada Alta","isPartOf":{"@id":"https://temporada-alta.com/en/#website"},"primaryImageOfPage":{"@id":"https://temporada-alta.com/en/show/els-vens-de-dalt-torroella/#primaryimage"},"image":{"@id":"https://temporada-alta.com/en/show/els-vens-de-dalt-torroella/#primaryimage"},"thumbnailUrl":"https://temporada-alta.com/wp-content/uploads/foto_escena_08_elsveinsdedalt_davidruanobx2.jpg","datePublished":"2015-08-07T11:08:32+00:00","dateModified":"2019-03-28T12:15:07+00:00","breadcrumb":{"@id":"https://temporada-alta.com/en/show/els-vens-de-dalt-torroella/#breadcrumb"},"inLanguage":"en-US","potentialAction":[{"@type":"ReadAction","target":["https://temporada-alta.com/en/show/els-vens-de-dalt-torroella/"]}]},{"@type":"ImageObject","inLanguage":"en-US","@id":"https://temporada-alta.com/en/show/els-vens-de-dalt-torroella/#primaryimage","url":"https://temporada-alta.com/wp-content/uploads/foto_escena_08_elsveinsdedalt_davidruanobx2.jpg","contentUrl":"https://temporada-alta.com/wp-content/uploads/foto_escena_08_elsveinsdedalt_davidruanobx2.jpg","width":2048,"height":1367},{"@type":"BreadcrumbList","@id":"https://temporada-alta.com/en/show/els-vens-de-dalt-torroella/#breadcrumb","itemListElement":[{"@type":"ListItem","position":1,"name":"Inici","item":"https://temporada-alta.com/en/"},{"@type":"ListItem","position":2,"name":"Events","item":"https://temporada-alta.com/en/events/"},{"@type":"ListItem","position":3,"name":"Els veïns de dalt (Torroella)"}]},{"@type":"WebSite","@id":"https://temporada-alta.com/en/#website","url":"https://temporada-alta.com/en/","name":"Temporada Alta","description":"Festival d&#039;Arts Escèniques","publisher":{"@id":"https://temporada-alta.com/en/#organization"},"potentialAction":[{"@type":"SearchAction","target":{"@type":"EntryPoint","urlTemplate":"https://temporada-alta.com/en/?s={search_term_string}"},"query-input":{"@type":"PropertyValueSpecification","valueRequired":true,"valueName":"search_term_string"}}],"inLanguage":"en-US"},{"@type":"Organization","@id":"https://temporada-alta.com/en/#organization","name":"Temporada Alta","url":"https://temporada-alta.com/en/","logo":{"@type":"ImageObject","inLanguage":"en-US","@id":"https://temporada-alta.com/en/#/schema/logo/image/","url":"https://temporada-alta.com/wp-content/uploads/TA21-Logotip-pos.png","contentUrl":"https://temporada-alta.com/wp-content/uploads/TA21-Logotip-pos.png","width":800,"height":267,"caption":"Temporada Alta"},"image":{"@id":"https://temporada-alta.com/en/#/schema/logo/image/"}}]}</script>
<!-- / Yoast SEO plugin. -->

Els veïns de dalt (Torroella) - Temporada Alta

Pere Arquillué, Àgata Roca, Nora Navas and Jordi Rico star in a comedy which many of you will...

Festival d&#039;Arts Escèniques
