{"id":102854,"date":"2025-08-28T11:26:02","date_gmt":"2025-08-28T09:26:02","guid":{"rendered":"https:\/\/temporada-alta.com\/en\/?post_type=ta_events&#038;p=102854"},"modified":"2025-11-04T12:32:35","modified_gmt":"2025-11-04T11:32:35","slug":"un-tal-cesar","status":"publish","type":"ta_events","link":"https:\/\/temporada-alta.com\/en\/shows\/un-tal-cesar\/","title":{"rendered":"Un tal C\u00e8sar"},"content":{"rendered":"","protected":false},"featured_media":103630,"parent":0,"menu_order":0,"template":"","ta_generes":[1757,516],"ta_edicio":[2091],"ta_microtags":[],"ta_tags_creatius":[],"ta_tags_internes":[],"ta_stickers":[1443],"ta_formats":[],"class_list":["post-102854","ta_events","type-ta_events","status-publish","has-post-thumbnail","hentry","ta_generes-comedy","ta_generes-theatre","ta_edicio-2025-en","ta_stickers-nova-funcio"],"acf":[],"yoast_head":"<!-- This site is optimized with the Yoast SEO plugin v27.0 - https:\/\/yoast.com\/product\/yoast-seo-wordpress\/ -->\n<title>Un tal C\u00e8sar - Temporada Alta<\/title>\n<meta name=\"description\" content=\"&#039;Un tal C\u00e9sar&#039; by Marcel Tom\u00e0s arrives at Temporada Alta 2025. Check all the information about &#039;Un tal C\u00e9sar&#039; here. Tickets now on sale.\" \/>\n<meta name=\"robots\" content=\"index, follow, max-snippet:-1, max-image-preview:large, max-video-preview:-1\" \/>\n<link rel=\"canonical\" href=\"https:\/\/temporada-alta.com\/en\/shows\/un-tal-cesar\/\" \/>\n<meta property=\"og:locale\" content=\"en_US\" \/>\n<meta property=\"og:type\" content=\"article\" \/>\n<meta property=\"og:title\" content=\"Un tal C\u00e8sar - Temporada Alta\" \/>\n<meta property=\"og:description\" content=\"&#039;Un tal C\u00e9sar&#039; by Marcel Tom\u00e0s arrives at Temporada Alta 2025. Check all the information about &#039;Un tal C\u00e9sar&#039; here. Tickets now on sale.\" \/>\n<meta property=\"og:url\" content=\"https:\/\/temporada-alta.com\/en\/shows\/un-tal-cesar\/\" \/>\n<meta property=\"og:site_name\" content=\"Temporada Alta\" \/>\n<meta property=\"article:modified_time\" content=\"2025-11-04T11:32:35+00:00\" \/>\n<meta property=\"og:image\" content=\"https:\/\/temporada-alta.com\/wp-content\/uploads\/untalcesar.jpg\" \/>\n\t<meta property=\"og:image:width\" content=\"1920\" \/>\n\t<meta property=\"og:image:height\" content=\"1080\" \/>\n\t<meta property=\"og:image:type\" content=\"image\/jpeg\" \/>\n<meta name=\"twitter:card\" content=\"summary_large_image\" \/>\n<script type=\"application\/ld+json\" class=\"yoast-schema-graph\">{\"@context\":\"https:\/\/schema.org\",\"@graph\":[{\"@type\":\"WebPage\",\"@id\":\"https:\/\/temporada-alta.com\/en\/shows\/un-tal-cesar\/\",\"url\":\"https:\/\/temporada-alta.com\/en\/shows\/un-tal-cesar\/\",\"name\":\"Un tal C\u00e8sar - Temporada Alta\",\"isPartOf\":{\"@id\":\"https:\/\/temporada-alta.com\/en\/#website\"},\"primaryImageOfPage\":{\"@id\":\"https:\/\/temporada-alta.com\/en\/shows\/un-tal-cesar\/#primaryimage\"},\"image\":{\"@id\":\"https:\/\/temporada-alta.com\/en\/shows\/un-tal-cesar\/#primaryimage\"},\"thumbnailUrl\":\"https:\/\/temporada-alta.com\/wp-content\/uploads\/untalcesar.jpg\",\"datePublished\":\"2025-08-28T09:26:02+00:00\",\"dateModified\":\"2025-11-04T11:32:35+00:00\",\"description\":\"'Un tal C\u00e9sar' by Marcel Tom\u00e0s arrives at Temporada Alta 2025. Check all the information about 'Un tal C\u00e9sar' here. Tickets now on sale.\",\"breadcrumb\":{\"@id\":\"https:\/\/temporada-alta.com\/en\/shows\/un-tal-cesar\/#breadcrumb\"},\"inLanguage\":\"en-US\",\"potentialAction\":[{\"@type\":\"ReadAction\",\"target\":[\"https:\/\/temporada-alta.com\/en\/shows\/un-tal-cesar\/\"]}]},{\"@type\":\"ImageObject\",\"inLanguage\":\"en-US\",\"@id\":\"https:\/\/temporada-alta.com\/en\/shows\/un-tal-cesar\/#primaryimage\",\"url\":\"https:\/\/temporada-alta.com\/wp-content\/uploads\/untalcesar.jpg\",\"contentUrl\":\"https:\/\/temporada-alta.com\/wp-content\/uploads\/untalcesar.jpg\",\"width\":1920,\"height\":1080,\"caption\":\"\u00a9 Quim Bahi\"},{\"@type\":\"BreadcrumbList\",\"@id\":\"https:\/\/temporada-alta.com\/en\/shows\/un-tal-cesar\/#breadcrumb\",\"itemListElement\":[{\"@type\":\"ListItem\",\"position\":1,\"name\":\"Inici\",\"item\":\"https:\/\/temporada-alta.com\/en\/\"},{\"@type\":\"ListItem\",\"position\":2,\"name\":\"Events\",\"item\":\"https:\/\/temporada-alta.com\/en\/shows\/\"},{\"@type\":\"ListItem\",\"position\":3,\"name\":\"Un tal C\u00e8sar\"}]},{\"@type\":\"WebSite\",\"@id\":\"https:\/\/temporada-alta.com\/en\/#website\",\"url\":\"https:\/\/temporada-alta.com\/en\/\",\"name\":\"Temporada Alta\",\"description\":\"Festival d&#039;Arts Esc\u00e8niques\",\"publisher\":{\"@id\":\"https:\/\/temporada-alta.com\/en\/#organization\"},\"potentialAction\":[{\"@type\":\"SearchAction\",\"target\":{\"@type\":\"EntryPoint\",\"urlTemplate\":\"https:\/\/temporada-alta.com\/en\/?s={search_term_string}\"},\"query-input\":{\"@type\":\"PropertyValueSpecification\",\"valueRequired\":true,\"valueName\":\"search_term_string\"}}],\"inLanguage\":\"en-US\"},{\"@type\":\"Organization\",\"@id\":\"https:\/\/temporada-alta.com\/en\/#organization\",\"name\":\"Temporada Alta\",\"url\":\"https:\/\/temporada-alta.com\/en\/\",\"logo\":{\"@type\":\"ImageObject\",\"inLanguage\":\"en-US\",\"@id\":\"https:\/\/temporada-alta.com\/en\/#\/schema\/logo\/image\/\",\"url\":\"https:\/\/temporada-alta.com\/wp-content\/uploads\/TA21-Logotip-pos.png\",\"contentUrl\":\"https:\/\/temporada-alta.com\/wp-content\/uploads\/TA21-Logotip-pos.png\",\"width\":800,\"height\":267,\"caption\":\"Temporada Alta\"},\"image\":{\"@id\":\"https:\/\/temporada-alta.com\/en\/#\/schema\/logo\/image\/\"}}]}<\/script>\n<!-- \/ Yoast SEO plugin. -->","yoast_head_json":{"title":"Un tal C\u00e8sar - Temporada Alta","description":"'Un tal C\u00e9sar' by Marcel Tom\u00e0s arrives at Temporada Alta 2025. Check all the information about 'Un tal C\u00e9sar' here. Tickets now on sale.","robots":{"index":"index","follow":"follow","max-snippet":"max-snippet:-1","max-image-preview":"max-image-preview:large","max-video-preview":"max-video-preview:-1"},"canonical":"https:\/\/temporada-alta.com\/en\/shows\/un-tal-cesar\/","og_locale":"en_US","og_type":"article","og_title":"Un tal C\u00e8sar - Temporada Alta","og_description":"'Un tal C\u00e9sar' by Marcel Tom\u00e0s arrives at Temporada Alta 2025. Check all the information about 'Un tal C\u00e9sar' here. Tickets now on sale.","og_url":"https:\/\/temporada-alta.com\/en\/shows\/un-tal-cesar\/","og_site_name":"Temporada Alta","article_modified_time":"2025-11-04T11:32:35+00:00","og_image":[{"width":1920,"height":1080,"url":"https:\/\/temporada-alta.com\/wp-content\/uploads\/untalcesar.jpg","type":"image\/jpeg"}],"twitter_card":"summary_large_image","schema":{"@context":"https:\/\/schema.org","@graph":[{"@type":"WebPage","@id":"https:\/\/temporada-alta.com\/en\/shows\/un-tal-cesar\/","url":"https:\/\/temporada-alta.com\/en\/shows\/un-tal-cesar\/","name":"Un tal C\u00e8sar - Temporada Alta","isPartOf":{"@id":"https:\/\/temporada-alta.com\/en\/#website"},"primaryImageOfPage":{"@id":"https:\/\/temporada-alta.com\/en\/shows\/un-tal-cesar\/#primaryimage"},"image":{"@id":"https:\/\/temporada-alta.com\/en\/shows\/un-tal-cesar\/#primaryimage"},"thumbnailUrl":"https:\/\/temporada-alta.com\/wp-content\/uploads\/untalcesar.jpg","datePublished":"2025-08-28T09:26:02+00:00","dateModified":"2025-11-04T11:32:35+00:00","description":"'Un tal C\u00e9sar' by Marcel Tom\u00e0s arrives at Temporada Alta 2025. Check all the information about 'Un tal C\u00e9sar' here. Tickets now on sale.","breadcrumb":{"@id":"https:\/\/temporada-alta.com\/en\/shows\/un-tal-cesar\/#breadcrumb"},"inLanguage":"en-US","potentialAction":[{"@type":"ReadAction","target":["https:\/\/temporada-alta.com\/en\/shows\/un-tal-cesar\/"]}]},{"@type":"ImageObject","inLanguage":"en-US","@id":"https:\/\/temporada-alta.com\/en\/shows\/un-tal-cesar\/#primaryimage","url":"https:\/\/temporada-alta.com\/wp-content\/uploads\/untalcesar.jpg","contentUrl":"https:\/\/temporada-alta.com\/wp-content\/uploads\/untalcesar.jpg","width":1920,"height":1080,"caption":"\u00a9 Quim Bahi"},{"@type":"BreadcrumbList","@id":"https:\/\/temporada-alta.com\/en\/shows\/un-tal-cesar\/#breadcrumb","itemListElement":[{"@type":"ListItem","position":1,"name":"Inici","item":"https:\/\/temporada-alta.com\/en\/"},{"@type":"ListItem","position":2,"name":"Events","item":"https:\/\/temporada-alta.com\/en\/shows\/"},{"@type":"ListItem","position":3,"name":"Un tal C\u00e8sar"}]},{"@type":"WebSite","@id":"https:\/\/temporada-alta.com\/en\/#website","url":"https:\/\/temporada-alta.com\/en\/","name":"Temporada Alta","description":"Festival d&#039;Arts Esc\u00e8niques","publisher":{"@id":"https:\/\/temporada-alta.com\/en\/#organization"},"potentialAction":[{"@type":"SearchAction","target":{"@type":"EntryPoint","urlTemplate":"https:\/\/temporada-alta.com\/en\/?s={search_term_string}"},"query-input":{"@type":"PropertyValueSpecification","valueRequired":true,"valueName":"search_term_string"}}],"inLanguage":"en-US"},{"@type":"Organization","@id":"https:\/\/temporada-alta.com\/en\/#organization","name":"Temporada Alta","url":"https:\/\/temporada-alta.com\/en\/","logo":{"@type":"ImageObject","inLanguage":"en-US","@id":"https:\/\/temporada-alta.com\/en\/#\/schema\/logo\/image\/","url":"https:\/\/temporada-alta.com\/wp-content\/uploads\/TA21-Logotip-pos.png","contentUrl":"https:\/\/temporada-alta.com\/wp-content\/uploads\/TA21-Logotip-pos.png","width":800,"height":267,"caption":"Temporada Alta"},"image":{"@id":"https:\/\/temporada-alta.com\/en\/#\/schema\/logo\/image\/"}}]}},"_links":{"self":[{"href":"https:\/\/temporada-alta.com\/en\/wp-json\/wp\/v2\/ta_events\/102854","targetHints":{"allow":["GET"]}}],"collection":[{"href":"https:\/\/temporada-alta.com\/en\/wp-json\/wp\/v2\/ta_events"}],"about":[{"href":"https:\/\/temporada-alta.com\/en\/wp-json\/wp\/v2\/types\/ta_events"}],"wp:featuredmedia":[{"embeddable":true,"href":"https:\/\/temporada-alta.com\/en\/wp-json\/wp\/v2\/media\/103630"}],"wp:attachment":[{"href":"https:\/\/temporada-alta.com\/en\/wp-json\/wp\/v2\/media?parent=102854"}],"wp:term":[{"taxonomy":"ta_generes","embeddable":true,"href":"https:\/\/temporada-alta.com\/en\/wp-json\/wp\/v2\/ta_generes?post=102854"},{"taxonomy":"ta_edicio","embeddable":true,"href":"https:\/\/temporada-alta.com\/en\/wp-json\/wp\/v2\/ta_edicio?post=102854"},{"taxonomy":"ta_microtags","embeddable":true,"href":"https:\/\/temporada-alta.com\/en\/wp-json\/wp\/v2\/ta_microtags?post=102854"},{"taxonomy":"ta_tags_creatius","embeddable":true,"href":"https:\/\/temporada-alta.com\/en\/wp-json\/wp\/v2\/ta_tags_creatius?post=102854"},{"taxonomy":"ta_tags_internes","embeddable":true,"href":"https:\/\/temporada-alta.com\/en\/wp-json\/wp\/v2\/ta_tags_internes?post=102854"},{"taxonomy":"ta_stickers","embeddable":true,"href":"https:\/\/temporada-alta.com\/en\/wp-json\/wp\/v2\/ta_stickers?post=102854"},{"taxonomy":"ta_formats","embeddable":true,"href":"https:\/\/temporada-alta.com\/en\/wp-json\/wp\/v2\/ta_formats?post=102854"}],"curies":[{"name":"wp","href":"https:\/\/api.w.org\/{rel}","templated":true}]}}

Un tal Cèsar

<!-- This site is optimized with the Yoast SEO plugin v27.0 - https://yoast.com/product/yoast-seo-wordpress/ -->
<title>Un tal Cèsar - Temporada Alta</title>
<meta name="description" content="&#039;Un tal César&#039; by Marcel Tomàs arrives at Temporada Alta 2025. Check all the information about &#039;Un tal César&#039; here. Tickets now on sale." />
<meta name="robots" content="index, follow, max-snippet:-1, max-image-preview:large, max-video-preview:-1" />
<link rel="canonical" href="https://temporada-alta.com/en/shows/un-tal-cesar/" />
<meta property="og:locale" content="en_US" />
<meta property="og:type" content="article" />
<meta property="og:title" content="Un tal Cèsar - Temporada Alta" />
<meta property="og:description" content="&#039;Un tal César&#039; by Marcel Tomàs arrives at Temporada Alta 2025. Check all the information about &#039;Un tal César&#039; here. Tickets now on sale." />
<meta property="og:url" content="https://temporada-alta.com/en/shows/un-tal-cesar/" />
<meta property="og:site_name" content="Temporada Alta" />
<meta property="article:modified_time" content="2025-11-04T11:32:35+00:00" />
<meta property="og:image" content="https://temporada-alta.com/wp-content/uploads/untalcesar.jpg" />
	<meta property="og:image:width" content="1920" />
	<meta property="og:image:height" content="1080" />
	<meta property="og:image:type" content="image/jpeg" />
<meta name="twitter:card" content="summary_large_image" />
<script type="application/ld+json" class="yoast-schema-graph">{"@context":"https://schema.org","@graph":[{"@type":"WebPage","@id":"https://temporada-alta.com/en/shows/un-tal-cesar/","url":"https://temporada-alta.com/en/shows/un-tal-cesar/","name":"Un tal Cèsar - Temporada Alta","isPartOf":{"@id":"https://temporada-alta.com/en/#website"},"primaryImageOfPage":{"@id":"https://temporada-alta.com/en/shows/un-tal-cesar/#primaryimage"},"image":{"@id":"https://temporada-alta.com/en/shows/un-tal-cesar/#primaryimage"},"thumbnailUrl":"https://temporada-alta.com/wp-content/uploads/untalcesar.jpg","datePublished":"2025-08-28T09:26:02+00:00","dateModified":"2025-11-04T11:32:35+00:00","description":"'Un tal César' by Marcel Tomàs arrives at Temporada Alta 2025. Check all the information about 'Un tal César' here. Tickets now on sale.","breadcrumb":{"@id":"https://temporada-alta.com/en/shows/un-tal-cesar/#breadcrumb"},"inLanguage":"en-US","potentialAction":[{"@type":"ReadAction","target":["https://temporada-alta.com/en/shows/un-tal-cesar/"]}]},{"@type":"ImageObject","inLanguage":"en-US","@id":"https://temporada-alta.com/en/shows/un-tal-cesar/#primaryimage","url":"https://temporada-alta.com/wp-content/uploads/untalcesar.jpg","contentUrl":"https://temporada-alta.com/wp-content/uploads/untalcesar.jpg","width":1920,"height":1080,"caption":"© Quim Bahi"},{"@type":"BreadcrumbList","@id":"https://temporada-alta.com/en/shows/un-tal-cesar/#breadcrumb","itemListElement":[{"@type":"ListItem","position":1,"name":"Inici","item":"https://temporada-alta.com/en/"},{"@type":"ListItem","position":2,"name":"Events","item":"https://temporada-alta.com/en/shows/"},{"@type":"ListItem","position":3,"name":"Un tal Cèsar"}]},{"@type":"WebSite","@id":"https://temporada-alta.com/en/#website","url":"https://temporada-alta.com/en/","name":"Temporada Alta","description":"Festival d&#039;Arts Escèniques","publisher":{"@id":"https://temporada-alta.com/en/#organization"},"potentialAction":[{"@type":"SearchAction","target":{"@type":"EntryPoint","urlTemplate":"https://temporada-alta.com/en/?s={search_term_string}"},"query-input":{"@type":"PropertyValueSpecification","valueRequired":true,"valueName":"search_term_string"}}],"inLanguage":"en-US"},{"@type":"Organization","@id":"https://temporada-alta.com/en/#organization","name":"Temporada Alta","url":"https://temporada-alta.com/en/","logo":{"@type":"ImageObject","inLanguage":"en-US","@id":"https://temporada-alta.com/en/#/schema/logo/image/","url":"https://temporada-alta.com/wp-content/uploads/TA21-Logotip-pos.png","contentUrl":"https://temporada-alta.com/wp-content/uploads/TA21-Logotip-pos.png","width":800,"height":267,"caption":"Temporada Alta"},"image":{"@id":"https://temporada-alta.com/en/#/schema/logo/image/"}}]}</script>
<!-- / Yoast SEO plugin. -->

Un tal Cèsar - Temporada Alta

'Un tal César' by Marcel Tomàs arrives at Temporada Alta 2025. Check all the information about 'Un tal César' here. Tickets now on sale.

Festival d&#039;Arts Escèniques
