{"id":98458,"date":"2024-11-18T09:54:09","date_gmt":"2024-11-18T08:54:09","guid":{"rendered":"https:\/\/temporada-alta.com\/?page_id=98458"},"modified":"2025-02-24T15:55:42","modified_gmt":"2025-02-24T14:55:42","slug":"2005-edition","status":"publish","type":"page","link":"https:\/\/temporada-alta.com\/en\/2005-edition\/","title":{"rendered":"2005 Edition"},"content":{"rendered":"<div id=\"modal-ready\">\n<h3 class=\"wp-block-heading\"><strong>The embryo of a festival<\/strong><\/h3>\n\n\n\n<p>We began our life with Bit\u00f2 Produccions and as programming for the beginning of the season. From the outset we received financial support from Girona City Council. In the first year we performed \u201c4 highly entertaining shows\u201d at the La Merc\u00e8 Cultural Centre in Girona and we created the Patronage Club, an initiative which has ultimately become one of the cornerstones of the Festival and has been adopted by other cultural events and proposals.<\/p>\n\n\n\n<p>Shows:<strong>&nbsp;66<\/strong><br>Co-productions: <strong>20<\/strong><br>Premi\u00e8res:<strong>&nbsp;39<\/strong><br>Spectators: <strong>26.352&nbsp;<\/strong>(total) \/&nbsp;<strong>90,13%<\/strong>&nbsp;(tickets sold)<br>Halles: <strong>5<\/strong> (+ cinema)<br>Budget: <strong>952.368,83&nbsp;<\/strong>\u20ac<\/p>\n\n\n\n<div class=\"wp-block-columns are-vertically-aligned-center is-layout-flex wp-container-core-columns-is-layout-28f84493 wp-block-columns-is-layout-flex\">\n<div class=\"wp-block-column is-vertically-aligned-center is-layout-flow wp-block-column-is-layout-flow\">\n<figure class=\"wp-block-image aligncenter size-full is-resized\"><img loading=\"lazy\" decoding=\"async\" width=\"640\" height=\"892\" src=\"https:\/\/temporada-alta.com\/wp-content\/uploads\/CartellTA05.jpg\" alt=\"\" class=\"wp-image-34472\" style=\"width:423px;height:auto\" srcset=\"https:\/\/temporada-alta.com\/wp-content\/uploads\/CartellTA05.jpg 640w, https:\/\/temporada-alta.com\/wp-content\/uploads\/CartellTA05-215x300.jpg 215w\" sizes=\"auto, (max-width: 640px) 100vw, 640px\" \/><\/figure>\n<\/div>\n\n\n\n<div class=\"wp-block-column is-vertically-aligned-center is-layout-flow wp-block-column-is-layout-flow\">\n<h2 class=\"wp-block-heading\" style=\"margin-top:0;margin-bottom:0;padding-top:0;padding-bottom:0\"><span style=\"font-size: 2.14286rem; text-transform: inherit;\"><strong>Poster\u00a02005, Toni Llena<\/strong><\/span><\/h2>\n\n\n\n<p style=\"margin-top:0;margin-bottom:0;padding-top:0;padding-bottom:0\">Antoni Llena\u2019s theoretical, plastic and dynamic trajectory is one of the most interesting and difficult to classify on the contemporary Catalan scene. He started working with conceptual art at the beginning of the sixties \u2013 he was one of the pioneers in Catalonia together with \u00c0ngel Jov\u00e9 and S\u00edlvia Gubern \u2013 and he was often linked to arte povera because of his predilection for ephimeral materials \u2013 talcum powder, chalk, paper, etc. Where his friend Antoni T\u00e0pies explored the limits of material, Llena tended towards the notion of nothingness. At the beginning of the 80s he went back to painting with his famous pictures using cut-up pieces of monochromatic paper. In the 90s he started on large series, in which he continued to work on the idea of painting with humble materials \u2013 stones, sellotape, cardboard, etc. Despite his quiet and modest ideas, his public work, to be seen in different places in Barcelona, combines highly spectacular large-scale creations with the emotion and sensation of fragility that pervades all his work. He is also a teacher, an essay writer on art and feature writer (a good example of his reflections can be found in the book La gana de l\u2019artista (The artist\u2019s hunger).<\/p>\n\n\n\n<p style=\"margin-top:0;margin-bottom:0;padding-top:0;padding-bottom:0\"><strong>Pere Parramon<\/strong><\/p>\n<\/div>\n<\/div>\n\n\n\n<p>The photograph is by<strong> Antoni Bernad (<\/strong>Barcelona, 1944), an internationally renowned fashion photographer. He started off doing drawings in advertising agencies and soon he turned to photography, in which he has been well known for his portraits.<\/p>\n\n\n\n<p><a href=\"https:\/\/drive.google.com\/file\/d\/1gYgn851lfOPJZHiBiSFiHIyk0mx6rg7l\/view?usp=sharing\">Download poster<\/a><br><\/p>\n<\/div>","protected":false},"excerpt":{"rendered":"<p>The embryo of a festival We began our life with Bit\u00f2 Produccions and as programming for the beginning&#8230;<\/p>\n","protected":false},"author":35132,"featured_media":0,"parent":0,"menu_order":0,"comment_status":"closed","ping_status":"closed","template":"","meta":{"_acf_changed":false,"footnotes":""},"class_list":["post-98458","page","type-page","status-publish","hentry"],"acf":[],"yoast_head":"<!-- This site is optimized with the Yoast SEO plugin v27.0 - https:\/\/yoast.com\/product\/yoast-seo-wordpress\/ -->\n<title>2005 Edition - Temporada Alta<\/title>\n<meta name=\"robots\" content=\"index, follow, max-snippet:-1, max-image-preview:large, max-video-preview:-1\" \/>\n<link rel=\"canonical\" href=\"https:\/\/temporada-alta.com\/en\/2005-edition\/\" \/>\n<meta property=\"og:locale\" content=\"en_US\" \/>\n<meta property=\"og:type\" content=\"article\" \/>\n<meta property=\"og:title\" content=\"2005 Edition - Temporada Alta\" \/>\n<meta property=\"og:description\" content=\"The embryo of a festival We began our life with Bit\u00f2 Produccions and as programming for the beginning...\" \/>\n<meta property=\"og:url\" content=\"https:\/\/temporada-alta.com\/en\/2005-edition\/\" \/>\n<meta property=\"og:site_name\" content=\"Temporada Alta\" \/>\n<meta property=\"article:modified_time\" content=\"2025-02-24T14:55:42+00:00\" \/>\n<meta property=\"og:image\" content=\"https:\/\/temporada-alta.com\/wp-content\/uploads\/CartellTA05.jpg\" \/>\n\t<meta property=\"og:image:width\" content=\"640\" \/>\n\t<meta property=\"og:image:height\" content=\"892\" \/>\n\t<meta property=\"og:image:type\" content=\"image\/jpeg\" \/>\n<meta name=\"twitter:card\" content=\"summary_large_image\" \/>\n<script type=\"application\/ld+json\" class=\"yoast-schema-graph\">{\"@context\":\"https:\/\/schema.org\",\"@graph\":[{\"@type\":\"WebPage\",\"@id\":\"https:\/\/temporada-alta.com\/en\/2005-edition\/\",\"url\":\"https:\/\/temporada-alta.com\/en\/2005-edition\/\",\"name\":\"2005 Edition - Temporada Alta\",\"isPartOf\":{\"@id\":\"https:\/\/temporada-alta.com\/en\/#website\"},\"primaryImageOfPage\":{\"@id\":\"https:\/\/temporada-alta.com\/en\/2005-edition\/#primaryimage\"},\"image\":{\"@id\":\"https:\/\/temporada-alta.com\/en\/2005-edition\/#primaryimage\"},\"thumbnailUrl\":\"https:\/\/temporada-alta.com\/wp-content\/uploads\/CartellTA05.jpg\",\"datePublished\":\"2024-11-18T08:54:09+00:00\",\"dateModified\":\"2025-02-24T14:55:42+00:00\",\"breadcrumb\":{\"@id\":\"https:\/\/temporada-alta.com\/en\/2005-edition\/#breadcrumb\"},\"inLanguage\":\"en-US\",\"potentialAction\":[{\"@type\":\"ReadAction\",\"target\":[\"https:\/\/temporada-alta.com\/en\/2005-edition\/\"]}]},{\"@type\":\"ImageObject\",\"inLanguage\":\"en-US\",\"@id\":\"https:\/\/temporada-alta.com\/en\/2005-edition\/#primaryimage\",\"url\":\"https:\/\/temporada-alta.com\/wp-content\/uploads\/CartellTA05.jpg\",\"contentUrl\":\"https:\/\/temporada-alta.com\/wp-content\/uploads\/CartellTA05.jpg\"},{\"@type\":\"BreadcrumbList\",\"@id\":\"https:\/\/temporada-alta.com\/en\/2005-edition\/#breadcrumb\",\"itemListElement\":[{\"@type\":\"ListItem\",\"position\":1,\"name\":\"Inici\",\"item\":\"https:\/\/temporada-alta.com\/en\/\"},{\"@type\":\"ListItem\",\"position\":2,\"name\":\"2005 Edition\"}]},{\"@type\":\"WebSite\",\"@id\":\"https:\/\/temporada-alta.com\/en\/#website\",\"url\":\"https:\/\/temporada-alta.com\/en\/\",\"name\":\"Temporada Alta\",\"description\":\"Festival d&#039;Arts Esc\u00e8niques\",\"publisher\":{\"@id\":\"https:\/\/temporada-alta.com\/en\/#organization\"},\"potentialAction\":[{\"@type\":\"SearchAction\",\"target\":{\"@type\":\"EntryPoint\",\"urlTemplate\":\"https:\/\/temporada-alta.com\/en\/?s={search_term_string}\"},\"query-input\":{\"@type\":\"PropertyValueSpecification\",\"valueRequired\":true,\"valueName\":\"search_term_string\"}}],\"inLanguage\":\"en-US\"},{\"@type\":\"Organization\",\"@id\":\"https:\/\/temporada-alta.com\/en\/#organization\",\"name\":\"Temporada Alta\",\"url\":\"https:\/\/temporada-alta.com\/en\/\",\"logo\":{\"@type\":\"ImageObject\",\"inLanguage\":\"en-US\",\"@id\":\"https:\/\/temporada-alta.com\/en\/#\/schema\/logo\/image\/\",\"url\":\"https:\/\/temporada-alta.com\/wp-content\/uploads\/TA21-Logotip-pos.png\",\"contentUrl\":\"https:\/\/temporada-alta.com\/wp-content\/uploads\/TA21-Logotip-pos.png\",\"width\":800,\"height\":267,\"caption\":\"Temporada Alta\"},\"image\":{\"@id\":\"https:\/\/temporada-alta.com\/en\/#\/schema\/logo\/image\/\"}}]}<\/script>\n<!-- \/ Yoast SEO plugin. -->","yoast_head_json":{"title":"2005 Edition - Temporada Alta","robots":{"index":"index","follow":"follow","max-snippet":"max-snippet:-1","max-image-preview":"max-image-preview:large","max-video-preview":"max-video-preview:-1"},"canonical":"https:\/\/temporada-alta.com\/en\/2005-edition\/","og_locale":"en_US","og_type":"article","og_title":"2005 Edition - Temporada Alta","og_description":"The embryo of a festival We began our life with Bit\u00f2 Produccions and as programming for the beginning...","og_url":"https:\/\/temporada-alta.com\/en\/2005-edition\/","og_site_name":"Temporada Alta","article_modified_time":"2025-02-24T14:55:42+00:00","og_image":[{"width":640,"height":892,"url":"https:\/\/temporada-alta.com\/wp-content\/uploads\/CartellTA05.jpg","type":"image\/jpeg"}],"twitter_card":"summary_large_image","schema":{"@context":"https:\/\/schema.org","@graph":[{"@type":"WebPage","@id":"https:\/\/temporada-alta.com\/en\/2005-edition\/","url":"https:\/\/temporada-alta.com\/en\/2005-edition\/","name":"2005 Edition - Temporada Alta","isPartOf":{"@id":"https:\/\/temporada-alta.com\/en\/#website"},"primaryImageOfPage":{"@id":"https:\/\/temporada-alta.com\/en\/2005-edition\/#primaryimage"},"image":{"@id":"https:\/\/temporada-alta.com\/en\/2005-edition\/#primaryimage"},"thumbnailUrl":"https:\/\/temporada-alta.com\/wp-content\/uploads\/CartellTA05.jpg","datePublished":"2024-11-18T08:54:09+00:00","dateModified":"2025-02-24T14:55:42+00:00","breadcrumb":{"@id":"https:\/\/temporada-alta.com\/en\/2005-edition\/#breadcrumb"},"inLanguage":"en-US","potentialAction":[{"@type":"ReadAction","target":["https:\/\/temporada-alta.com\/en\/2005-edition\/"]}]},{"@type":"ImageObject","inLanguage":"en-US","@id":"https:\/\/temporada-alta.com\/en\/2005-edition\/#primaryimage","url":"https:\/\/temporada-alta.com\/wp-content\/uploads\/CartellTA05.jpg","contentUrl":"https:\/\/temporada-alta.com\/wp-content\/uploads\/CartellTA05.jpg"},{"@type":"BreadcrumbList","@id":"https:\/\/temporada-alta.com\/en\/2005-edition\/#breadcrumb","itemListElement":[{"@type":"ListItem","position":1,"name":"Inici","item":"https:\/\/temporada-alta.com\/en\/"},{"@type":"ListItem","position":2,"name":"2005 Edition"}]},{"@type":"WebSite","@id":"https:\/\/temporada-alta.com\/en\/#website","url":"https:\/\/temporada-alta.com\/en\/","name":"Temporada Alta","description":"Festival d&#039;Arts Esc\u00e8niques","publisher":{"@id":"https:\/\/temporada-alta.com\/en\/#organization"},"potentialAction":[{"@type":"SearchAction","target":{"@type":"EntryPoint","urlTemplate":"https:\/\/temporada-alta.com\/en\/?s={search_term_string}"},"query-input":{"@type":"PropertyValueSpecification","valueRequired":true,"valueName":"search_term_string"}}],"inLanguage":"en-US"},{"@type":"Organization","@id":"https:\/\/temporada-alta.com\/en\/#organization","name":"Temporada Alta","url":"https:\/\/temporada-alta.com\/en\/","logo":{"@type":"ImageObject","inLanguage":"en-US","@id":"https:\/\/temporada-alta.com\/en\/#\/schema\/logo\/image\/","url":"https:\/\/temporada-alta.com\/wp-content\/uploads\/TA21-Logotip-pos.png","contentUrl":"https:\/\/temporada-alta.com\/wp-content\/uploads\/TA21-Logotip-pos.png","width":800,"height":267,"caption":"Temporada Alta"},"image":{"@id":"https:\/\/temporada-alta.com\/en\/#\/schema\/logo\/image\/"}}]}},"_links":{"self":[{"href":"https:\/\/temporada-alta.com\/en\/wp-json\/wp\/v2\/pages\/98458","targetHints":{"allow":["GET"]}}],"collection":[{"href":"https:\/\/temporada-alta.com\/en\/wp-json\/wp\/v2\/pages"}],"about":[{"href":"https:\/\/temporada-alta.com\/en\/wp-json\/wp\/v2\/types\/page"}],"author":[{"embeddable":true,"href":"https:\/\/temporada-alta.com\/en\/wp-json\/wp\/v2\/users\/35132"}],"replies":[{"embeddable":true,"href":"https:\/\/temporada-alta.com\/en\/wp-json\/wp\/v2\/comments?post=98458"}],"version-history":[{"count":1,"href":"https:\/\/temporada-alta.com\/en\/wp-json\/wp\/v2\/pages\/98458\/revisions"}],"predecessor-version":[{"id":98459,"href":"https:\/\/temporada-alta.com\/en\/wp-json\/wp\/v2\/pages\/98458\/revisions\/98459"}],"wp:attachment":[{"href":"https:\/\/temporada-alta.com\/en\/wp-json\/wp\/v2\/media?parent=98458"}],"curies":[{"name":"wp","href":"https:\/\/api.w.org\/{rel}","templated":true}]}}

<div id="modal-ready">
<h3 class="wp-block-heading"><strong>The embryo of a festival</strong></h3>



<p>We began our life with Bitò Produccions and as programming for the beginning of the season. From the outset we received financial support from Girona City Council. In the first year we performed “4 highly entertaining shows” at the La Mercè Cultural Centre in Girona and we created the Patronage Club, an initiative which has ultimately become one of the cornerstones of the Festival and has been adopted by other cultural events and proposals.</p>



<p>Shows:<strong>&nbsp;66</strong><br>Co-productions: <strong>20</strong><br>Premières:<strong>&nbsp;39</strong><br>Spectators: <strong>26.352&nbsp;</strong>(total) /&nbsp;<strong>90,13%</strong>&nbsp;(tickets sold)<br>Halles: <strong>5</strong> (+ cinema)<br>Budget: <strong>952.368,83&nbsp;</strong>€</p>



<div class="wp-block-columns are-vertically-aligned-center is-layout-flex wp-container-core-columns-is-layout-28f84493 wp-block-columns-is-layout-flex">
<div class="wp-block-column is-vertically-aligned-center is-layout-flow wp-block-column-is-layout-flow">
<figure class="wp-block-image aligncenter size-full is-resized"><img loading="lazy" decoding="async" width="640" height="892" src="https://temporada-alta.com/wp-content/uploads/CartellTA05.jpg" alt="" class="wp-image-34472" style="width:423px;height:auto" srcset="https://temporada-alta.com/wp-content/uploads/CartellTA05.jpg 640w, https://temporada-alta.com/wp-content/uploads/CartellTA05-215x300.jpg 215w" sizes="auto, (max-width: 640px) 100vw, 640px" /></figure>
</div>



<div class="wp-block-column is-vertically-aligned-center is-layout-flow wp-block-column-is-layout-flow">
<h2 class="wp-block-heading" style="margin-top:0;margin-bottom:0;padding-top:0;padding-bottom:0"><span style="font-size: 2.14286rem; text-transform: inherit;"><strong>Poster 2005, Toni Llena</strong></span></h2>



<p style="margin-top:0;margin-bottom:0;padding-top:0;padding-bottom:0">Antoni Llena’s theoretical, plastic and dynamic trajectory is one of the most interesting and difficult to classify on the contemporary Catalan scene. He started working with conceptual art at the beginning of the sixties – he was one of the pioneers in Catalonia together with Àngel Jové and Sílvia Gubern – and he was often linked to arte povera because of his predilection for ephimeral materials – talcum powder, chalk, paper, etc. Where his friend Antoni Tàpies explored the limits of material, Llena tended towards the notion of nothingness. At the beginning of the 80s he went back to painting with his famous pictures using cut-up pieces of monochromatic paper. In the 90s he started on large series, in which he continued to work on the idea of painting with humble materials – stones, sellotape, cardboard, etc. Despite his quiet and modest ideas, his public work, to be seen in different places in Barcelona, combines highly spectacular large-scale creations with the emotion and sensation of fragility that pervades all his work. He is also a teacher, an essay writer on art and feature writer (a good example of his reflections can be found in the book La gana de l’artista (The artist’s hunger).</p>



<p style="margin-top:0;margin-bottom:0;padding-top:0;padding-bottom:0"><strong>Pere Parramon</strong></p>
</div>
</div>



<p>The photograph is by<strong> Antoni Bernad (</strong>Barcelona, 1944), an internationally renowned fashion photographer. He started off doing drawings in advertising agencies and soon he turned to photography, in which he has been well known for his portraits.</p>



<p><a href="https://drive.google.com/file/d/1gYgn851lfOPJZHiBiSFiHIyk0mx6rg7l/view?usp=sharing">Download poster</a><br></p>
</div>

<p>The embryo of a festival We began our life with Bitò Produccions and as programming for the beginning&#8230;</p>

<!-- This site is optimized with the Yoast SEO plugin v27.0 - https://yoast.com/product/yoast-seo-wordpress/ -->
<title>2005 Edition - Temporada Alta</title>
<meta name="robots" content="index, follow, max-snippet:-1, max-image-preview:large, max-video-preview:-1" />
<link rel="canonical" href="https://temporada-alta.com/en/2005-edition/" />
<meta property="og:locale" content="en_US" />
<meta property="og:type" content="article" />
<meta property="og:title" content="2005 Edition - Temporada Alta" />
<meta property="og:description" content="The embryo of a festival We began our life with Bitò Produccions and as programming for the beginning..." />
<meta property="og:url" content="https://temporada-alta.com/en/2005-edition/" />
<meta property="og:site_name" content="Temporada Alta" />
<meta property="article:modified_time" content="2025-02-24T14:55:42+00:00" />
<meta property="og:image" content="https://temporada-alta.com/wp-content/uploads/CartellTA05.jpg" />
	<meta property="og:image:width" content="640" />
	<meta property="og:image:height" content="892" />
	<meta property="og:image:type" content="image/jpeg" />
<meta name="twitter:card" content="summary_large_image" />
<script type="application/ld+json" class="yoast-schema-graph">{"@context":"https://schema.org","@graph":[{"@type":"WebPage","@id":"https://temporada-alta.com/en/2005-edition/","url":"https://temporada-alta.com/en/2005-edition/","name":"2005 Edition - Temporada Alta","isPartOf":{"@id":"https://temporada-alta.com/en/#website"},"primaryImageOfPage":{"@id":"https://temporada-alta.com/en/2005-edition/#primaryimage"},"image":{"@id":"https://temporada-alta.com/en/2005-edition/#primaryimage"},"thumbnailUrl":"https://temporada-alta.com/wp-content/uploads/CartellTA05.jpg","datePublished":"2024-11-18T08:54:09+00:00","dateModified":"2025-02-24T14:55:42+00:00","breadcrumb":{"@id":"https://temporada-alta.com/en/2005-edition/#breadcrumb"},"inLanguage":"en-US","potentialAction":[{"@type":"ReadAction","target":["https://temporada-alta.com/en/2005-edition/"]}]},{"@type":"ImageObject","inLanguage":"en-US","@id":"https://temporada-alta.com/en/2005-edition/#primaryimage","url":"https://temporada-alta.com/wp-content/uploads/CartellTA05.jpg","contentUrl":"https://temporada-alta.com/wp-content/uploads/CartellTA05.jpg"},{"@type":"BreadcrumbList","@id":"https://temporada-alta.com/en/2005-edition/#breadcrumb","itemListElement":[{"@type":"ListItem","position":1,"name":"Inici","item":"https://temporada-alta.com/en/"},{"@type":"ListItem","position":2,"name":"2005 Edition"}]},{"@type":"WebSite","@id":"https://temporada-alta.com/en/#website","url":"https://temporada-alta.com/en/","name":"Temporada Alta","description":"Festival d&#039;Arts Escèniques","publisher":{"@id":"https://temporada-alta.com/en/#organization"},"potentialAction":[{"@type":"SearchAction","target":{"@type":"EntryPoint","urlTemplate":"https://temporada-alta.com/en/?s={search_term_string}"},"query-input":{"@type":"PropertyValueSpecification","valueRequired":true,"valueName":"search_term_string"}}],"inLanguage":"en-US"},{"@type":"Organization","@id":"https://temporada-alta.com/en/#organization","name":"Temporada Alta","url":"https://temporada-alta.com/en/","logo":{"@type":"ImageObject","inLanguage":"en-US","@id":"https://temporada-alta.com/en/#/schema/logo/image/","url":"https://temporada-alta.com/wp-content/uploads/TA21-Logotip-pos.png","contentUrl":"https://temporada-alta.com/wp-content/uploads/TA21-Logotip-pos.png","width":800,"height":267,"caption":"Temporada Alta"},"image":{"@id":"https://temporada-alta.com/en/#/schema/logo/image/"}}]}</script>
<!-- / Yoast SEO plugin. -->

The embryo of a festival We began our life with Bitò Produccions and as programming for the beginning...

Festival d&#039;Arts Escèniques
