{"id":98446,"date":"2024-11-18T09:35:43","date_gmt":"2024-11-18T08:35:43","guid":{"rendered":"https:\/\/temporada-alta.com\/?page_id=98446"},"modified":"2025-02-24T15:48:29","modified_gmt":"2025-02-24T14:48:29","slug":"2006-edition","status":"publish","type":"page","link":"https:\/\/temporada-alta.com\/en\/2006-edition\/","title":{"rendered":"2006 Edition"},"content":{"rendered":"<div id=\"modal-ready\">\n<h3 class=\"wp-block-heading\"><strong>Temporada Alta, Autumn Festival of Catalonia<\/strong><\/h3>\n\n\n\n<p>We officially become the Autumn Festival of Catalonia. In the same year, the refurbished Girona Municipal Theatre is inaugurated with the show titled <em>La nit just abans dels boscos<\/em> by \u00c0lex Rigola, with a high-quality cast including Josep Maria Pou, Pere Arquillu\u00e9, Francesc Orella, Andreu Benito, Jordi Bosch and Llu\u00eds Homar.<\/p>\n\n\n\n<p>Shows:<strong>&nbsp;68<\/strong>&nbsp;<br>Co-productions: <strong>21<\/strong><br>Premi\u00e8res:<strong>&nbsp;42<\/strong><br>Spectators: <strong>32.425&nbsp;<\/strong>(total) \/ <strong>91,65%<\/strong>&nbsp;(tickets sold)<br>Halles: <strong>8<\/strong>&nbsp;(+ cinema)<br>Budget: <strong>1.427.239,45<\/strong>&nbsp;\u20ac<\/p>\n\n\n\n<div class=\"wp-block-columns are-vertically-aligned-center is-layout-flex wp-container-core-columns-is-layout-28f84493 wp-block-columns-is-layout-flex\">\n<div class=\"wp-block-column is-vertically-aligned-center is-layout-flow wp-block-column-is-layout-flow\">\n<figure class=\"wp-block-image size-full is-resized\"><img loading=\"lazy\" decoding=\"async\" width=\"600\" height=\"354\" src=\"https:\/\/temporada-alta.com\/wp-content\/uploads\/TA2006.jpg\" alt=\"\" class=\"wp-image-31548\" style=\"width:423px;height:auto\" srcset=\"https:\/\/temporada-alta.com\/wp-content\/uploads\/TA2006.jpg 600w, https:\/\/temporada-alta.com\/wp-content\/uploads\/TA2006-300x177.jpg 300w\" sizes=\"auto, (max-width: 600px) 100vw, 600px\" \/><\/figure>\n<\/div>\n\n\n\n<div class=\"wp-block-column is-vertically-aligned-center is-layout-flow wp-block-column-is-layout-flow\">\n<h2 class=\"wp-block-heading\" style=\"margin-top:0;margin-bottom:0;padding-top:0;padding-bottom:0\"><span style=\"font-size: 2.14286rem; text-transform: inherit;\"><strong>Poster 2006, Joan Fontcuberta<\/strong><\/span><\/h2>\n\n\n\n<p style=\"margin-top:0;margin-bottom:0;padding-top:0;padding-bottom:0\">Leonard Beard has developed artistically in Catalonia, living and working for the last fifteen years in Vilanant (Alt Empord\u00e0). Self-taught, he began to exhibit his work in Girona at the beginning of the 80s. Since 1985 (Centre C\u00edvic de Gr\u00e0cia) he has periodically exhibited work in Barcelona: Galeria Arteunida (1987), Sala Par\u00e8s (1991 and 1994), Galeria Trama (1995 and 1996) and Galeria Maria Jos\u00e9 Castellv\u00ed (2002), as well as in other places in Catalonia: Reus, Granollers, Girona and Figueres. He also exhibited work in the Commenoz Gallery (Miami, USA) in 1994 and 1995. He has taken part in collective exhibitions throughout Spain, Italy, Greece and Japan. He was taught the secrets of calcographic techniques (printing, serigraphy) by Joan Barbar\u00e0 in 1994. Today he also sends in drawings to El Peri\u00f3dico de Catalunya and illustrates texts by Joan Barril and David Trueba in the supplement EL Dominical.<\/p>\n\n\n\n<p style=\"margin-top:0;margin-bottom:0;padding-top:0;padding-bottom:0\"><\/p>\n<\/div>\n<\/div>\n\n\n\n<p><a href=\"https:\/\/drive.google.com\/file\/d\/1Bt0s0ixCfcp27Vy5_7QYT0ceT9c924p_\/view?usp=sharing\">Download poster<\/a><\/p>\n\n\n\n<p><\/p>\n<\/div>","protected":false},"excerpt":{"rendered":"<p>Temporada Alta, Autumn Festival of Catalonia We officially become the Autumn Festival of Catalonia. In the same year,&#8230;<\/p>\n","protected":false},"author":35132,"featured_media":0,"parent":0,"menu_order":0,"comment_status":"closed","ping_status":"closed","template":"","meta":{"_acf_changed":false,"footnotes":""},"class_list":["post-98446","page","type-page","status-publish","hentry"],"acf":[],"yoast_head":"<!-- This site is optimized with the Yoast SEO plugin v27.0 - https:\/\/yoast.com\/product\/yoast-seo-wordpress\/ -->\n<title>2006 Edition - Temporada Alta<\/title>\n<meta name=\"robots\" content=\"index, follow, max-snippet:-1, max-image-preview:large, max-video-preview:-1\" \/>\n<link rel=\"canonical\" href=\"https:\/\/temporada-alta.com\/en\/2006-edition\/\" \/>\n<meta property=\"og:locale\" content=\"en_US\" \/>\n<meta property=\"og:type\" content=\"article\" \/>\n<meta property=\"og:title\" content=\"2006 Edition - Temporada Alta\" \/>\n<meta property=\"og:description\" content=\"Temporada Alta, Autumn Festival of Catalonia We officially become the Autumn Festival of Catalonia. In the same year,...\" \/>\n<meta property=\"og:url\" content=\"https:\/\/temporada-alta.com\/en\/2006-edition\/\" \/>\n<meta property=\"og:site_name\" content=\"Temporada Alta\" \/>\n<meta property=\"article:modified_time\" content=\"2025-02-24T14:48:29+00:00\" \/>\n<meta property=\"og:image\" content=\"https:\/\/temporada-alta.com\/wp-content\/uploads\/TA2006.jpg\" \/>\n\t<meta property=\"og:image:width\" content=\"600\" \/>\n\t<meta property=\"og:image:height\" content=\"354\" \/>\n\t<meta property=\"og:image:type\" content=\"image\/jpeg\" \/>\n<meta name=\"twitter:card\" content=\"summary_large_image\" \/>\n<script type=\"application\/ld+json\" class=\"yoast-schema-graph\">{\"@context\":\"https:\/\/schema.org\",\"@graph\":[{\"@type\":\"WebPage\",\"@id\":\"https:\/\/temporada-alta.com\/en\/2006-edition\/\",\"url\":\"https:\/\/temporada-alta.com\/en\/2006-edition\/\",\"name\":\"2006 Edition - Temporada Alta\",\"isPartOf\":{\"@id\":\"https:\/\/temporada-alta.com\/en\/#website\"},\"primaryImageOfPage\":{\"@id\":\"https:\/\/temporada-alta.com\/en\/2006-edition\/#primaryimage\"},\"image\":{\"@id\":\"https:\/\/temporada-alta.com\/en\/2006-edition\/#primaryimage\"},\"thumbnailUrl\":\"https:\/\/temporada-alta.com\/wp-content\/uploads\/TA2006.jpg\",\"datePublished\":\"2024-11-18T08:35:43+00:00\",\"dateModified\":\"2025-02-24T14:48:29+00:00\",\"breadcrumb\":{\"@id\":\"https:\/\/temporada-alta.com\/en\/2006-edition\/#breadcrumb\"},\"inLanguage\":\"en-US\",\"potentialAction\":[{\"@type\":\"ReadAction\",\"target\":[\"https:\/\/temporada-alta.com\/en\/2006-edition\/\"]}]},{\"@type\":\"ImageObject\",\"inLanguage\":\"en-US\",\"@id\":\"https:\/\/temporada-alta.com\/en\/2006-edition\/#primaryimage\",\"url\":\"https:\/\/temporada-alta.com\/wp-content\/uploads\/TA2006.jpg\",\"contentUrl\":\"https:\/\/temporada-alta.com\/wp-content\/uploads\/TA2006.jpg\"},{\"@type\":\"BreadcrumbList\",\"@id\":\"https:\/\/temporada-alta.com\/en\/2006-edition\/#breadcrumb\",\"itemListElement\":[{\"@type\":\"ListItem\",\"position\":1,\"name\":\"Inici\",\"item\":\"https:\/\/temporada-alta.com\/en\/\"},{\"@type\":\"ListItem\",\"position\":2,\"name\":\"2006 Edition\"}]},{\"@type\":\"WebSite\",\"@id\":\"https:\/\/temporada-alta.com\/en\/#website\",\"url\":\"https:\/\/temporada-alta.com\/en\/\",\"name\":\"Temporada Alta\",\"description\":\"Festival d&#039;Arts Esc\u00e8niques\",\"publisher\":{\"@id\":\"https:\/\/temporada-alta.com\/en\/#organization\"},\"potentialAction\":[{\"@type\":\"SearchAction\",\"target\":{\"@type\":\"EntryPoint\",\"urlTemplate\":\"https:\/\/temporada-alta.com\/en\/?s={search_term_string}\"},\"query-input\":{\"@type\":\"PropertyValueSpecification\",\"valueRequired\":true,\"valueName\":\"search_term_string\"}}],\"inLanguage\":\"en-US\"},{\"@type\":\"Organization\",\"@id\":\"https:\/\/temporada-alta.com\/en\/#organization\",\"name\":\"Temporada Alta\",\"url\":\"https:\/\/temporada-alta.com\/en\/\",\"logo\":{\"@type\":\"ImageObject\",\"inLanguage\":\"en-US\",\"@id\":\"https:\/\/temporada-alta.com\/en\/#\/schema\/logo\/image\/\",\"url\":\"https:\/\/temporada-alta.com\/wp-content\/uploads\/TA21-Logotip-pos.png\",\"contentUrl\":\"https:\/\/temporada-alta.com\/wp-content\/uploads\/TA21-Logotip-pos.png\",\"width\":800,\"height\":267,\"caption\":\"Temporada Alta\"},\"image\":{\"@id\":\"https:\/\/temporada-alta.com\/en\/#\/schema\/logo\/image\/\"}}]}<\/script>\n<!-- \/ Yoast SEO plugin. -->","yoast_head_json":{"title":"2006 Edition - Temporada Alta","robots":{"index":"index","follow":"follow","max-snippet":"max-snippet:-1","max-image-preview":"max-image-preview:large","max-video-preview":"max-video-preview:-1"},"canonical":"https:\/\/temporada-alta.com\/en\/2006-edition\/","og_locale":"en_US","og_type":"article","og_title":"2006 Edition - Temporada Alta","og_description":"Temporada Alta, Autumn Festival of Catalonia We officially become the Autumn Festival of Catalonia. In the same year,...","og_url":"https:\/\/temporada-alta.com\/en\/2006-edition\/","og_site_name":"Temporada Alta","article_modified_time":"2025-02-24T14:48:29+00:00","og_image":[{"width":600,"height":354,"url":"https:\/\/temporada-alta.com\/wp-content\/uploads\/TA2006.jpg","type":"image\/jpeg"}],"twitter_card":"summary_large_image","schema":{"@context":"https:\/\/schema.org","@graph":[{"@type":"WebPage","@id":"https:\/\/temporada-alta.com\/en\/2006-edition\/","url":"https:\/\/temporada-alta.com\/en\/2006-edition\/","name":"2006 Edition - Temporada Alta","isPartOf":{"@id":"https:\/\/temporada-alta.com\/en\/#website"},"primaryImageOfPage":{"@id":"https:\/\/temporada-alta.com\/en\/2006-edition\/#primaryimage"},"image":{"@id":"https:\/\/temporada-alta.com\/en\/2006-edition\/#primaryimage"},"thumbnailUrl":"https:\/\/temporada-alta.com\/wp-content\/uploads\/TA2006.jpg","datePublished":"2024-11-18T08:35:43+00:00","dateModified":"2025-02-24T14:48:29+00:00","breadcrumb":{"@id":"https:\/\/temporada-alta.com\/en\/2006-edition\/#breadcrumb"},"inLanguage":"en-US","potentialAction":[{"@type":"ReadAction","target":["https:\/\/temporada-alta.com\/en\/2006-edition\/"]}]},{"@type":"ImageObject","inLanguage":"en-US","@id":"https:\/\/temporada-alta.com\/en\/2006-edition\/#primaryimage","url":"https:\/\/temporada-alta.com\/wp-content\/uploads\/TA2006.jpg","contentUrl":"https:\/\/temporada-alta.com\/wp-content\/uploads\/TA2006.jpg"},{"@type":"BreadcrumbList","@id":"https:\/\/temporada-alta.com\/en\/2006-edition\/#breadcrumb","itemListElement":[{"@type":"ListItem","position":1,"name":"Inici","item":"https:\/\/temporada-alta.com\/en\/"},{"@type":"ListItem","position":2,"name":"2006 Edition"}]},{"@type":"WebSite","@id":"https:\/\/temporada-alta.com\/en\/#website","url":"https:\/\/temporada-alta.com\/en\/","name":"Temporada Alta","description":"Festival d&#039;Arts Esc\u00e8niques","publisher":{"@id":"https:\/\/temporada-alta.com\/en\/#organization"},"potentialAction":[{"@type":"SearchAction","target":{"@type":"EntryPoint","urlTemplate":"https:\/\/temporada-alta.com\/en\/?s={search_term_string}"},"query-input":{"@type":"PropertyValueSpecification","valueRequired":true,"valueName":"search_term_string"}}],"inLanguage":"en-US"},{"@type":"Organization","@id":"https:\/\/temporada-alta.com\/en\/#organization","name":"Temporada Alta","url":"https:\/\/temporada-alta.com\/en\/","logo":{"@type":"ImageObject","inLanguage":"en-US","@id":"https:\/\/temporada-alta.com\/en\/#\/schema\/logo\/image\/","url":"https:\/\/temporada-alta.com\/wp-content\/uploads\/TA21-Logotip-pos.png","contentUrl":"https:\/\/temporada-alta.com\/wp-content\/uploads\/TA21-Logotip-pos.png","width":800,"height":267,"caption":"Temporada Alta"},"image":{"@id":"https:\/\/temporada-alta.com\/en\/#\/schema\/logo\/image\/"}}]}},"_links":{"self":[{"href":"https:\/\/temporada-alta.com\/en\/wp-json\/wp\/v2\/pages\/98446","targetHints":{"allow":["GET"]}}],"collection":[{"href":"https:\/\/temporada-alta.com\/en\/wp-json\/wp\/v2\/pages"}],"about":[{"href":"https:\/\/temporada-alta.com\/en\/wp-json\/wp\/v2\/types\/page"}],"author":[{"embeddable":true,"href":"https:\/\/temporada-alta.com\/en\/wp-json\/wp\/v2\/users\/35132"}],"replies":[{"embeddable":true,"href":"https:\/\/temporada-alta.com\/en\/wp-json\/wp\/v2\/comments?post=98446"}],"version-history":[{"count":2,"href":"https:\/\/temporada-alta.com\/en\/wp-json\/wp\/v2\/pages\/98446\/revisions"}],"predecessor-version":[{"id":98450,"href":"https:\/\/temporada-alta.com\/en\/wp-json\/wp\/v2\/pages\/98446\/revisions\/98450"}],"wp:attachment":[{"href":"https:\/\/temporada-alta.com\/en\/wp-json\/wp\/v2\/media?parent=98446"}],"curies":[{"name":"wp","href":"https:\/\/api.w.org\/{rel}","templated":true}]}}

<div id="modal-ready">
<h3 class="wp-block-heading"><strong>Temporada Alta, Autumn Festival of Catalonia</strong></h3>



<p>We officially become the Autumn Festival of Catalonia. In the same year, the refurbished Girona Municipal Theatre is inaugurated with the show titled <em>La nit just abans dels boscos</em> by Àlex Rigola, with a high-quality cast including Josep Maria Pou, Pere Arquillué, Francesc Orella, Andreu Benito, Jordi Bosch and Lluís Homar.</p>



<p>Shows:<strong>&nbsp;68</strong>&nbsp;<br>Co-productions: <strong>21</strong><br>Premières:<strong>&nbsp;42</strong><br>Spectators: <strong>32.425&nbsp;</strong>(total) / <strong>91,65%</strong>&nbsp;(tickets sold)<br>Halles: <strong>8</strong>&nbsp;(+ cinema)<br>Budget: <strong>1.427.239,45</strong>&nbsp;€</p>



<div class="wp-block-columns are-vertically-aligned-center is-layout-flex wp-container-core-columns-is-layout-28f84493 wp-block-columns-is-layout-flex">
<div class="wp-block-column is-vertically-aligned-center is-layout-flow wp-block-column-is-layout-flow">
<figure class="wp-block-image size-full is-resized"><img loading="lazy" decoding="async" width="600" height="354" src="https://temporada-alta.com/wp-content/uploads/TA2006.jpg" alt="" class="wp-image-31548" style="width:423px;height:auto" srcset="https://temporada-alta.com/wp-content/uploads/TA2006.jpg 600w, https://temporada-alta.com/wp-content/uploads/TA2006-300x177.jpg 300w" sizes="auto, (max-width: 600px) 100vw, 600px" /></figure>
</div>



<div class="wp-block-column is-vertically-aligned-center is-layout-flow wp-block-column-is-layout-flow">
<h2 class="wp-block-heading" style="margin-top:0;margin-bottom:0;padding-top:0;padding-bottom:0"><span style="font-size: 2.14286rem; text-transform: inherit;"><strong>Poster 2006, Joan Fontcuberta</strong></span></h2>



<p style="margin-top:0;margin-bottom:0;padding-top:0;padding-bottom:0">Leonard Beard has developed artistically in Catalonia, living and working for the last fifteen years in Vilanant (Alt Empordà). Self-taught, he began to exhibit his work in Girona at the beginning of the 80s. Since 1985 (Centre Cívic de Gràcia) he has periodically exhibited work in Barcelona: Galeria Arteunida (1987), Sala Parès (1991 and 1994), Galeria Trama (1995 and 1996) and Galeria Maria José Castellví (2002), as well as in other places in Catalonia: Reus, Granollers, Girona and Figueres. He also exhibited work in the Commenoz Gallery (Miami, USA) in 1994 and 1995. He has taken part in collective exhibitions throughout Spain, Italy, Greece and Japan. He was taught the secrets of calcographic techniques (printing, serigraphy) by Joan Barbarà in 1994. Today he also sends in drawings to El Periódico de Catalunya and illustrates texts by Joan Barril and David Trueba in the supplement EL Dominical.</p>



<p style="margin-top:0;margin-bottom:0;padding-top:0;padding-bottom:0"></p>
</div>
</div>



<p><a href="https://drive.google.com/file/d/1Bt0s0ixCfcp27Vy5_7QYT0ceT9c924p_/view?usp=sharing">Download poster</a></p>



<p></p>
</div>

<!-- This site is optimized with the Yoast SEO plugin v27.0 - https://yoast.com/product/yoast-seo-wordpress/ -->
<title>2006 Edition - Temporada Alta</title>
<meta name="robots" content="index, follow, max-snippet:-1, max-image-preview:large, max-video-preview:-1" />
<link rel="canonical" href="https://temporada-alta.com/en/2006-edition/" />
<meta property="og:locale" content="en_US" />
<meta property="og:type" content="article" />
<meta property="og:title" content="2006 Edition - Temporada Alta" />
<meta property="og:description" content="Temporada Alta, Autumn Festival of Catalonia We officially become the Autumn Festival of Catalonia. In the same year,..." />
<meta property="og:url" content="https://temporada-alta.com/en/2006-edition/" />
<meta property="og:site_name" content="Temporada Alta" />
<meta property="article:modified_time" content="2025-02-24T14:48:29+00:00" />
<meta property="og:image" content="https://temporada-alta.com/wp-content/uploads/TA2006.jpg" />
	<meta property="og:image:width" content="600" />
	<meta property="og:image:height" content="354" />
	<meta property="og:image:type" content="image/jpeg" />
<meta name="twitter:card" content="summary_large_image" />
<script type="application/ld+json" class="yoast-schema-graph">{"@context":"https://schema.org","@graph":[{"@type":"WebPage","@id":"https://temporada-alta.com/en/2006-edition/","url":"https://temporada-alta.com/en/2006-edition/","name":"2006 Edition - Temporada Alta","isPartOf":{"@id":"https://temporada-alta.com/en/#website"},"primaryImageOfPage":{"@id":"https://temporada-alta.com/en/2006-edition/#primaryimage"},"image":{"@id":"https://temporada-alta.com/en/2006-edition/#primaryimage"},"thumbnailUrl":"https://temporada-alta.com/wp-content/uploads/TA2006.jpg","datePublished":"2024-11-18T08:35:43+00:00","dateModified":"2025-02-24T14:48:29+00:00","breadcrumb":{"@id":"https://temporada-alta.com/en/2006-edition/#breadcrumb"},"inLanguage":"en-US","potentialAction":[{"@type":"ReadAction","target":["https://temporada-alta.com/en/2006-edition/"]}]},{"@type":"ImageObject","inLanguage":"en-US","@id":"https://temporada-alta.com/en/2006-edition/#primaryimage","url":"https://temporada-alta.com/wp-content/uploads/TA2006.jpg","contentUrl":"https://temporada-alta.com/wp-content/uploads/TA2006.jpg"},{"@type":"BreadcrumbList","@id":"https://temporada-alta.com/en/2006-edition/#breadcrumb","itemListElement":[{"@type":"ListItem","position":1,"name":"Inici","item":"https://temporada-alta.com/en/"},{"@type":"ListItem","position":2,"name":"2006 Edition"}]},{"@type":"WebSite","@id":"https://temporada-alta.com/en/#website","url":"https://temporada-alta.com/en/","name":"Temporada Alta","description":"Festival d&#039;Arts Escèniques","publisher":{"@id":"https://temporada-alta.com/en/#organization"},"potentialAction":[{"@type":"SearchAction","target":{"@type":"EntryPoint","urlTemplate":"https://temporada-alta.com/en/?s={search_term_string}"},"query-input":{"@type":"PropertyValueSpecification","valueRequired":true,"valueName":"search_term_string"}}],"inLanguage":"en-US"},{"@type":"Organization","@id":"https://temporada-alta.com/en/#organization","name":"Temporada Alta","url":"https://temporada-alta.com/en/","logo":{"@type":"ImageObject","inLanguage":"en-US","@id":"https://temporada-alta.com/en/#/schema/logo/image/","url":"https://temporada-alta.com/wp-content/uploads/TA21-Logotip-pos.png","contentUrl":"https://temporada-alta.com/wp-content/uploads/TA21-Logotip-pos.png","width":800,"height":267,"caption":"Temporada Alta"},"image":{"@id":"https://temporada-alta.com/en/#/schema/logo/image/"}}]}</script>
<!-- / Yoast SEO plugin. -->

Festival d&#039;Arts Escèniques
